000
CXUS53 KLMK 240800
CF6BWG
PRELIMINARY LOCAL CLIMATOLOGICAL DATA (WS FORM: F-6)

                                          STATION:   BOWLING GREEN KY
                                          MONTH:     DECEMBER
                                          YEAR:      2014
                                          LATITUDE:   36 58 N
                                          LONGITUDE:  86 26 W

  TEMPERATURE IN F:       :PCPN:    SNOW:  WIND      :SUNSHINE: SKY     :PK WND
================================================================================
1   2   3   4   5  6A  6B    7    8   9   10  11  12  13   14  15   16   17  18
                                     12Z  AVG MX 2MIN
DY MAX MIN AVG DEP HDD CDD  WTR  SNW DPTH SPD SPD DIR MIN PSBL S-S WX    SPD DR
================================================================================

 1  62  38  50   7  15   0 0.07  0.0    0  8.0 17  40   M    M   9 18     20  40
 2  44  38  41  -1  24   0 0.00  0.0    0  4.5  9 240   M    M  10 1      13 230
 3  44  34  39  -3  26   0 0.00  0.0    0  4.6 14 260   M    M   6 18     18 250
 4  46  38  42   0  23   0 0.16  0.0    0  4.9 10  60   M    M  10 1      14  60
 5  64  46  55  14  10   0 0.63  0.0    0  6.0 28 180   M    M  10 1      33 180
 6  61  42  52  11  13   0 0.19  0.0    0 10.6 20 180   M    M  10 1      26 190
 7  48  38  43   2  22   0 0.00  0.0    0  8.5 16  60   M    M   5        24  90
 8  53  36  45   5  20   0 0.00  0.0    0  5.2 17 230   M    M   4        22 230
 9  46  38  42   2  23   0 0.00  0.0    0  8.3 15 330   M    M  10        24 320
10  45  36  41   1  24   0 0.00  0.0    0  5.3 10 310   M    M  10        13 340
11  42  27  35  -4  30   0 0.00  0.0    0  3.2  9  30   M    M   5        13 340
12  47  22  35  -4  30   0 0.00  0.0    0  0.6  6 320   M    M   2 18      9 310
13  48  38  43   4  22   0 0.00  0.0    0  2.2  7 190   M    M  10         8 190
14  52  36  44   5  21   0 0.00  0.0    0  1.4  7 100   M    M  10 18      9  90
15  56  41  49  11  16   0 0.01  0.0    0  8.3 20 190   M    M  10 18     26 200
16  57  39  48  10  17   0 0.02  0.0    0 11.2 20 240   M    M  10        26 240
17  42  27  35  -3  30   0 0.00  0.0    0  4.8 12 310   M    M   5        15 320
18  36  30  33  -5  32   0 0.02    T    0  1.9  7 340   M    M   9 48     11 350
19  42  29  36  -2  29   0 0.00  0.0    0  3.3  9  50   M    M   4 18     10  60
20  43  26  35  -2  30   0 0.00  0.0    0  1.3  8  40   M    M   6 18     10  50
21  51  22  37   0  28   0 0.00  0.0    0  4.1 10  60   M    M   2 18     19 350
22  56  31  44   7  21   0 0.04  0.0    0  7.6 17 180   M    M   8        24 180
23  58  51  55  18  10   0 0.10  0.0    0  8.2 23 130   M    M  10 1      32 130
================================================================================
SM 1143  803       516   0  1.24    T    124.0          M      175
================================================================================
AV 49.7 34.9                               5.4 FASTST   M    M   8    MAX(MPH)
                                 MISC ---->  # 28 180               # 33  180
================================================================================
NOTES:
# LAST OF SEVERAL OCCURRENCES

COLUMN 17 PEAK WIND IN M.P.H.

PRELIMINARY LOCAL CLIMATOLOGICAL DATA (WS FORM: F-6) , PAGE 2

                                          STATION:  BOWLING GREEN KY
                                          MONTH:    DECEMBER
                                          YEAR:     2014
                                          LATITUDE:   36 58 N
                                          LONGITUDE:  86 26 W

[TEMPERATURE DATA]      [PRECIPITATION DATA]       SYMBOLS USED IN COLUMN 16

AVERAGE MONTHLY: 42.3   TOTAL FOR MONTH:   1.24    1 = FOG OR MIST
DPTR FM NORMAL:   2.9   DPTR FM NORMAL:   -2.45    2 = FOG REDUCING VISIBILITY
HIGHEST:    64 ON  5    GRTST 24HR  0.82 ON  5- 6      TO 1/4 MILE OR LESS
LOWEST:     22 ON 21,12                            3 = THUNDER
                        SNOW, ICE PELLETS, HAIL    4 = ICE PELLETS
                        TOTAL MONTH:    T          5 = HAIL
                        GRTST 24HR    T  ON 18-18  6 = FREEZING RAIN OR DRIZZLE
                        GRTST DEPTH:   0           7 = DUSTSTORM OR SANDSTORM:
                                                       VSBY 1/2 MILE OR LESS
                                                   8 = SMOKE OR HAZE
[NO. OF DAYS WITH]      [WEATHER - DAYS WITH]      9 = BLOWING SNOW
                                                   X = TORNADO
MAX 32 OR BELOW:   0    0.01 INCH OR MORE:   9
MAX 90 OR ABOVE:   0    0.10 INCH OR MORE:   4
MIN 32 OR BELOW:   8    0.50 INCH OR MORE:   1
MIN  0 OR BELOW:   0    1.00 INCH OR MORE:   0

[HDD (BASE 65) ]
TOTAL THIS MO.   516    CLEAR  (SCALE 0-3)   2
DPTR FM NORMAL   -73    PTCLDY (SCALE 4-7)   7
TOTAL FM JUL 1  1413    CLOUDY (SCALE 8-10) 14
DPTR FM NORMAL    61

[CDD (BASE 65) ]
TOTAL THIS MO.     0
DPTR FM NORMAL     0    [PRESSURE DATA]
TOTAL FM JAN 1  1488    HIGHEST SLP M ON M
DPTR FM NORMAL    -3    LOWEST  SLP 29.65 ON 23

[REMARKS]
