000
CXUS55 KRIW 270901
CF6BYG
PRELIMINARY LOCAL CLIMATOLOGICAL DATA (WS FORM: F-6)

                                          STATION:   BUFFALO WY
                                          MONTH:     AUGUST
                                          YEAR:      2014
                                          LATITUDE:   44 22 N
                                          LONGITUDE: 106 43 W

  TEMPERATURE IN F:       :PCPN:    SNOW:  WIND      :SUNSHINE: SKY     :PK WND
================================================================================
1   2   3   4   5  6A  6B    7    8   9   10  11  12  13   14  15   16   17  18
                                     12Z  AVG MX 2MIN
DY MAX MIN AVG DEP HDD CDD  WTR  SNW DPTH SPD SPD DIR MIN PSBL S-S WX    SPD DR
================================================================================

 1  89  60  75   3   0  10 0.00  0.0    0 10.5 30 260   M    M   0        37 260
 2  86  61  74   2   0   9 0.01  0.0    0  6.7 10 110   M    M   5        18 110
 3  87  60  74   2   0   9    T  0.0    0  8.3 20 270   M    M   1 3      25 270
 4  78  61  70  -2   0   5 0.07  0.0    0  9.7 20 200   M    M   3 1      25 210
 5  78  58  68  -4   0   3 0.36  0.0    0  6.7 22 340   M    M   6 13     27 340
 6  75  59  67  -5   0   2    T  0.0    0  8.2 18 240   M    M   4        27 330
 7  85  58  72   0   0   7 0.00  0.0    0  5.4 13 170   M    M   2        17 150
 8  85  59  72   0   0   7 0.00  0.0    0  6.0 13  70   M    M   1        16  30
 9  76  58  67  -4   0   2 0.01  0.0    0 14.0 32 330   M    M   4        42 330
10  85  54  70  -1   0   5 0.00  0.0    0  6.1 14 120   M    M   1        19 130
11  89  54  72   1   0   7    T  0.0    0  6.3 14 350   M    M   1        17 140
12  94  59  77   6   0  12 0.00  0.0    0  4.5 13 140   M    M   0 3      18 120
13  89  65  77   6   0  12 0.00  0.0    0  8.9 21 350   M    M   0        25 350
14  77  56  67  -4   0   2    T  0.0    0  7.9 21 350   M    M   6        28 340
15  86  54  70   0   0   5 0.31  0.0    0  7.8 24 330   M    M   0 38     33 320
16  85  55  70   0   0   5 0.00  0.0    0  8.8 18 150   M    M   2        24 130
17  84  54  69  -1   0   4 0.00  0.0    0  9.2 18 350   M    M   0        26 340
18  83  54  69  -1   0   4    T  0.0    0  6.4 17 350   M    M   0        24 340
19  88  57  73   3   0   8 0.04  0.0    0  6.8 24 340   M    M   2        31 330
20  78  59  69   0   0   4    T  0.0    0 11.0 26 350   M    M   6        37 350
21  73  52  63  -6   2   0 0.12  0.0    0 10.1 21 340   M    M   5 13     28 330
22  72  55  64  -5   1   0 0.46  0.0    0  6.2 17 160   M    M   9 13     25 350
23  65  48  57 -11   8   0 0.71  0.0    0 10.1 24 340   M    M  10 13     37 340
24  58  44  51 -17  14   0 0.00  0.0    0 11.5 22 350   M    M   7        28 330
25  61  45  53 -15  12   0    T  0.0    0  6.2 16 330   M    M   5        25 330
26  74  46  60  -7   5   0 0.00  0.0    0  6.5 15  10   M    M   2        21  10
================================================================================
SM 2080 1445        42 122  2.09     0.0 209.8          M       82
================================================================================
AV 80.0 55.6                               8.1 FASTST   M    M   3    MAX(MPH)
                                 MISC ---->  # 32 330               # 42  330
================================================================================
NOTES:
# LAST OF SEVERAL OCCURRENCES

COLUMN 17 PEAK WIND IN M.P.H.

PRELIMINARY LOCAL CLIMATOLOGICAL DATA (WS FORM: F-6) , PAGE 2

                                          STATION:  BUFFALO WY
                                          MONTH:    AUGUST
                                          YEAR:     2014
                                          LATITUDE:   44 22 N
                                          LONGITUDE: 106 43 W

[TEMPERATURE DATA]      [PRECIPITATION DATA]       SYMBOLS USED IN COLUMN 16

AVERAGE MONTHLY: 67.8   TOTAL FOR MONTH:   2.09    1 = FOG OR MIST
DPTR FM NORMAL:  -2.6   DPTR FM NORMAL:    1.36    2 = FOG REDUCING VISIBILITY
HIGHEST:    94 ON 12    GRTST 24HR  0.72 ON 22-23      TO 1/4 MILE OR LESS
LOWEST:     44 ON 24                               3 = THUNDER
                        SNOW, ICE PELLETS, HAIL    4 = ICE PELLETS
                        TOTAL MONTH:   0.0 INCH    5 = HAIL
                        GRTST 24HR     0.0         6 = FREEZING RAIN OR DRIZZLE
                        GRTST DEPTH:   0           7 = DUSTSTORM OR SANDSTORM:
                                                       VSBY 1/2 MILE OR LESS
                                                   8 = SMOKE OR HAZE
[NO. OF DAYS WITH]      [WEATHER - DAYS WITH]      9 = BLOWING SNOW
                                                   X = TORNADO
MAX 32 OR BELOW:   0    0.01 INCH OR MORE:   9
MAX 90 OR ABOVE:   1    0.10 INCH OR MORE:   5
MIN 32 OR BELOW:   0    0.50 INCH OR MORE:   1
MIN  0 OR BELOW:   0    1.00 INCH OR MORE:   0

[HDD (BASE 65) ]
TOTAL THIS MO.    42    CLEAR  (SCALE 0-3)  14
DPTR FM NORMAL    13    PTCLDY (SCALE 4-7)  10
TOTAL FM JUL 1    53    CLOUDY (SCALE 8-10)  2
DPTR FM NORMAL    -1

[CDD (BASE 65) ]
TOTAL THIS MO.   122
DPTR FM NORMAL   -42    [PRESSURE DATA]
TOTAL FM JAN 1   327    HIGHEST SLP M ON M
DPTR FM NORMAL   -98    LOWEST  SLP 29.77 ON 20

[REMARKS]
