000
CXUS56 KTFX 011205
CF6BZN
PRELIMINARY LOCAL CLIMATOLOGICAL DATA (WS FORM: F-6)

                                          STATION:   BOZEMAN/GALLATIN FIELD MT
                                          MONTH:     JULY
                                          YEAR:      2015
                                          LATITUDE:   45 46 N
                                          LONGITUDE: 111  9 W

  TEMPERATURE IN F:       :PCPN:    SNOW:  WIND      :SUNSHINE: SKY     :PK WND
================================================================================
1   2   3   4   5  6A  6B    7    8   9   10  11  12  13   14  15   16   17  18
                                     12Z  AVG MX 2MIN
DY MAX MIN AVG DEP HDD CDD  WTR  SNW DPTH SPD SPD DIR MIN PSBL S-S WX    SPD DR
================================================================================

 1  91  40  66   0   0   1 0.00  0.0    0  5.7 15 320   M    M   1        21 180
 2  90  56  73   7   0   8 0.00  0.0    0  4.6 15 150   M    M   0 18     19 140
 3  92  57  75   8   0  10 0.00  0.0    0  4.7 13 160   M    M   0 8      18 250
 4  93  52  73   6   0   8 0.00  0.0    0  6.9 15 170   M    M   0        19 180
 5  68  55  62  -5   3   0 0.02  0.0    0  9.3 28 330   M    M   7 38     33 330
 6  82  53  68   0   0   3    T  0.0    0  3.0 18 140   M    M   5        23 140
 7  85  48  67  -1   0   2 0.07  0.0    0  5.8 31 320   M    M   2 13     38 330
 8  83  53  68   0   0   3 0.00  0.0    0  3.5 13  40   M    M   2 1      15  60
 9  88  48  68   0   0   3 0.00  0.0    0  5.2 26 190   M    M   0        32 190
10  84  53  69   0   0   4 0.01  0.0    0  6.4 29 190   M    M   3 3      36 180
11  80  57  69   0   0   4 0.03  0.0    0  5.3 24 180   M    M   7        28 190
12  82  52  67  -2   0   2 0.01  0.0    0  6.0 18 320   M    M   5        24 320
13  85  51  68  -1   0   3 0.08  0.0    0  6.5 35 240   M    M   1 3      45 220
14  82  48  65  -5   0   0 0.00  0.0    0  4.7 21 330   M    M   3 3      26 340
15  77  50  64  -6   1   0 0.01  0.0    0  5.3 18 230   M    M   3 3      22 230
16  83  45  64  -6   1   0 0.00  0.0    0  7.8 24 360   M    M   2 1      29 360
17  77  52  65  -5   0   0 0.00  0.0    0  9.4 24 290   M    M   5        31 310
18  75  49  62  -8   3   0 0.01  0.0    0  5.0 13 330   M    M   4        15 320
19  85  43  64  -6   1   0 0.00  0.0    0  5.1 18 250   M    M   1        29 270
20  89  51  70  -1   0   5    T  0.0    0  7.1 22 250   M    M   2 3      28 230
21  89  50  70  -1   0   5 0.28  0.0    0  5.7 38 260   M    M   1 3      45 270
22  85  48  67  -4   0   2 0.14  0.0    0  5.6 25 170   M    M   3 3      31 170
23  77  52  65  -6   0   0 0.55  0.0    0  4.3 30 210   M    M   6 13     41 190
24  85  48  67  -4   0   2 0.00  0.0    0  6.5 22 170   M    M   1        27 180
25  87  50  69  -2   0   4    T  0.0    0  6.7 31 210   M    M   1        40 200
26  87  50  69  -2   0   4 0.00  0.0    0  7.6 18 330   M    M   0        24 320
27  62  48  55 -16  10   0 0.57  0.0    0  9.1 29 310   M    M   7 138    36 260
28  71  45  58 -13   7   0 0.00  0.0    0  7.4 21 260   M    M   7        25 250
29  79  40  60 -11   5   0 0.00  0.0    0  6.0 14 160   M    M   0        16 310
30  87  45  66  -5   0   1 0.00  0.0    0  4.6 13 180   M    M   0        15 160
31  90  47  69  -2   0   4 0.00  0.0    0  4.6 14 150   M    M   0        17 350
================================================================================
SM 2570 1536        31  78  1.78     0.0 185.4          M       79
================================================================================
AV 82.9 49.5                               6.0 FASTST   M    M   3    MAX(MPH)
                                 MISC ---->  # 38 260               # 45  220
================================================================================
NOTES:
# LAST OF SEVERAL OCCURRENCES

COLUMN 17 PEAK WIND IN M.P.H.

PRELIMINARY LOCAL CLIMATOLOGICAL DATA (WS FORM: F-6) , PAGE 2

                                          STATION:  BOZEMAN/GALLATIN FIELD MT
                                          MONTH:    JULY
                                          YEAR:     2015
                                          LATITUDE:   45 46 N
                                          LONGITUDE: 111  9 W

[TEMPERATURE DATA]      [PRECIPITATION DATA]       SYMBOLS USED IN COLUMN 16

AVERAGE MONTHLY: 66.2   TOTAL FOR MONTH:   1.78    1 = FOG OR MIST
DPTR FM NORMAL:  -3.2   DPTR FM NORMAL:    0.66    2 = FOG REDUCING VISIBILITY
HIGHEST:    93 ON  4    GRTST 24HR  0.60 ON 22-23      TO 1/4 MILE OR LESS
LOWEST:     40 ON 29, 1                            3 = THUNDER
                        SNOW, ICE PELLETS, HAIL    4 = ICE PELLETS
                        TOTAL MONTH:   0.0 INCH    5 = HAIL
                        GRTST 24HR     0.0         6 = FREEZING RAIN OR DRIZZLE
                        GRTST DEPTH:   0           7 = DUSTSTORM OR SANDSTORM:
                                                       VSBY 1/2 MILE OR LESS
                                                   8 = SMOKE OR HAZE
[NO. OF DAYS WITH]      [WEATHER - DAYS WITH]      9 = BLOWING SNOW
                                                   X = TORNADO
MAX 32 OR BELOW:   0    0.01 INCH OR MORE:  12
MAX 90 OR ABOVE:   5    0.10 INCH OR MORE:   4
MIN 32 OR BELOW:   0    0.50 INCH OR MORE:   2
MIN  0 OR BELOW:   0    1.00 INCH OR MORE:   0

[HDD (BASE 65) ]
TOTAL THIS MO.    31    CLEAR  (SCALE 0-3)  20
DPTR FM NORMAL     3    PTCLDY (SCALE 4-7)  11
TOTAL FM JUL 1    31    CLOUDY (SCALE 8-10)  0
DPTR FM NORMAL     3

[CDD (BASE 65) ]
TOTAL THIS MO.    78
DPTR FM NORMAL   -88    [PRESSURE DATA]
TOTAL FM JAN 1   148    HIGHEST SLP 30.30 ON 29
DPTR FM NORMAL   -60    LOWEST  SLP 29.66 ON  4

[REMARKS]
#FINAL-07-15#
