000
CXUS55 KCAE 221400
CF6CAE
PRELIMINARY LOCAL CLIMATOLOGICAL DATA (WS FORM: F-6)

                                          STATION:   COLUMBIA METRO AIRPORT SC
                                          MONTH:     OCTOBER
                                          YEAR:      2017
                                          LATITUDE:   33 57 N
                                          LONGITUDE:  81  7 W

  TEMPERATURE IN F:       :PCPN:    SNOW:  WIND      :SUNSHINE: SKY     :PK WND
================================================================================
1   2   3   4   5  6A  6B    7    8   9   10  11  12  13   14  15   16   17  18
                                     12Z  AVG MX 2MIN
DY MAX MIN AVG DEP HDD CDD  WTR  SNW DPTH SPD SPD DIR MIN PSBL S-S WX    SPD DR
================================================================================

 1  77  59  68  -1   0   3 0.00  0.0    0 10.3 20  60   M    M   2        27  70
 2  83  59  71   2   0   6 0.00  0.0    0  6.6 13  70   M    M   4        17  20
 3  84  63  74   5   0   9 0.00  0.0    0  7.4 15 100   M    M   2        19  60
 4  84  61  73   5   0   8 0.00  0.0    0  4.8 15 110   M    M   2        22  80
 5  87  59  73   5   0   8 0.00  0.0    0  3.5 15 110   M    M   2        19 110
 6  88  59  74   6   0   9 0.00  0.0    0  4.3 14 130   M    M   3 1      20 100
 7  88  69  79  12   0  14 0.52  0.0    0  3.2  9 170   M    M   7 1      11 170
 8  89  76  83  16   0  18 0.13  0.0    0 10.3 23 150   M    M   9 18     30 140
 9  91  77  84  18   0  19    T  0.0    0  6.7 14 240   M    M   7        20 180
10  90  75  83  17   0  18 0.01  0.0    0  3.5 13 150   M    M   6 18     16 130
11  90  77  84  18   0  19 0.00  0.0    0  4.1  9 270   M    M   6 8      12 270
12  91  75  83  18   0  18 0.00  0.0    M  4.3 14  80   M    M   5 1      18  70
13  78  68  73   8   0   8 0.00  0.0    0  6.8 13  50   M    M   9 8      16  40
14  76  62  69   4   0   4 0.00  0.0    0  3.0  7  90   M    M   6 1       9  20
15  87  58  73   9   0   8 0.00  0.0    0  1.8  9 210   M    M   4 12     14 260
16  76  57  67   3   0   2 0.35  0.0    0  6.7 17  20   M    M   5 1      25  30
17  71  47  59  -5   6   0 0.00  0.0    0  5.4 17  50   M    M   2        24  50
18  74  40  57  -6   8   0 0.00  0.0    0  4.0 15  80   M    M   0 1      18  80
19  79  42  61  -2   4   0 0.00  0.0    0  1.1  8  30   M    M   2 1      10  20
20  82  43  63   0   2   0 0.00  0.0    0  1.3  6 260   M    M   0 1      11  50
21  81  47  64   2   1   0 0.00  0.0    0  2.1 10 130   M    M   5        13 110
================================================================================
SM 1746 1273        21 171  1.01     0.0 101.2          M       88
================================================================================
AV 83.1 60.6                               4.8 FASTST   M    M   4    MAX(MPH)
                                 MISC ---->  # 23 150               # 30  140
================================================================================
NOTES:
# LAST OF SEVERAL OCCURRENCES

COLUMN 17 PEAK WIND IN M.P.H.

PRELIMINARY LOCAL CLIMATOLOGICAL DATA (WS FORM: F-6) , PAGE 2

                                          STATION:  COLUMBIA METRO AIRPORT SC
                                          MONTH:    OCTOBER
                                          YEAR:     2017
                                          LATITUDE:   33 57 N
                                          LONGITUDE:  81  7 W

[TEMPERATURE DATA]      [PRECIPITATION DATA]       SYMBOLS USED IN COLUMN 16

AVERAGE MONTHLY: 71.9   TOTAL FOR MONTH:   1.01    1 = FOG OR MIST
DPTR FM NORMAL:   6.1   DPTR FM NORMAL:   -1.26    2 = FOG REDUCING VISIBILITY
HIGHEST:    91 ON 12, 9 GRTST 24HR  0.52 ON  7- 7      TO 1/4 MILE OR LESS
LOWEST:     40 ON 18                               3 = THUNDER
                        SNOW, ICE PELLETS, HAIL    4 = ICE PELLETS
                        TOTAL MONTH:   0.0 INCH    5 = HAIL
                        GRTST 24HR     0.0         6 = FREEZING RAIN OR DRIZZLE
                        GRTST DEPTH:   0           7 = DUSTSTORM OR SANDSTORM:
                                                       VSBY 1/2 MILE OR LESS
                                                   8 = SMOKE OR HAZE
[NO. OF DAYS WITH]      [WEATHER - DAYS WITH]      9 = BLOWING SNOW
                                                   X = TORNADO
MAX 32 OR BELOW:   0    0.01 INCH OR MORE:   4
MAX 90 OR ABOVE:   4    0.10 INCH OR MORE:   3
MIN 32 OR BELOW:   0    0.50 INCH OR MORE:   1
MIN  0 OR BELOW:   0    1.00 INCH OR MORE:   0

[HDD (BASE 65) ]
TOTAL THIS MO.    21    CLEAR  (SCALE 0-3)   9
DPTR FM NORMAL   -34    PTCLDY (SCALE 4-7)  10
TOTAL FM JUL 1    21    CLOUDY (SCALE 8-10)  2
DPTR FM NORMAL   -42

[CDD (BASE 65) ]
TOTAL THIS MO.   171
DPTR FM NORMAL    99    [PRESSURE DATA]
TOTAL FM JAN 1  2649    HIGHEST SLP M ON M
DPTR FM NORMAL   510    LOWEST  SLP 29.83 ON  8

[REMARKS]
