000
CXUS51 KCAR 230600
CF6CAR
PRELIMINARY LOCAL CLIMATOLOGICAL DATA (WS FORM: F-6)

                                          STATION:   CARIBOU ME
                                          MONTH:     JANUARY
                                          YEAR:      2017
                                          LATITUDE:   46 52 N
                                          LONGITUDE:  68  1 W

  TEMPERATURE IN F:       :PCPN:    SNOW:  WIND      :SUNSHINE: SKY     :PK WND
================================================================================
1   2   3   4   5  6A  6B    7    8   9   10  11  12  13   14  15   16   17  18
                                     12Z  AVG MX 2MIN
DY MAX MIN AVG DEP HDD CDD  WTR  SNW DPTH SPD SPD DIR MIN PSBL S-S WX    SPD DR
================================================================================

 1  23  11  17   5  48   0 0.13  0.7   28  4.5  9 290   M    M  10 18     14 290
 2  27   6  17   5  48   0 0.00  0.0   28  2.7  8 250   M    M   2 1       9 230
 3  23   2  13   1  52   0    T    T   25  5.7 15  80   M    M   7 1      21  70
 4  32  23  28  17  37   0 0.71  6.5   28  7.6 20  70   M    M  10 128    29  60
 5  32   9  21  10  44   0 0.01  0.3   30 12.5 32 250   M    M   6 189    44 260
 6  19  -2   9  -2  56   0 0.00  0.0   29  4.9 16 250   M    M   1        23 250
 7   8 -16  -4 -15  69   0    T    T   29  3.4  9  20   M    M   1 18     12 360
 8   7  -5   1 -10  64   0 0.03  0.5   29 11.7 20 320   M    M   5        26 330
 9   5 -15  -5 -15  70   0 0.00  0.0   29  5.6 10 300   M    M   1        14 280
10  33   1  17   7  48   0 0.03  0.3   28  8.2 26 160   M    M   6 1      36 160
11  45  30  38  28  27   0 0.36  1.7   28 18.4 33 240   M    M   5 1      45 160
12  42  36  39  29  26   0 0.19  0.0   25  9.0 18 160   M    M   7 12     28 180
13  42   2  22  12  43   0    T  0.2   21 15.4 31 300   M    M   6 1      42 290
14   9  -8   1  -9  64   0 0.00  0.0   21  6.5 14 300   M    M   3        20 310
15   9  -9   0 -10  65   0 0.00  0.0   21  6.1 21 320   M    M   3        28 330
16  29 -12   9  -1  56   0    T    T   20  5.6 14 170   M    M   8 8      18 260
17  27   4  16   6  49   0    T    T   20  7.4 18 330   M    M   2        25 360
18  20  -1  10   1  55   0    T    T   20  5.5 10 150   M    M   4        13 150
19  30  18  24  15  41   0 0.17  1.8   21  4.2 13 160   M    M  10 1      18 180
20  31  22  27  18  38   0 0.00  0.0   21  4.5 12 330   M    M   9        15 330
21  32  27  30  21  35   0    T    T   21  4.6 12 170   M    M  10        14 170
22  31  26  29  20  36   0 0.00  0.0   21  8.0 15  20   M    M  10        22  20
================================================================================
SM  556  149      1071   0  1.63    12.0 162.0          M      126
================================================================================
AV 25.3  6.8                               7.4 FASTST   M    M   6    MAX(MPH)
                                 MISC ---->  # 33 240               # 45  160
================================================================================
NOTES:
# LAST OF SEVERAL OCCURRENCES

COLUMN 17 PEAK WIND IN M.P.H.

PRELIMINARY LOCAL CLIMATOLOGICAL DATA (WS FORM: F-6) , PAGE 2

                                          STATION:  CARIBOU ME
                                          MONTH:    JANUARY
                                          YEAR:     2017
                                          LATITUDE:   46 52 N
                                          LONGITUDE:  68  1 W

[TEMPERATURE DATA]      [PRECIPITATION DATA]       SYMBOLS USED IN COLUMN 16

AVERAGE MONTHLY: 16.0   TOTAL FOR MONTH:   1.63    1 = FOG OR MIST
DPTR FM NORMAL:   5.8   DPTR FM NORMAL:   -0.32    2 = FOG REDUCING VISIBILITY
HIGHEST:    45 ON 11    GRTST 24HR  0.71 ON  4- 4      TO 1/4 MILE OR LESS
LOWEST:    -16 ON  7                               3 = THUNDER
                        SNOW, ICE PELLETS, HAIL    4 = ICE PELLETS
                        TOTAL MONTH:  12.0 INCHES  5 = HAIL
                        GRTST 24HR   6.5 ON  4- 4  6 = FREEZING RAIN OR DRIZZLE
                        GRTST DEPTH:  30 ON  5     7 = DUSTSTORM OR SANDSTORM:
                                                       VSBY 1/2 MILE OR LESS
                                                   8 = SMOKE OR HAZE
[NO. OF DAYS WITH]      [WEATHER - DAYS WITH]      9 = BLOWING SNOW
                                                   X = TORNADO
MAX 32 OR BELOW:  18    0.01 INCH OR MORE:   8
MAX 90 OR ABOVE:   0    0.10 INCH OR MORE:   5
MIN 32 OR BELOW:  21    0.50 INCH OR MORE:   1
MIN  0 OR BELOW:   8    1.00 INCH OR MORE:   0

[HDD (BASE 65) ]
TOTAL THIS MO.  1071    CLEAR  (SCALE 0-3)   7
DPTR FM NORMAL  -134    PTCLDY (SCALE 4-7)   9
TOTAL FM JUL 1  4251    CLOUDY (SCALE 8-10)  6
DPTR FM NORMAL  -548

[CDD (BASE 65) ]
TOTAL THIS MO.     0
DPTR FM NORMAL     0    [PRESSURE DATA]
TOTAL FM JAN 1     0    HIGHEST SLP M ON M
DPTR FM NORMAL     0    LOWEST  SLP 29.21 ON  4

[REMARKS]
