000
CXUS54 KLZK 221330
CF6CCA
PRELIMINARY LOCAL CLIMATOLOGICAL DATA (WS FORM: F-6)

                                          STATION:   Clinton
                                          MONTH:     MAY
                                          YEAR:      2015
                                          LATITUDE:   35 32 N
                                          LONGITUDE:  92 22 W

  TEMPERATURE IN F:       :PCPN:    SNOW:  WIND      :SUNSHINE: SKY     :PK WND
================================================================================
1   2   3   4   5  6A  6B    7    8   9   10  11  12  13   14  15   16   17  18
                                     12Z  AVG MX 2MIN
DY MAX MIN AVG DEP HDD CDD  WTR  SNW DPTH SPD SPD DIR MIN PSBL S-S WX    SPD DR
================================================================================

 1  73  41  57   M   8   0 0.00  0.0    0  1.2  7 170   M    M   0 1       M  M
 2  77  41  59   M   6   0 0.00  0.0    0  1.3  7 150   M    M   0 1       M  M
 3  82  45  64   M   1   0 0.00  0.0    0  2.7  9 150   M    M   1 18      M  M
 4  82  52  67   M   0   2 0.00  0.0    0  2.3  9 230   M    M   1 18     16 160
 5  82  55  69   M   0   4 0.00  0.0    0  3.4 12 100   M    M   3 1      20 150
 6  81  55  68   M   0   3 0.00  0.0    0  3.3 13 150   M    M   2 1      17 170
 7  82  57  70   M   0   5 0.00  0.0    0  2.2  9 150   M    M   3 1       M  M
 8  77  66  72   M   0   7 0.00  0.0    0  1.6  6 130   M    M   5 13      M  M
 9  72  64  68   M   0   3 0.10  0.0    0  1.1  6 100   M    M   7 13      M  M
10  75  63  69   M   0   4 1.76  0.0    0  2.9 10 150   M    M   6 138     M  M
11  75  55  65   M   0   0 1.09  0.0    0  2.7 10 240   M    M   6 13      M  M
12  70  48  59   M   6   0 0.00  0.0    0  1.4  8 330   M    M   0        17 330
13  70  45  58   M   7   0 0.00  0.0    0  2.0  9 110   M    M   2 1       M  M
14  79  57  68   M   0   3 0.09  0.0    0  2.0  9 150   M    M   5 1       M  M
15  81  63  72   M   0   7 0.03  0.0    0  1.6  6 120   M    M   3 13      M  M
16  79  68  74   M   0   9 0.05  0.0    0  3.1 10 140   M    M   7 13      M  M
17  81  64  73   M   0   8 1.04  0.0    0  3.5 10 210   M    M   5 13     17 150
18  84  64  74   M   0   9 0.00  0.0    0  0.8  6 160   M    M   4 1       M  M
19  77  63  70   M   0   5 0.00  0.0    0  3.0  6 130   M    M   3 1       M  M
20  82  59  71   M   0   6 2.53  0.0    0  4.7 10 330   M    M   8 3      18 330
21  66  48  57   M   8   0 0.00  0.0    0  4.0  9 310   M    M   5 1       M  M
================================================================================
SM 1627 1173        36  75  6.69     0.0  50.8          M       76
================================================================================
AV 77.5 55.9                               2.4 FASTST   M    M   4    MAX(MPH)
                                 MISC ---->    13   M                 20    M
================================================================================
NOTES:
# LAST OF SEVERAL OCCURRENCES

COLUMN 17 PEAK WIND IN M.P.H.

PRELIMINARY LOCAL CLIMATOLOGICAL DATA (WS FORM: F-6) , PAGE 2

                                          STATION:  Clinton
                                          MONTH:    MAY
                                          YEAR:     2015
                                          LATITUDE:   35 32 N
                                          LONGITUDE:  92 22 W

[TEMPERATURE DATA]      [PRECIPITATION DATA]       SYMBOLS USED IN COLUMN 16

AVERAGE MONTHLY: 66.7   TOTAL FOR MONTH:   6.69    1 = FOG OR MIST
DPTR FM NORMAL:     M   DPTR FM NORMAL:       M    2 = FOG REDUCING VISIBILITY
HIGHEST:    84 ON 18    GRTST 24HR  2.53 ON 20-20      TO 1/4 MILE OR LESS
LOWEST:     41 ON  2, 1                            3 = THUNDER
                        SNOW, ICE PELLETS, HAIL    4 = ICE PELLETS
                        TOTAL MONTH:   0.0 INCH    5 = HAIL
                        GRTST 24HR     0.0         6 = FREEZING RAIN OR DRIZZLE
                        GRTST DEPTH:   0           7 = DUSTSTORM OR SANDSTORM:
                                                       VSBY 1/2 MILE OR LESS
                                                   8 = SMOKE OR HAZE
[NO. OF DAYS WITH]      [WEATHER - DAYS WITH]      9 = BLOWING SNOW
                                                   X = TORNADO
MAX 32 OR BELOW:   0    0.01 INCH OR MORE:   8
MAX 90 OR ABOVE:   0    0.10 INCH OR MORE:   5
MIN 32 OR BELOW:   0    0.50 INCH OR MORE:   4
MIN  0 OR BELOW:   0    1.00 INCH OR MORE:   4

[HDD (BASE 65) ]
TOTAL THIS MO.    36    CLEAR  (SCALE 0-3)  10
DPTR FM NORMAL     M    PTCLDY (SCALE 4-7)  11
TOTAL FM JUL 1  3751    CLOUDY (SCALE 8-10)  0
DPTR FM NORMAL     M

[CDD (BASE 65) ]
TOTAL THIS MO.    75
DPTR FM NORMAL     M    [PRESSURE DATA]
TOTAL FM JAN 1    99    HIGHEST SLP M ON M
DPTR FM NORMAL     M    LOWEST  SLP M ON M

[REMARKS]
