000
CXUS54 KLZK 241130
CF6CCA
PRELIMINARY LOCAL CLIMATOLOGICAL DATA (WS FORM: F-6)

                                          STATION:   Clinton
                                          MONTH:     MAY
                                          YEAR:      2016
                                          LATITUDE:   35 32 N
                                          LONGITUDE:  92 22 W

  TEMPERATURE IN F:       :PCPN:    SNOW:  WIND      :SUNSHINE: SKY     :PK WND
================================================================================
1   2   3   4   5  6A  6B    7    8   9   10  11  12  13   14  15   16   17  18
                                     12Z  AVG MX 2MIN
DY MAX MIN AVG DEP HDD CDD  WTR  SNW DPTH SPD SPD DIR MIN PSBL S-S WX    SPD DR
================================================================================

 1   M   M   M   M   M   M    M    M    M   M   M   M   M    M   M         M  M
 2   M   M   M   M   M   M    M    M    M   M   M   M   M    M   M         M  M
 3   M   M   M   M   M   M    M    M    M   M   M   M   M    M   M         M  M
 4  77  48  63   M   2   0 0.00    M    M  5.4 14 290   M    M   0        25 290
 5  75  41  58   M   7   0 0.00    M    M  3.5 16 300   M    M   0 1      22 300
 6  77  41  59   M   6   0 0.00    M    M  0.0  M   M   M    M   0 1       M  M
 7  84  46  65   M   0   0 0.00    M    M  1.8 10 230   M    M   0 1       M  M
 8  79  50  65   M   0   0 0.00    M    M  1.5 13 180   M    M   1        18 180
 9  68  63  66   M   0   1 0.27    M    M  2.6  9 190   M    M   6 13     23 170
10  84  59  72   M   0   7 0.00    M    M  2.8  9 240   M    M   6 12     20 200
11  86  64  75   M   0  10 0.00    M    M  2.9 10 180   M    M   3 1      17 180
12  79  52  66   M   0   1 0.20    M    M  2.7 12 290   M    M   4 13     18 330
13  79  46  63   M   2   0 0.00    M    M  1.2  9 240   M    M   1 18      M  M
14  66  52  59   M   6   0 0.00    M    M  4.5 15 330   M    M   2        22 310
15  68  46  57   M   8   0 0.00    M    M  1.6  8  90   M    M   3         M  M
16  63  57  60   M   5   0 0.02    M    M  1.3  5 120   M    M  10         M  M
17  75  55  65   M   0   0 0.17    M    M  2.1  8 350   M    M   9 1       M  M
18  66  50  58   M   7   0 0.00    M    M  1.8  7  60   M    M   8         M  M
19  70  48  59   M   6   0 0.29    M    M  1.4  9  90   M    M   3         M  M
20  72  55  64   M   1   0 0.01    M    M  0.4  6 320   M    M   9         M  M
21  77  55  66   M   0   1 0.00    M    M  0.0  M   M   M    M   2 1       M  M
22  81  54  68   M   0   3 0.00    M    M  0.0  M   M   M    M   0 18      M  M
23  81  50  66   M   0   1 0.00  0.0    0  1.3 10 170   M    M   1 1       M  M
================================================================================
SM 1507 1032        50  24  0.96     0.0  38.8          M       68
================================================================================
AV 75.3 51.6                               1.9 FASTST   M    M   3    MAX(MPH)
                                 MISC ---->    16   M                 25    M
================================================================================
NOTES:
# LAST OF SEVERAL OCCURRENCES

COLUMN 17 PEAK WIND IN M.P.H.

PRELIMINARY LOCAL CLIMATOLOGICAL DATA (WS FORM: F-6) , PAGE 2

                                          STATION:  Clinton
                                          MONTH:    MAY
                                          YEAR:     2016
                                          LATITUDE:   35 32 N
                                          LONGITUDE:  92 22 W

[TEMPERATURE DATA]      [PRECIPITATION DATA]       SYMBOLS USED IN COLUMN 16

AVERAGE MONTHLY: 63.5   TOTAL FOR MONTH:   0.96    1 = FOG OR MIST
DPTR FM NORMAL:     M   DPTR FM NORMAL:       M    2 = FOG REDUCING VISIBILITY
HIGHEST:    86 ON 11    GRTST 24HR  0.29 ON 19-19      TO 1/4 MILE OR LESS
LOWEST:     41 ON  6, 5                            3 = THUNDER
                        SNOW, ICE PELLETS, HAIL    4 = ICE PELLETS
                        TOTAL MONTH:   0.0 INCH    5 = HAIL
                        GRTST 24HR     0.0         6 = FREEZING RAIN OR DRIZZLE
                        GRTST DEPTH:   0           7 = DUSTSTORM OR SANDSTORM:
                                                       VSBY 1/2 MILE OR LESS
                                                   8 = SMOKE OR HAZE
[NO. OF DAYS WITH]      [WEATHER - DAYS WITH]      9 = BLOWING SNOW
                                                   X = TORNADO
MAX 32 OR BELOW:   0    0.01 INCH OR MORE:   6
MAX 90 OR ABOVE:   0    0.10 INCH OR MORE:   4
MIN 32 OR BELOW:   0    0.50 INCH OR MORE:   0
MIN  0 OR BELOW:   0    1.00 INCH OR MORE:   0

[HDD (BASE 65) ]
TOTAL THIS MO.    50    CLEAR  (SCALE 0-3)  11
DPTR FM NORMAL     M    PTCLDY (SCALE 4-7)   6
TOTAL FM JUL 1  2333    CLOUDY (SCALE 8-10)  3
DPTR FM NORMAL     M

[CDD (BASE 65) ]
TOTAL THIS MO.    24
DPTR FM NORMAL     M    [PRESSURE DATA]
TOTAL FM JAN 1    38    HIGHEST SLP M ON M
DPTR FM NORMAL     M    LOWEST  SLP M ON M

[REMARKS]
