000
CXUS54 KLZK 251130
CF6CCA
PRELIMINARY LOCAL CLIMATOLOGICAL DATA (WS FORM: F-6)

                                          STATION:   Clinton
                                          MONTH:     SEPTEMBER
                                          YEAR:      2016
                                          LATITUDE:   35 32 N
                                          LONGITUDE:  92 22 W

  TEMPERATURE IN F:       :PCPN:    SNOW:  WIND      :SUNSHINE: SKY     :PK WND
================================================================================
1   2   3   4   5  6A  6B    7    8   9   10  11  12  13   14  15   16   17  18
                                     12Z  AVG MX 2MIN
DY MAX MIN AVG DEP HDD CDD  WTR  SNW DPTH SPD SPD DIR MIN PSBL S-S WX    SPD DR
================================================================================

 1  84  64  74   M   0   9 0.00  0.0    0  1.0  6  99   M    M   3 1      12  99
 2  81  61  71   M   0   6 0.00  0.0    0  1.6  7  99   M    M   3        15  99
 3  82  57  70   M   0   5 0.00  0.0    0  0.9  5 120   M    M   3        12  99
 4  88  55  72   M   0   7 0.00  0.0    0  1.2  7 150   M    M   1 1      12  99
 5  93  64  79   M   0  14 0.00  0.0    0  1.7  6 140   M    M   2 1       M  M
 6  91  72  82   M   0  17 0.00  0.0    0  1.6  8 190   M    M   4 1      12 230
 7  91  72  82   M   0  17 0.00  0.0    0  2.4 10 210   M    M   4 12     13  99
 8  93  72  83   M   0  18 0.00  0.0    0  2.9 10 200   M    M   3 12     16 220
 9  93  72  83   M   0  18 0.00  0.0    0  2.8  9 170   M    M   3 1      16 220
10  81  57  69   M   0   4 0.00  0.0    0  4.1 13 310   M    M   2 1      24 320
11  81  54  68   M   0   3 0.00  0.0    0  1.6  6  99   M    M   1 18      M  M
12  86  54  70   M   0   5 0.00  0.0    0  1.3  7  99   M    M   4 1       M  M
13  90  64  77   M   0  12 0.00  0.0    0  0.4  5  99   M    M   3 18     12   0
14  90  70  80   M   0  15 0.00  0.0    0  0.8  9 330   M    M   5        16 330
15  90  70  80   M   0  15 0.00  0.0    0  1.2  6 320   M    M   5 1       M  M
16  90  68  79   M   0  14 0.00  0.0    0  1.9  9 330   M    M   4 138    25 330
17  86  70  78   M   0  13 0.00  0.0    0  0.8  6  99   M    M   5 1       M  M
18  84  66  75   M   0  10 0.00  0.0    0  0.9  6 120   M    M   0 13      M  M
19  88  63  76   M   0  11 0.00  0.0    0  0.4  6  99   M    M   1 12      M  M
20  90  64  77   M   0  12 0.00  0.0    0  0.1  4  99   M    M   3 1       M  M
21  88  63  76   M   0  11 0.00  0.0    0  0.6  6 140   M    M   3 18      M  M
22  90  63  77   M   0  12 0.00  0.0    0  1.0  6  99   M    M   3 1      12 210
23  90  63  77   M   0  12 0.00  0.0    0  0.7  5 220   M    M   2 1       M  M
24  91  66  79   M   0  14 0.00  0.0    0  1.2  6 150   M    M   2 1       M  M
================================================================================
SM 2111 1544         0 274  0.00     0.0  33.1          M       69
================================================================================
AV 88.0 64.3                               1.4 FASTST   M    M   3    MAX(MPH)
                                 MISC ---->    13   M                 25    M
================================================================================
NOTES:
# LAST OF SEVERAL OCCURRENCES

COLUMN 17 PEAK WIND IN M.P.H.

PRELIMINARY LOCAL CLIMATOLOGICAL DATA (WS FORM: F-6) , PAGE 2

                                          STATION:  Clinton
                                          MONTH:    SEPTEMBER
                                          YEAR:     2016
                                          LATITUDE:   35 32 N
                                          LONGITUDE:  92 22 W

[TEMPERATURE DATA]      [PRECIPITATION DATA]       SYMBOLS USED IN COLUMN 16

AVERAGE MONTHLY: 76.1   TOTAL FOR MONTH:   0.00    1 = FOG OR MIST
DPTR FM NORMAL:     M   DPTR FM NORMAL:       M    2 = FOG REDUCING VISIBILITY
HIGHEST:    93 ON  9, 8 GRTST 24HR  0.00 ON 24-24      TO 1/4 MILE OR LESS
LOWEST:     54 ON 12,11                            3 = THUNDER
                        SNOW, ICE PELLETS, HAIL    4 = ICE PELLETS
                        TOTAL MONTH:   0.0 INCH    5 = HAIL
                        GRTST 24HR     0.0         6 = FREEZING RAIN OR DRIZZLE
                        GRTST DEPTH:   0           7 = DUSTSTORM OR SANDSTORM:
                                                       VSBY 1/2 MILE OR LESS
                                                   8 = SMOKE OR HAZE
[NO. OF DAYS WITH]      [WEATHER - DAYS WITH]      9 = BLOWING SNOW
                                                   X = TORNADO
MAX 32 OR BELOW:   0    0.01 INCH OR MORE:   0
MAX 90 OR ABOVE:  13    0.10 INCH OR MORE:   0
MIN 32 OR BELOW:   0    0.50 INCH OR MORE:   0
MIN  0 OR BELOW:   0    1.00 INCH OR MORE:   0

[HDD (BASE 65) ]
TOTAL THIS MO.     0    CLEAR  (SCALE 0-3)  14
DPTR FM NORMAL     M    PTCLDY (SCALE 4-7)  10
TOTAL FM JUL 1     0    CLOUDY (SCALE 8-10)  0
DPTR FM NORMAL     M

[CDD (BASE 65) ]
TOTAL THIS MO.   274
DPTR FM NORMAL     M    [PRESSURE DATA]
TOTAL FM JAN 1  1062    HIGHEST SLP M ON M
DPTR FM NORMAL     M    LOWEST  SLP M ON M

[REMARKS]
