000
CXUS54 KLZK 301130
CF6CCA
PRELIMINARY LOCAL CLIMATOLOGICAL DATA (WS FORM: F-6)

                                          STATION:   Clinton
                                          MONTH:     APRIL
                                          YEAR:      2016
                                          LATITUDE:   35 32 N
                                          LONGITUDE:  92 22 W

  TEMPERATURE IN F:       :PCPN:    SNOW:  WIND      :SUNSHINE: SKY     :PK WND
================================================================================
1   2   3   4   5  6A  6B    7    8   9   10  11  12  13   14  15   16   17  18
                                     12Z  AVG MX 2MIN
DY MAX MIN AVG DEP HDD CDD  WTR  SNW DPTH SPD SPD DIR MIN PSBL S-S WX    SPD DR
================================================================================

 1  59  39  49   M  16   0 0.00    M    M  3.3 13 320   M    M   0        21 310
 2  68  32  50   M  15   0 0.00    M    M  4.6 15 300   M    M   0 1      23 310
 3  75  36  56   M   9   0 0.00    M    M  2.7 13 230   M    M   0 18     23 190
 4  81  39  60   M   5   0 0.00    M    M  0.4  6 300   M    M   0 18      M  M
 5  68  41  55   M  10   0 0.00    M    M  3.7  9 100   M    M   0        16 100
 6  70  43  57   M   8   0 0.00    M    M  4.9 15 300   M    M   2 8      27 290
 7  75  39  57   M   8   0 0.02    M    M  5.2 16 290   M    M   0        24 320
 8  66  36  51   M  14   0 0.04    M    M  5.2 17 290   M    M   0        27 290
 9  66  36  51   M  14   0 0.00    M    M  2.4  8 140   M    M   1         M  M
10  77  48  63   M   2   0 0.00    M    M  7.1 18 190   M    M   5 18     31 190
11  70  48  59   M   6   0 0.00    M    M  1.2 10 330   M    M   4 13     20 350
12  66  41  54   M  11   0 0.00    M    M  1.7  8  90   M    M   0         M  M
13  63  41  52   M  13   0 0.00    M    M  0.8  7  90   M    M   2         M  M
14  68  45  57   M   8   0 0.00    M    M  0.7  7  80   M    M   7         M  M
15  68  54  61   M   4   0 0.00    M    M  1.5 10 110   M    M   9 1       M  M
16  64  57  61   M   4   0 0.00    M    M  0.8  6 110   M    M  10 1       M  M
17  77  55  66   M   0   1 0.00    M    M  2.7  9 100   M    M   5 18      M  M
18  75  57  66   M   0   1 0.00    M    M  2.5 12 150   M    M   7 18     21 150
19  64  57  61   M   4   0 0.00    M    M  1.1  8 110   M    M  10 1       M  M
20  72  57  65   M   0   0 0.00    M    M  0.2  5 150   M    M   8 12      M  M
21  77  54  66   M   0   1 0.00    M    M  1.5  9 200   M    M   5 12     21 200
22  77  46  62   M   3   0 0.00    M    M  1.9 10 300   M    M   1        17 300
23  81  46  64   M   1   0 0.00    M    M  0.3  5 130   M    M   0         M  M
24  81  48  65   M   0   0 0.00    M    M  3.2 10 150   M    M   2 1      17 180
25  77  52  65   M   0   0 0.00    M    M  2.7 12 150   M    M   5 1      16 150
26  81  61  71   M   0   6 0.00    M    M  1.9  9 150   M    M   8 13      M  M
27  72  66  69   M   0   4 0.00    M    M  1.2  4  80   M    M  10 3       M  M
28   M   M   M   M   M   M    M    M    M   M   M   M   M    M   M         M  M
29   M   M   M   M   M   M    M    M    M   M   M   M   M    M   M         M  M
================================================================================
SM 1938 1274       155  13  0.06    M     65.4          M      101
================================================================================
AV 71.8 47.2                               2.4 FASTST   M    M   4    MAX(MPH)
                                 MISC ---->    18   M                 31    M
================================================================================
NOTES:
# LAST OF SEVERAL OCCURRENCES

COLUMN 17 PEAK WIND IN M.P.H.

PRELIMINARY LOCAL CLIMATOLOGICAL DATA (WS FORM: F-6) , PAGE 2

                                          STATION:  Clinton
                                          MONTH:    APRIL
                                          YEAR:     2016
                                          LATITUDE:   35 32 N
                                          LONGITUDE:  92 22 W

[TEMPERATURE DATA]      [PRECIPITATION DATA]       SYMBOLS USED IN COLUMN 16

AVERAGE MONTHLY: 59.5   TOTAL FOR MONTH:   0.06    1 = FOG OR MIST
DPTR FM NORMAL:     M   DPTR FM NORMAL:       M    2 = FOG REDUCING VISIBILITY
HIGHEST:    81 ON 26,24 GRTST 24HR  0.04 ON  8- 8      TO 1/4 MILE OR LESS
LOWEST:     32 ON  2                               3 = THUNDER
                        SNOW, ICE PELLETS, HAIL    4 = ICE PELLETS
                        TOTAL MONTH:    M          5 = HAIL
                        GRTST 24HR    M  ON   M    6 = FREEZING RAIN OR DRIZZLE
                        GRTST DEPTH:  M  ON   M    7 = DUSTSTORM OR SANDSTORM:
                                                       VSBY 1/2 MILE OR LESS
                                                   8 = SMOKE OR HAZE
[NO. OF DAYS WITH]      [WEATHER - DAYS WITH]      9 = BLOWING SNOW
                                                   X = TORNADO
MAX 32 OR BELOW:   0    0.01 INCH OR MORE:   2
MAX 90 OR ABOVE:   0    0.10 INCH OR MORE:   0
MIN 32 OR BELOW:   1    0.50 INCH OR MORE:   0
MIN  0 OR BELOW:   0    1.00 INCH OR MORE:   0

[HDD (BASE 65) ]
TOTAL THIS MO.   155    CLEAR  (SCALE 0-3)  14
DPTR FM NORMAL     M    PTCLDY (SCALE 4-7)   9
TOTAL FM JUL 1  2283    CLOUDY (SCALE 8-10)  4
DPTR FM NORMAL     M

[CDD (BASE 65) ]
TOTAL THIS MO.    13
DPTR FM NORMAL     M    [PRESSURE DATA]
TOTAL FM JAN 1    14    HIGHEST SLP M ON M
DPTR FM NORMAL     M    LOWEST  SLP M ON M

[REMARKS]
