000
CXUS55 KBOU 190839
CF6CCU
PRELIMINARY LOCAL CLIMATOLOGICAL DATA (WS FORM: F-6)

                                          STATION:   COPPER MTN CO
                                          MONTH:     FEBRUARY
                                          YEAR:      2017
                                          LATITUDE:   39 28 N
                                          LONGITUDE: 106  9 W

  TEMPERATURE IN F:       :PCPN:    SNOW:  WIND      :SUNSHINE: SKY     :PK WND
================================================================================
1   2   3   4   5  6A  6B    7    8   9   10  11  12  13   14  15   16   17  18
                                     12Z  AVG MX 2MIN
DY MAX MIN AVG DEP HDD CDD  WTR  SNW DPTH SPD SPD DIR MIN PSBL S-S WX    SPD DR
================================================================================

 1  34  25  30   M  35   0    M    M    M 19.3 37 280   M    M   6 8      48 280
 2  28  19  24   M  41   0    M    M    M 14.3 21 200   M    M   9        31 200
 3  32  18  25   M  40   0    M    M    M 10.6 14 250   M    M   6        23 250
 4  28  23  26   M  39   0    M    M    M 18.4 18 270   M    M  10        27 270
 5  34  23  29   M  36   0    M    M    M 10.7 13 260   M    M   1 8      22 260
 6  27  23  25   M  40   0    M    M    M 22.3 31 270   M    M  10        41 270
 7  30  23  27   M  38   0    M    M    M 20.1 36 270   M    M  10        53 270
 8  30  23  27   M  38   0    M    M    M 17.0 22 270   M    M   9 8      36 270
 9  37  32  35   M  30   0    M    M    M 22.3 37 290   M    M   5 8      50 290
10  41  34  38   M  27   0    M    M    M 32.6 44 280   M    M   7 8      61 280
11  34  23  29   M  36   0    M    M    M 17.3 24 240   M    M  10        39 240
12  34  25  30   M  35   0    M    M    M  4.0  9 270   M    M   9 8       M  M
13  30  19  25   M  40   0    M    M    M  3.0  9  90   M    M   6 28      M  M
14  30  16  23   M  42   0    M    M    M  3.5 10 310   M    M   0        17 310
15  37  19  28   M  37   0    M    M    M  4.9 10 310   M    M   0        18 310
16  41  27  34   M  31   0    M    M    M  3.7 13 280   M    M   0         M  M
17  39  25  32   M  33   0    M    M    M  8.4 15 190   M    M   3         M  M
18  37  27  32   M  33   0    M    M    M 12.2 23 170   M    M   4        27 160
================================================================================
SM  603  424       651   0    M     M    244.6          M      105
================================================================================
AV 33.5 23.6                              13.6 FASTST   M    M   6    MAX(MPH)
                                 MISC ---->    44   M               # 61  280
================================================================================
NOTES:
# LAST OF SEVERAL OCCURRENCES

COLUMN 17 PEAK WIND IN M.P.H.

PRELIMINARY LOCAL CLIMATOLOGICAL DATA (WS FORM: F-6) , PAGE 2

                                          STATION:  COPPER MTN CO
                                          MONTH:    FEBRUARY
                                          YEAR:     2017
                                          LATITUDE:   39 28 N
                                          LONGITUDE: 106  9 W

[TEMPERATURE DATA]      [PRECIPITATION DATA]       SYMBOLS USED IN COLUMN 16

AVERAGE MONTHLY: 28.5   TOTAL FOR MONTH:      M    1 = FOG OR MIST
DPTR FM NORMAL:     M   DPTR FM NORMAL:       M    2 = FOG REDUCING VISIBILITY
HIGHEST:    41 ON 16,10 GRTST 24HR    M  ON   M        TO 1/4 MILE OR LESS
LOWEST:     16 ON 14                               3 = THUNDER
                        SNOW, ICE PELLETS, HAIL    4 = ICE PELLETS
                        TOTAL MONTH:    M          5 = HAIL
                        GRTST 24HR    M  ON   M    6 = FREEZING RAIN OR DRIZZLE
                        GRTST DEPTH:  M  ON   M    7 = DUSTSTORM OR SANDSTORM:
                                                       VSBY 1/2 MILE OR LESS
                                                   8 = SMOKE OR HAZE
[NO. OF DAYS WITH]      [WEATHER - DAYS WITH]      9 = BLOWING SNOW
                                                   X = TORNADO
MAX 32 OR BELOW:   8    0.01 INCH OR MORE:   0
MAX 90 OR ABOVE:   0    0.10 INCH OR MORE:   0
MIN 32 OR BELOW:  17    0.50 INCH OR MORE:   0
MIN  0 OR BELOW:   0    1.00 INCH OR MORE:   0

[HDD (BASE 65) ]
TOTAL THIS MO.   651    CLEAR  (SCALE 0-3)   5
DPTR FM NORMAL     M    PTCLDY (SCALE 4-7)   6
TOTAL FM JUL 1  6290    CLOUDY (SCALE 8-10)  7
DPTR FM NORMAL     M

[CDD (BASE 65) ]
TOTAL THIS MO.     0
DPTR FM NORMAL     M    [PRESSURE DATA]
TOTAL FM JAN 1     0    HIGHEST SLP M ON M
DPTR FM NORMAL     M    LOWEST  SLP M ON M

[REMARKS]
