000
CXUS55 KBOU 260820
CF6CCU
PRELIMINARY LOCAL CLIMATOLOGICAL DATA (WS FORM: F-6)

                                          STATION:   COPPER MTN/RED CLIFF
                                          MONTH:     APRIL
                                          YEAR:      2017
                                          LATITUDE:   39 28 N
                                          LONGITUDE: 106  9 W

  TEMPERATURE IN F:       :PCPN:    SNOW:  WIND      :SUNSHINE: SKY     :PK WND
================================================================================
1   2   3   4   5  6A  6B    7    8   9   10  11  12  13   14  15   16   17  18
                                     12Z  AVG MX 2MIN
DY MAX MIN AVG DEP HDD CDD  WTR  SNW DPTH SPD SPD DIR MIN PSBL S-S WX    SPD DR
================================================================================

 1  34  19  27   M  38   0    M    M    M  3.8  9  90   M    M   7 8       M  M
 2  37  23  30   M  35   0    M    M    M  8.7 18 310   M    M   9 8      24 310
 3  30  18  24   M  41   0    M    M    M  5.4 10 270   M    M  10 8      20 270
 4  25  14  20   M  45   0    M    M    M  3.1  6 100   M    M  10         M  M
 5  32  12  22   M  43   0    M    M    M  7.6 16 270   M    M   6        20 270
 6  41  23  32   M  33   0    M    M    M  5.6 15 200   M    M   2         M  M
 7  45  34  40   M  25   0    M    M    M 21.3 29 270   M    M   1 8      45 270
 8  41  30  36   M  29   0    M    M    M 22.5 29 160   M    M   6 8      48 270
 9  30  14  22   M  43   0    M    M    M 19.0 28 200   M    M   6 38     25 300
10  34  10  22   M  43   0    M    M    M  9.7 18 290   M    M   0        24 290
11  41  25  33   M  32   0    M    M    M  9.4 15 270   M    M   3        22 210
12  52  34  43   M  22   0    M    M    M  9.3 15 160   M    M   1        24 160
13  50  37  44   M  21   0    M    M    M 15.8 22 170   M    M   0        29 170
14  45  36  41   M  24   0    M    M    M 18.3 28 200   M    M   0        37 200
15  43  34  39   M  26   0    M    M    M 12.3 17 280   M    M   0        30 270
16  45  34  40   M  25   0    M    M    M  7.5 15 200   M    M   4        17 270
17  45  34  40   M  25   0    M    M    M 14.1 28 280   M    M   2        38 280
18  48  36  42   M  23   0    M    M    M 11.2 23 270   M    M   1        32 260
19  37  32  35   M  30   0    M    M    M 11.7 28 270   M    M   7 18     35 270
20  37  30  34   M  31   0    M    M    M  9.5 20 180   M    M   5 13     27 180
21  28  21  25   M  40   0    M    M    M  9.9 16 320   M    M  10 38     23 320
22  36  19  28   M  37   0    M    M    M  8.1 18 200   M    M   4        16 120
23  46  32  39   M  26   0    M    M    M 14.8 32 200   M    M   1 8      37 200
24  37  28  33   M  32   0    M    M    M 17.0 30 270   M    M   9 8      38 270
25  32  21  27   M  38   0    M    M    M  7.8  9 320   M    M  10 38     17 320
================================================================================
SM  971  650       807   0    M     M    283.4          M      114
================================================================================
AV 38.8 26.0                              11.3 FASTST   M    M   5    MAX(MPH)
                                 MISC ---->  # 32 200               # 48  270
================================================================================
NOTES:
# LAST OF SEVERAL OCCURRENCES

COLUMN 17 PEAK WIND IN M.P.H.

PRELIMINARY LOCAL CLIMATOLOGICAL DATA (WS FORM: F-6) , PAGE 2

                                          STATION:  COPPER MTN/RED CLIFF
                                          MONTH:    APRIL
                                          YEAR:     2017
                                          LATITUDE:   39 28 N
                                          LONGITUDE: 106  9 W

[TEMPERATURE DATA]      [PRECIPITATION DATA]       SYMBOLS USED IN COLUMN 16

AVERAGE MONTHLY: 32.4   TOTAL FOR MONTH:      M    1 = FOG OR MIST
DPTR FM NORMAL:     M   DPTR FM NORMAL:       M    2 = FOG REDUCING VISIBILITY
HIGHEST:    52 ON 12    GRTST 24HR    M  ON   M        TO 1/4 MILE OR LESS
LOWEST:     10 ON 10                               3 = THUNDER
                        SNOW, ICE PELLETS, HAIL    4 = ICE PELLETS
                        TOTAL MONTH:    M          5 = HAIL
                        GRTST 24HR    M  ON   M    6 = FREEZING RAIN OR DRIZZLE
                        GRTST DEPTH:  M  ON   M    7 = DUSTSTORM OR SANDSTORM:
                                                       VSBY 1/2 MILE OR LESS
                                                   8 = SMOKE OR HAZE
[NO. OF DAYS WITH]      [WEATHER - DAYS WITH]      9 = BLOWING SNOW
                                                   X = TORNADO
MAX 32 OR BELOW:   6    0.01 INCH OR MORE:   0
MAX 90 OR ABOVE:   0    0.10 INCH OR MORE:   0
MIN 32 OR BELOW:  17    0.50 INCH OR MORE:   0
MIN  0 OR BELOW:   0    1.00 INCH OR MORE:   0

[HDD (BASE 65) ]
TOTAL THIS MO.   807    CLEAR  (SCALE 0-3)  11
DPTR FM NORMAL     M    PTCLDY (SCALE 4-7)   8
TOTAL FM JUL 1  8634    CLOUDY (SCALE 8-10)  6
DPTR FM NORMAL     M

[CDD (BASE 65) ]
TOTAL THIS MO.     0
DPTR FM NORMAL     M    [PRESSURE DATA]
TOTAL FM JAN 1     0    HIGHEST SLP M ON M
DPTR FM NORMAL     M    LOWEST  SLP M ON M

[REMARKS]
