000
CXUS53 KARX 290930
CF6CCY
PRELIMINARY LOCAL CLIMATOLOGICAL DATA (WS FORM: F-6)

                                          STATION:   CHARLES_CITY IA
                                          MONTH:     AUGUST
                                          YEAR:      2015
                                          LATITUDE:   43  4 N
                                          LONGITUDE:  92 37 W

  TEMPERATURE IN F:       :PCPN:    SNOW:  WIND      :SUNSHINE: SKY     :PK WND
================================================================================
1   2   3   4   5  6A  6B    7    8   9   10  11  12  13   14  15   16   17  18
                                     12Z  AVG MX 2MIN
DY MAX MIN AVG DEP HDD CDD  WTR  SNW DPTH SPD SPD DIR MIN PSBL S-S WX    SPD DR
================================================================================

 1  84  59  72   0   0   7 0.00  0.0    0  6.7 13 240   M    M   0        18 280
 2  88  64  76   5   0  11 0.00  0.0    0 11.4 17 270   M    M   1        28 250
 3  77  54  66  -5   0   1 0.00  0.0    0  7.9 16 310   M    M   0        23 300
 4  77  54  66  -5   0   1 0.00  0.0    0  2.7  7  40   M    M   0         M  M
 5  77  54  66  -5   0   1 0.00  0.0    0  3.9  8 100   M    M   0         M  M
 6  79  57  68  -3   0   3 0.00  0.0    0  6.7 13 160   M    M   5        17 200
 7  81  66  74   3   0   9 0.00  0.0    0  8.4 13 280   M    M   6        20 160
 8  79  63  71   0   0   6 0.00  0.0    0  4.9  9 150   M    M   5 1      15 160
 9  79  64  72   1   0   7 0.05  0.0    0  3.6  8 140   M    M   6         M  M
10  79  63  71   0   0   6 0.00  0.0    0  7.8 14 330   M    M   4 1      21 330
11  79  57  68  -3   0   3 0.00  0.0    0  7.0 13 330   M    M   1        18 350
12  81  55  68  -3   0   3 0.00  0.0    0  4.0  8 220   M    M   0 1       M  M
13  84  63  74   3   0   9 0.00  0.0    0  8.5 16 230   M    M   3        24 250
14  86  70  78   7   0  13 0.00  0.0    0  5.5 10 270   M    M   3 1      16 230
15  84  64  74   4   0   9 0.00  0.0    0  5.5 10 180   M    M   1 1      15 190
16  82  66  74   4   0   9 0.00  0.0    0  8.2 15 210   M    M   2        21 210
17  75  64  70   0   0   5 0.16  0.0    0  4.4 16 100   M    M   8        22 100
18  68  61  65  -5   0   0 1.44  0.0    0  7.0 15 160   M    M   8 1      16 160
19  66  54  60 -10   5   0 0.01  0.0    0 12.9 20 220   M    M  10 1      29 230
20  73  50  62  -8   3   0 0.00  0.0    0  9.4 15 300   M    M   1        25 300
21  79  57  68  -2   0   3 0.00  0.0    0 10.8 21 220   M    M   3        27 220
22  79  61  70   0   0   5 0.10  0.0    0 12.9 21 150   M    M   4        32 150
23  70  54  62  -7   3   0 0.09  0.0    0 14.9 23 280   M    M   3        33 310
24  68  48  58 -11   7   0 0.00  0.0    0 13.4 25 300   M    M   2        35 290
25  72  48  60  -9   5   0 0.00  0.0    0  9.7 18 320   M    M   0        23 310
26  73  46  60  -9   5   0 0.00  0.0    0  2.4  6 110   M    M   0         M  M
27  75  52  64  -5   1   0 0.00  0.0    0  7.3 13 170   M    M   3        20 160
28  64  59  62  -6   3   0 1.89  0.0    0 10.6 22 110   M    M   9 1      28 110
================================================================================
SM 2158 1627        32 111  3.74     0.0 218.4          M       88
================================================================================
AV 77.1 58.1                               7.8 FASTST   M    M   3    MAX(MPH)
                                 MISC ---->    25   M               # 35  290
================================================================================
NOTES:
# LAST OF SEVERAL OCCURRENCES

COLUMN 17 PEAK WIND IN M.P.H.

PRELIMINARY LOCAL CLIMATOLOGICAL DATA (WS FORM: F-6) , PAGE 2

                                          STATION:  CHARLES_CITY IA
                                          MONTH:    AUGUST
                                          YEAR:     2015
                                          LATITUDE:   43  4 N
                                          LONGITUDE:  92 37 W

[TEMPERATURE DATA]      [PRECIPITATION DATA]       SYMBOLS USED IN COLUMN 16

AVERAGE MONTHLY: 67.6   TOTAL FOR MONTH:   3.74    1 = FOG OR MIST
DPTR FM NORMAL:  -2.7   DPTR FM NORMAL:   -0.01    2 = FOG REDUCING VISIBILITY
HIGHEST:    88 ON  2    GRTST 24HR  1.89 ON 28-28      TO 1/4 MILE OR LESS
LOWEST:     46 ON 26                               3 = THUNDER
                        SNOW, ICE PELLETS, HAIL    4 = ICE PELLETS
                        TOTAL MONTH:   0.0 INCH    5 = HAIL
                        GRTST 24HR     0.0         6 = FREEZING RAIN OR DRIZZLE
                        GRTST DEPTH:   0           7 = DUSTSTORM OR SANDSTORM:
                                                       VSBY 1/2 MILE OR LESS
                                                   8 = SMOKE OR HAZE
[NO. OF DAYS WITH]      [WEATHER - DAYS WITH]      9 = BLOWING SNOW
                                                   X = TORNADO
MAX 32 OR BELOW:   0    0.01 INCH OR MORE:   7
MAX 90 OR ABOVE:   0    0.10 INCH OR MORE:   4
MIN 32 OR BELOW:   0    0.50 INCH OR MORE:   2
MIN  0 OR BELOW:   0    1.00 INCH OR MORE:   2

[HDD (BASE 65) ]
TOTAL THIS MO.    32    CLEAR  (SCALE 0-3)  17
DPTR FM NORMAL    14    PTCLDY (SCALE 4-7)   9
TOTAL FM JUL 1    45    CLOUDY (SCALE 8-10)  2
DPTR FM NORMAL    19

[CDD (BASE 65) ]
TOTAL THIS MO.   111
DPTR FM NORMAL   -55    [PRESSURE DATA]
TOTAL FM JAN 1   452    HIGHEST SLP M ON M
DPTR FM NORMAL  -134    LOWEST  SLP M ON M

[REMARKS]
