000
CXUS56 KSLC 301231
CF6CDC
PRELIMINARY LOCAL CLIMATOLOGICAL DATA (WS FORM: F-6)

                                          STATION:   CEDAR CITY UT
                                          MONTH:     JUNE
                                          YEAR:      2015
                                          LATITUDE:   37 42 N
                                          LONGITUDE: 113  6 W

  TEMPERATURE IN F:       :PCPN:    SNOW:  WIND      :SUNSHINE: SKY     :PK WND
================================================================================
1   2   3   4   5  6A  6B    7    8   9   10  11  12  13   14  15   16   17  18
                                     12Z  AVG MX 2MIN
DY MAX MIN AVG DEP HDD CDD  WTR  SNW DPTH SPD SPD DIR MIN PSBL S-S WX    SPD DR
================================================================================

 1  83  51  67   6   0   2 0.00  0.0    0 13.4 33 210   M    M   0        40 200
 2  80  47  64   3   1   0 0.00  0.0    0 11.2 22 210   M    M   0        29 200
 3  80  44  62   1   3   0 0.00  0.0    0  7.7 21 220   M    M   0        27 210
 4  81  42  62   0   3   0 0.00  0.0    0 10.0 28 200   M    M   0        39 190
 5  73  48  61  -1   4   0 0.01    M    0  7.1 33 140   M    M   2 13     45 150
 6  70  45  58  -4   7   0 0.25    M    0  6.6 23 280   M    M   5 13     28 290
 7  74  45  60  -3   5   0    T    M    0  6.5 14 230   M    M   2        16  50
 8  84  43  64   1   1   0 0.00  0.0    0  5.4 16 250   M    M   1        23 230
 9  86  47  67   4   0   2 0.00  0.0    0  9.0 29 210   M    M   3        36 210
10  78  55  67   3   0   2 0.20  0.0    0  7.9 23 190   M    M   7 3      30 190
11  75  53  64   0   1   0 0.01  0.0    0  5.6 20  10   M    M   4 3      26  20
12  81  48  65   1   0   0 0.00  0.0    0  5.7 17 360   M    M   0 1      23  20
13  87  50  69   4   0   4 0.01  0.0    0  5.8 31 340   M    M   1        46 360
14  87  54  71   6   0   6 0.24  0.0    0  6.8 28 110   M    M   2 3      36 110
15  90  52  71   6   0   6 0.00  0.0    0  8.7 23 230   M    M   1        31 230
16  90  60  75   9   0  10 0.00  0.0    0  9.6 20 190   M    M   0        32 190
17  91  55  73   7   0   8 0.00  0.0    0  9.0 21 210   M    M   0        27 200
18  92  50  71   5   0   6 0.00  0.0    0  8.3 21 220   M    M   0        29 220
19  93  53  73   6   0   8 0.00  0.0    0  9.0 17 200   M    M   0        25 200
20  96  53  75   8   0  10 0.00  0.0    0  8.4 20 200   M    M   0        27 200
21  93  59  76   8   0  11 0.00  0.0    0 12.6 29 190   M    M   0        37 210
22  93  58  76   8   0  11 0.00  0.0    0  9.6 21 210   M    M   0        29 200
23  95  56  76   8   0  11 0.00  0.0    0  9.2 21 230   M    M   0        27 230
24  94  53  74   6   0   9 0.00  0.0    0  9.2 24 200   M    M   0        31 200
25  98  52  75   6   0  10 0.00  0.0    0  5.0 13 250   M    M   0        18 120
26 100  57  79  10   0  14 0.00  0.0    0  5.6 13 130   M    M   0        16  30
27  96  61  79   9   0  14 0.00  0.0    0  6.0 30 110   M    M   0        37 130
28  96  60  78   8   0  13 0.00  0.0    0  6.5 26 140   M    M   0 38     42 160
29  97  65  81  11   0  16 0.00  0.0    0  6.3 16  10   M    M   0 3      22  10
================================================================================
SM 2533 1516        25 173  0.72     0.0 231.7          M       28
================================================================================
AV 87.3 52.3                               8.0 FASTST   M    M   1    MAX(MPH)
                                 MISC ---->  # 33 210               # 46  360
================================================================================
NOTES:
# LAST OF SEVERAL OCCURRENCES

COLUMN 17 PEAK WIND IN M.P.H.

PRELIMINARY LOCAL CLIMATOLOGICAL DATA (WS FORM: F-6) , PAGE 2

                                          STATION:  CEDAR CITY UT
                                          MONTH:    JUNE
                                          YEAR:     2015
                                          LATITUDE:   37 42 N
                                          LONGITUDE: 113  6 W

[TEMPERATURE DATA]      [PRECIPITATION DATA]       SYMBOLS USED IN COLUMN 16

AVERAGE MONTHLY: 69.8   TOTAL FOR MONTH:   0.72    1 = FOG OR MIST
DPTR FM NORMAL:   4.4   DPTR FM NORMAL:    0.20    2 = FOG REDUCING VISIBILITY
HIGHEST:   100 ON 26    GRTST 24HR  0.25 ON  6- 6      TO 1/4 MILE OR LESS
LOWEST:     42 ON  4                               3 = THUNDER
                        SNOW, ICE PELLETS, HAIL    4 = ICE PELLETS
                        TOTAL MONTH:   0.0 INCH    5 = HAIL
                        GRTST 24HR     0.0         6 = FREEZING RAIN OR DRIZZLE
                        GRTST DEPTH:   0           7 = DUSTSTORM OR SANDSTORM:
                                                       VSBY 1/2 MILE OR LESS
                                                   8 = SMOKE OR HAZE
[NO. OF DAYS WITH]      [WEATHER - DAYS WITH]      9 = BLOWING SNOW
                                                   X = TORNADO
MAX 32 OR BELOW:   0    0.01 INCH OR MORE:   6
MAX 90 OR ABOVE:  15    0.10 INCH OR MORE:   3
MIN 32 OR BELOW:   0    0.50 INCH OR MORE:   0
MIN  0 OR BELOW:   0    1.00 INCH OR MORE:   0

[HDD (BASE 65) ]
TOTAL THIS MO.    25    CLEAR  (SCALE 0-3)  26
DPTR FM NORMAL   -52    PTCLDY (SCALE 4-7)   3
TOTAL FM JUL 1  5363    CLOUDY (SCALE 8-10)  0
DPTR FM NORMAL  -893

[CDD (BASE 65) ]
TOTAL THIS MO.   173
DPTR FM NORMAL    86    [PRESSURE DATA]
TOTAL FM JAN 1   175    HIGHEST SLP M ON M
DPTR FM NORMAL    80    LOWEST  SLP 29.65 ON  4

[REMARKS]
