000
CXUS54 KLUB 210755
CF6CDS
PRELIMINARY LOCAL CLIMATOLOGICAL DATA (WS FORM: F-6)

                                          STATION:   CHILDRESS
                                          MONTH:     NOVEMBER
                                          YEAR:      2017
                                          LATITUDE:   34 25 N
                                          LONGITUDE: 100 17 W

  TEMPERATURE IN F:       :PCPN:    SNOW:  WIND      :SUNSHINE: SKY     :PK WND
================================================================================
1   2   3   4   5  6A  6B    7    8   9   10  11  12  13   14  15   16   17  18
                                     12Z  AVG MX 2MIN
DY MAX MIN AVG DEP HDD CDD  WTR  SNW DPTH SPD SPD DIR MIN PSBL S-S WX    SPD DR
================================================================================

 1  87  37  62   4   3   0 0.00  0.0    0 13.0 26 270   M    M   0        34 270
 2  85  45  65   8   0   0 0.00  0.0    0 14.8 21  20   M    M   0        31 270
 3  70  48  59   2   6   0 0.00  0.0    0  7.2 13 150   M    M   4 8      17 150
 4  83  45  64   7   1   0 0.00  0.0    0  7.5 15 210   M    M   0        20 220
 5  88  48  68  12   0   3 0.00  0.0    0 11.0 23 300   M    M   0 8      31 300
 6  64  44  54  -2  11   0 0.00  0.0    0  6.7 14 340   M    M   4        17  40
 7  53  41  47  -8  18   0 0.00  0.0    0 12.0 21  10   M    M   4        25  10
 8  45  34  40 -15  25   0 0.03  0.0    0  8.4 17 360   M    M   6 1      20  10
 9  62  31  47  -7  18   0 0.00  0.0    0  6.3 12 130   M    M   0 1      19 150
10  53  35  44 -10  21   0 0.00  0.0    0  9.0 17 170   M    M   7 12     23 160
11  75  53  64  10   1   0 0.00  0.0    0 10.7 20 210   M    M   5 1      25 210
12  55  49  52  -1  13   0 0.02  0.0    0 10.3 21  20   M    M   9 12     25  10
13  56  48  52  -1  13   0    T  0.0    0  6.6 16 170   M    M  10 1      20 170
14  78  55  67  15   0   2 0.00  0.0    0 10.0 17 200   M    M   9 12     25 210
15  67  50  59   7   6   0 0.00  0.0    0  8.9 22  10   M    M   0        29  50
16  69  43  56   4   9   0 0.00  0.0    0  7.7 17 170   M    M   5        22 170
17  92  48  70  19   0   5 0.00  0.0    0 11.0 25 260   M    M   0        33 270
18  75  38  57   6   8   0 0.00  0.0    0 18.1 41 350   M    M   0        55 340
19  64  32  48  -2  17   0 0.00  0.0    0  7.6 17 200   M    M   0        22 200
20  68  31  50   0  15   0 0.00  0.0    0 12.1 22 200   M    M   0        28 200
================================================================================
SM 1389  855       185  10  0.05     0.0 198.9          M       63
================================================================================
AV 69.5 42.8                               9.9 FASTST   M    M   3    MAX(MPH)
                                 MISC ---->  # 41 350               # 55  340
================================================================================
NOTES:
# LAST OF SEVERAL OCCURRENCES

COLUMN 17 PEAK WIND IN M.P.H.

PRELIMINARY LOCAL CLIMATOLOGICAL DATA (WS FORM: F-6) , PAGE 2

                                          STATION:  CHILDRESS
                                          MONTH:    NOVEMBER
                                          YEAR:     2017
                                          LATITUDE:   34 25 N
                                          LONGITUDE: 100 17 W

[TEMPERATURE DATA]      [PRECIPITATION DATA]       SYMBOLS USED IN COLUMN 16

AVERAGE MONTHLY: 56.1   TOTAL FOR MONTH:   0.05    1 = FOG OR MIST
DPTR FM NORMAL:   2.2   DPTR FM NORMAL:   -0.83    2 = FOG REDUCING VISIBILITY
HIGHEST:    92 ON 17    GRTST 24HR  0.03 ON  8- 8      TO 1/4 MILE OR LESS
LOWEST:     31 ON 20, 9                            3 = THUNDER
                        SNOW, ICE PELLETS, HAIL    4 = ICE PELLETS
                        TOTAL MONTH:   0.0 INCH    5 = HAIL
                        GRTST 24HR     0.0         6 = FREEZING RAIN OR DRIZZLE
                        GRTST DEPTH:   0           7 = DUSTSTORM OR SANDSTORM:
                                                       VSBY 1/2 MILE OR LESS
                                                   8 = SMOKE OR HAZE
[NO. OF DAYS WITH]      [WEATHER - DAYS WITH]      9 = BLOWING SNOW
                                                   X = TORNADO
MAX 32 OR BELOW:   0    0.01 INCH OR MORE:   2
MAX 90 OR ABOVE:   1    0.10 INCH OR MORE:   0
MIN 32 OR BELOW:   3    0.50 INCH OR MORE:   0
MIN  0 OR BELOW:   0    1.00 INCH OR MORE:   0

[HDD (BASE 65) ]
TOTAL THIS MO.   185    CLEAR  (SCALE 0-3)  10
DPTR FM NORMAL   -46    PTCLDY (SCALE 4-7)   7
TOTAL FM JUL 1   333    CLOUDY (SCALE 8-10)  3
DPTR FM NORMAL   -50

[CDD (BASE 65) ]
TOTAL THIS MO.    10
DPTR FM NORMAL     3    [PRESSURE DATA]
TOTAL FM JAN 1  2306    HIGHEST SLP M ON M
DPTR FM NORMAL    99    LOWEST  SLP 29.53 ON  1

[REMARKS]
