000
CXUS54 KLUB 220755
CF6CDS
PRELIMINARY LOCAL CLIMATOLOGICAL DATA (WS FORM: F-6)

                                          STATION:   CHILDRESS
                                          MONTH:     SEPTEMBER
                                          YEAR:      2017
                                          LATITUDE:   34 25 N
                                          LONGITUDE: 100 17 W

  TEMPERATURE IN F:       :PCPN:    SNOW:  WIND      :SUNSHINE: SKY     :PK WND
================================================================================
1   2   3   4   5  6A  6B    7    8   9   10  11  12  13   14  15   16   17  18
                                     12Z  AVG MX 2MIN
DY MAX MIN AVG DEP HDD CDD  WTR  SNW DPTH SPD SPD DIR MIN PSBL S-S WX    SPD DR
================================================================================

 1  89  61  75  -4   0  10 0.00  0.0    0  5.6 13 160   M    M   0 8      17 160
 2  90  66  78  -1   0  13 0.00  0.0    0  6.1 13  60   M    M   0        18 360
 3  92  63  78  -1   0  13 0.00  0.0    0  6.0 12 120   M    M   0 1      15 130
 4  95  64  80   2   0  15 0.00  0.0    0  5.8 12 240   M    M   0        14 250
 5  82  63  73  -5   0   8 0.00  0.0    0 11.1 21  40   M    M   0        32  50
 6  84  53  69  -9   0   4 0.00  0.0    0  5.1  9 130   M    M   3 8      13 140
 7  89  55  72  -6   0   7 0.00  0.0    0 10.4 20 180   M    M   0        27 180
 8  88  59  74  -3   0   9 0.00  0.0    0 11.1 18 180   M    M   0        29 190
 9  85  57  71  -6   0   6 0.00  0.0    0  9.7 16 160   M    M   0        24 160
10  86  57  72  -4   0   7 0.00  0.0    0  6.8 13 130   M    M   0        19 150
11  89  58  74  -2   0   9 0.00  0.0    0  4.8 10 190   M    M   0        15 210
12  91  60  76   0   0  11 0.00  0.0    0  4.4 10  90   M    M   0        16  80
13  94  60  77   2   0  12 0.00  0.0    0  6.7 15 140   M    M   0        21 140
14 100  62  81   6   0  16 0.00  0.0    0  9.7 21 160   M    M   0        30 140
15  96  68  82   8   0  17    T  0.0    0 10.3 21 200   M    M   0 3      24 200
16  96  67  82   8   0  17 0.93  0.0    0 10.6 40 250   M    M   2 3      50 250
17  82  64  73  -1   0   8 0.83  0.0    0  8.8 28 360   M    M   2 13     37 230
18  88  65  77   4   0  12    T  0.0    0  9.2 20 160   M    M   2        29 170
19  96  67  82   9   0  17    T  0.0    0 11.6 24 140   M    M   0 3      31 140
20  89  68  79   6   0  14 0.00  0.0    0  8.2 22 190   M    M   0        28 190
21  98  68  83  11   0  18 0.00  0.0    0 12.3 21 190   M    M   1        27 180
================================================================================
SM 1899 1305         0 243  1.76     0.0 174.3          M       10
================================================================================
AV 90.4 62.1                               8.3 FASTST   M    M   0    MAX(MPH)
                                 MISC ---->  # 40 250               # 50  250
================================================================================
NOTES:
# LAST OF SEVERAL OCCURRENCES

COLUMN 17 PEAK WIND IN M.P.H.

PRELIMINARY LOCAL CLIMATOLOGICAL DATA (WS FORM: F-6) , PAGE 2

                                          STATION:  CHILDRESS
                                          MONTH:    SEPTEMBER
                                          YEAR:     2017
                                          LATITUDE:   34 25 N
                                          LONGITUDE: 100 17 W

[TEMPERATURE DATA]      [PRECIPITATION DATA]       SYMBOLS USED IN COLUMN 16

AVERAGE MONTHLY: 76.3   TOTAL FOR MONTH:   1.76    1 = FOG OR MIST
DPTR FM NORMAL:   0.4   DPTR FM NORMAL:    0.00    2 = FOG REDUCING VISIBILITY
HIGHEST:   100 ON 14    GRTST 24HR  0.93 ON 16-16      TO 1/4 MILE OR LESS
LOWEST:     53 ON  6                               3 = THUNDER
                        SNOW, ICE PELLETS, HAIL    4 = ICE PELLETS
                        TOTAL MONTH:   0.0 INCH    5 = HAIL
                        GRTST 24HR     0.0         6 = FREEZING RAIN OR DRIZZLE
                        GRTST DEPTH:   0           7 = DUSTSTORM OR SANDSTORM:
                                                       VSBY 1/2 MILE OR LESS
                                                   8 = SMOKE OR HAZE
[NO. OF DAYS WITH]      [WEATHER - DAYS WITH]      9 = BLOWING SNOW
                                                   X = TORNADO
MAX 32 OR BELOW:   0    0.01 INCH OR MORE:   2
MAX 90 OR ABOVE:  10    0.10 INCH OR MORE:   2
MIN 32 OR BELOW:   0    0.50 INCH OR MORE:   2
MIN  0 OR BELOW:   0    1.00 INCH OR MORE:   0

[HDD (BASE 65) ]
TOTAL THIS MO.     0    CLEAR  (SCALE 0-3)  21
DPTR FM NORMAL    -5    PTCLDY (SCALE 4-7)   0
TOTAL FM JUL 1     0    CLOUDY (SCALE 8-10)  0
DPTR FM NORMAL    -5

[CDD (BASE 65) ]
TOTAL THIS MO.   243
DPTR FM NORMAL     7    [PRESSURE DATA]
TOTAL FM JAN 1  2137    HIGHEST SLP M ON M
DPTR FM NORMAL    70    LOWEST  SLP 29.61 ON 19

[REMARKS]
