000
CXUS55 KGJT 301000
CF6CEZ
PRELIMINARY LOCAL CLIMATOLOGICAL DATA (WS FORM: F-6)

                                          STATION:   CORTEZ CO
                                          MONTH:     SEPTEMBER
                                          YEAR:      2014
                                          LATITUDE:   37 17 N
                                          LONGITUDE: 108 38 W

  TEMPERATURE IN F:       :PCPN:    SNOW:  WIND      :SUNSHINE: SKY     :PK WND
================================================================================
1   2   3   4   5  6A  6B    7    8   9   10  11  12  13   14  15   16   17  18
                                     12Z  AVG MX 2MIN
DY MAX MIN AVG DEP HDD CDD  WTR  SNW DPTH SPD SPD DIR MIN PSBL S-S WX    SPD DR
================================================================================

 1  88  44  66   1   0   1 0.00    M    M  7.5 22 270   M    M   0        28 260
 2  91  45  68   3   0   3 0.00    M    M  5.9 17 200   M    M   0        22 200
 3  89  46  68   3   0   3 0.00    M    M  6.9 21 210   M    M   0        27 200
 4  68  47  58  -6   7   0 0.06    M    M  5.6 18 100   M    M   5 1      23  90
 5  82  43  63  -1   2   0 0.00    M    M  5.7 13 320   M    M   0 1      21 270
 6  87  44  66   2   0   1 0.00    M    M  4.8 16 210   M    M   0        22 230
 7  85  48  67   3   0   2 0.10    M    M  6.2 22 340   M    M   2 3      32 320
 8  73  58  66   3   0   1 0.02    M    M  4.4 13 310   M    M   9        18 320
 9  72  51  62  -1   3   0 0.85    M    M  7.2 25 280   M    M   8 13     31 290
10  75  47  61  -1   4   0 0.00    M    M  6.0 16 280   M    M   2        22 270
11  79  41  60  -2   5   0 0.00    M    M  3.8 13 190   M    M   0        16 190
12  81  41  61  -1   4   0 0.00    M    M  5.2 15 270   M    M   0        21  20
13  82  40  61   0   4   0 0.00    M    M  3.8 14 190   M    M   0        18 210
14  83  42  63   2   2   0 0.00    M    M  4.0 10 220   M    M   0        14 210
15  85  45  65   5   0   0 0.00    M    M  4.3 12 180   M    M   0        12 180
16  85  48  67   7   0   2 0.01    M    M  4.1 12 130   M    M   1 3      15  80
17  82  49  66   6   0   1 0.05    M    M  4.8 30  70   M    M   1 3      37  60
18  84  44  64   5   1   0 0.00    M    M  5.1 14 210   M    M   0        17 200
19  86  45  66   7   0   1 0.00    M    M  4.9 15 280   M    M   0        22 270
20  89  46  68   9   0   3    T    M    M  6.5 33 130   M    M   1        45 130
21  83  58  71  13   0   6 0.31    M    M 10.4 40 200   M    M   6 13     48 200
22  79  50  65   7   0   0 0.02    M    M  6.1 17 200   M    M   3        21 290
23  80  43  62   5   3   0 0.00    M    M  4.4 15 280   M    M   0        19 280
24  84  42  63   6   2   0 0.00    M    M  4.5 12  60   M    M   0        14 210
25  85  45  65   8   0   0 0.00    M    M  4.5 15 290   M    M   1        18 290
26  85  46  66  10   0   1 0.00    M    M  4.3 14 290   M    M   0        20 310
27  83  47  65   9   0   0 0.08    M    M  6.3 31 210   M    M   3 3      39 210
28  67  49  58   2   7   0 0.87    M    M  5.8 20 130   M    M   8 13     26 130
29  64  42  53  -2  12   0 0.13    M    M  7.0 28 280   M    M   2 13     41 230
================================================================================
SM 2356 1336        56  25  2.50    M    160.0          M       52
================================================================================
AV 81.2 46.1                               5.5 FASTST   M    M   2    MAX(MPH)
                                 MISC ---->  # 40 200               # 48  200
================================================================================
NOTES:
# LAST OF SEVERAL OCCURRENCES

COLUMN 17 PEAK WIND IN M.P.H.

PRELIMINARY LOCAL CLIMATOLOGICAL DATA (WS FORM: F-6) , PAGE 2

                                          STATION:  CORTEZ CO
                                          MONTH:    SEPTEMBER
                                          YEAR:     2014
                                          LATITUDE:   37 17 N
                                          LONGITUDE: 108 38 W

[TEMPERATURE DATA]      [PRECIPITATION DATA]       SYMBOLS USED IN COLUMN 16

AVERAGE MONTHLY: 63.7   TOTAL FOR MONTH:   2.50    1 = FOG OR MIST
DPTR FM NORMAL:   3.2   DPTR FM NORMAL:    0.77    2 = FOG REDUCING VISIBILITY
HIGHEST:    91 ON  2    GRTST 24HR  0.95 ON 27-28      TO 1/4 MILE OR LESS
LOWEST:     40 ON 13                               3 = THUNDER
                        SNOW, ICE PELLETS, HAIL    4 = ICE PELLETS
                        TOTAL MONTH:    M          5 = HAIL
                        GRTST 24HR    M  ON   M    6 = FREEZING RAIN OR DRIZZLE
                        GRTST DEPTH:  M  ON   M    7 = DUSTSTORM OR SANDSTORM:
                                                       VSBY 1/2 MILE OR LESS
                                                   8 = SMOKE OR HAZE
[NO. OF DAYS WITH]      [WEATHER - DAYS WITH]      9 = BLOWING SNOW
                                                   X = TORNADO
MAX 32 OR BELOW:   0    0.01 INCH OR MORE:  11
MAX 90 OR ABOVE:   1    0.10 INCH OR MORE:   5
MIN 32 OR BELOW:   0    0.50 INCH OR MORE:   2
MIN  0 OR BELOW:   0    1.00 INCH OR MORE:   0

[HDD (BASE 65) ]
TOTAL THIS MO.    56    CLEAR  (SCALE 0-3)  23
DPTR FM NORMAL   -95    PTCLDY (SCALE 4-7)   4
TOTAL FM JUL 1    66    CLOUDY (SCALE 8-10)  2
DPTR FM NORMAL   -97

[CDD (BASE 65) ]
TOTAL THIS MO.    25
DPTR FM NORMAL     9    [PRESSURE DATA]
TOTAL FM JAN 1   537    HIGHEST SLP M ON M
DPTR FM NORMAL   112    LOWEST  SLP 29.61 ON 27

[REMARKS]
