000
CXUS54 KMRX 181000
CF6CHA
PRELIMINARY LOCAL CLIMATOLOGICAL DATA (WS FORM: F-6)

                                          STATION:   CHATTANOOGA  ASOS
                                          MONTH:     APRIL
                                          YEAR:      2014
                                          LATITUDE:   35  1 N
                                          LONGITUDE:  85 12 W

  TEMPERATURE IN F:       :PCPN:    SNOW:  WIND      :SUNSHINE: SKY     :PK WND
================================================================================
1   2   3   4   5  6A  6B    7    8   9   10  11  12  13   14  15   16   17  18
                                     12Z  AVG MX 2MIN
DY MAX MIN AVG DEP HDD CDD  WTR  SNW DPTH SPD SPD DIR MIN PSBL S-S WX    SPD DR
================================================================================

 1  84  48  66   9   0   1    T  0.0    0  3.9 16 240   M    M   M        22 240
 2  82  48  65   8   0   0 0.00  0.0    0  4.1 16 170   M    M   M        23 160
 3  79  63  71  14   0   6    T  0.0    0  7.5 23 210   M    M   8        29 160
 4  68  55  62   5   3   0 0.16  0.0    0 11.0 25 230   M    M   5 138    31 240
 5  62  44  53  -5  12   0 0.00  0.0    0  8.1 21 360   M    M   6        24 340
 6  66  44  55  -3  10   0 0.35  0.0    0  5.4 14 180   M    M   7 1      21 150
 7  63  51  57  -1   8   0 1.95  0.0    0  9.7 18 260   M    M   9 1      27 250
 8  64  46  55  -3  10   0    T    M    0  8.6 16 360   M    M   7        21 360
 9  69  47  58  -1   7   0 0.00  0.0    0  6.8 20 340   M    M   5        24 310
10  75  41  58  -1   7   0 0.00  0.0    0  6.0 17 150   M    M   M        25 180
11  76  33  55  -4  10   0 0.01  0.0    0  5.8 23 300   M    M   M        34 310
12  82  53  68   8   0   3 0.00  0.0    0  3.1 18 200   M    M   M 12     24 210
13  82  54  68   8   0   3 0.00  0.0    0  7.7 22 200   M    M   5        32 190
14  72  62  67   7   0   2 0.24  0.0    0  6.3 15 210   M    M   8 1      24 170
15  63  37  50 -10  15   0 0.16  0.0    0 12.7 26 360   M    M   M 1      33 360
16  65  35  50 -11  15   0 0.00  0.0    0  8.7 17  30   M    M   M        22  40
17  68  40  54  -7  11   0 0.00  0.0    0  5.6 15 130   M    M   M        23 120
================================================================================
SM 1220  801       108  15  2.87     0.0 121.0          M       60
================================================================================
AV 71.8 47.1                               7.1 FASTST   M    M   7    MAX(MPH)
                                 MISC ---->  # 26 360               # 34  310
================================================================================
NOTES:
# LAST OF SEVERAL OCCURRENCES

COLUMN 17 PEAK WIND IN M.P.H.

PRELIMINARY LOCAL CLIMATOLOGICAL DATA (WS FORM: F-6) , PAGE 2

                                          STATION:  CHATTANOOGA  ASOS
                                          MONTH:    APRIL
                                          YEAR:     2014
                                          LATITUDE:   35  1 N
                                          LONGITUDE:  85 12 W

[TEMPERATURE DATA]      [PRECIPITATION DATA]       SYMBOLS USED IN COLUMN 16

AVERAGE MONTHLY: 59.4   TOTAL FOR MONTH:   2.87    1 = FOG OR MIST
DPTR FM NORMAL:   0.7   DPTR FM NORMAL:    0.58    2 = FOG REDUCING VISIBILITY
HIGHEST:    84 ON  1    GRTST 24HR  2.30 ON  6- 7      TO 1/4 MILE OR LESS
LOWEST:     33 ON 11                               3 = THUNDER
                        SNOW, ICE PELLETS, HAIL    4 = ICE PELLETS
                        TOTAL MONTH:   0.0 INCH    5 = HAIL
                        GRTST 24HR     0.0         6 = FREEZING RAIN OR DRIZZLE
                        GRTST DEPTH:   0           7 = DUSTSTORM OR SANDSTORM:
                                                       VSBY 1/2 MILE OR LESS
                                                   8 = SMOKE OR HAZE
[NO. OF DAYS WITH]      [WEATHER - DAYS WITH]      9 = BLOWING SNOW
                                                   X = TORNADO
MAX 32 OR BELOW:   0    0.01 INCH OR MORE:   6
MAX 90 OR ABOVE:   0    0.10 INCH OR MORE:   5
MIN 32 OR BELOW:   0    0.50 INCH OR MORE:   1
MIN  0 OR BELOW:   0    1.00 INCH OR MORE:   1

[HDD (BASE 65) ]
TOTAL THIS MO.   108    CLEAR  (SCALE 0-3)   0
DPTR FM NORMAL   -15    PTCLDY (SCALE 4-7)   8
TOTAL FM JUL 1  3337    CLOUDY (SCALE 8-10)  1
DPTR FM NORMAL   188

[CDD (BASE 65) ]
TOTAL THIS MO.    15
DPTR FM NORMAL    -2    [PRESSURE DATA]
TOTAL FM JAN 1    15    HIGHEST SLP M ON M
DPTR FM NORMAL    -9    LOWEST  SLP 29.59 ON  7

[REMARKS]
