000
CXUS51 KLWX 200620
CF6CHO
PRELIMINARY LOCAL CLIMATOLOGICAL DATA (WS FORM: F-6)

                                          STATION:   CHARLOTTESVILLE VA
                                          MONTH:     SEPTEMBER
                                          YEAR:      2014
                                          LATITUDE:   38  7 N
                                          LONGITUDE:  78 27 W

  TEMPERATURE IN F:       :PCPN:    SNOW:  WIND      :SUNSHINE: SKY     :PK WND
================================================================================
1   2   3   4   5  6A  6B    7    8   9   10  11  12  13   14  15   16   17  18
                                     12Z  AVG MX 2MIN
DY MAX MIN AVG DEP HDD CDD  WTR  SNW DPTH SPD SPD DIR MIN PSBL S-S WX    SPD DR
================================================================================

 1  91  72  82  10   0  17 0.14    M    M  4.1 13 210   M    M   4 13     16 200
 2  93  71  82  11   0  17    T    M    M  4.5 14 210   M    M   1 3      17 210
 3  86  69  78   7   0  13 0.05    M    M  3.8 12 210   M    M   3 1      16 210
 4  86  70  78   7   0  13 0.05    M    M  3.5 12 190   M    M   5 1      14 180
 5  91  69  80   9   0  15 0.00    M    M  5.8 14 180   M    M   1 1      17 210
 6  91  71  81  11   0  16 0.00    M    M  3.5 15 200   M    M   1        21 200
 7  79  62  71   1   0   6 0.00    M    M  5.5 16  30   M    M   4        20  30
 8  72  61  67  -3   0   2 0.03    M    M  5.8 15  40   M    M   8        19  60
 9  74  64  69   0   0   4    T    M    M  4.6  9  20   M    M  10 18     14 100
10  80  67  74   5   0   9 0.00    M    M  4.4 14 210   M    M   5 1      16 210
11  89  67  78   9   0  13 0.00    M    M  6.6 15 190   M    M   4 1      18 210
12  77  64  71   3   0   6 0.00    M    M  6.2 12  50   M    M   7        15  40
13  75  56  66  -2   0   1 0.01    M    M  3.6 12 350   M    M   9 1      17 350
14  69  50  60  -8   5   0 0.00    M    M  2.9 12  60   M    M   7        14  70
15  75  51  63  -4   2   0 0.00    M    M  3.9 12 180   M    M   6 1      15 180
16  80  59  70   3   0   5 0.00    M    M  3.5 12 340   M    M   5 12     17 340
17  75  55  65  -1   0   0 0.00    M    M  2.3 10  40   M    M   5        13  90
18  77  53  65  -1   0   0    T    M    M  1.8  8  60   M    M   8        12 100
19  70  60  65  -1   0   0 0.00    M    M  3.5 13  50   M    M  10 1      17  40
================================================================================
SM 1530 1191         7 137  0.28    M     79.8          M      103
================================================================================
AV 80.5 62.7                               4.2 FASTST   M    M   5    MAX(MPH)
                                 MISC ---->  # 16  30               # 21  200
================================================================================
NOTES:
# LAST OF SEVERAL OCCURRENCES

COLUMN 17 PEAK WIND IN M.P.H.

PRELIMINARY LOCAL CLIMATOLOGICAL DATA (WS FORM: F-6) , PAGE 2

                                          STATION:  CHARLOTTESVILLE VA
                                          MONTH:    SEPTEMBER
                                          YEAR:     2014
                                          LATITUDE:   38  7 N
                                          LONGITUDE:  78 27 W

[TEMPERATURE DATA]      [PRECIPITATION DATA]       SYMBOLS USED IN COLUMN 16

AVERAGE MONTHLY: 71.6   TOTAL FOR MONTH:   0.28    1 = FOG OR MIST
DPTR FM NORMAL:   2.7   DPTR FM NORMAL:   -2.22    2 = FOG REDUCING VISIBILITY
HIGHEST:    93 ON  2    GRTST 24HR  0.14 ON  1- 1      TO 1/4 MILE OR LESS
LOWEST:     50 ON 14                               3 = THUNDER
                        SNOW, ICE PELLETS, HAIL    4 = ICE PELLETS
                        TOTAL MONTH:    M          5 = HAIL
                        GRTST 24HR    M  ON   M    6 = FREEZING RAIN OR DRIZZLE
                        GRTST DEPTH:  M  ON   M    7 = DUSTSTORM OR SANDSTORM:
                                                       VSBY 1/2 MILE OR LESS
                                                   8 = SMOKE OR HAZE
[NO. OF DAYS WITH]      [WEATHER - DAYS WITH]      9 = BLOWING SNOW
                                                   X = TORNADO
MAX 32 OR BELOW:   0    0.01 INCH OR MORE:   5
MAX 90 OR ABOVE:   4    0.10 INCH OR MORE:   1
MIN 32 OR BELOW:   0    0.50 INCH OR MORE:   0
MIN  0 OR BELOW:   0    1.00 INCH OR MORE:   0

[HDD (BASE 65) ]
TOTAL THIS MO.     7    CLEAR  (SCALE 0-3)   4
DPTR FM NORMAL    -8    PTCLDY (SCALE 4-7)  12
TOTAL FM JUL 1     7    CLOUDY (SCALE 8-10)  3
DPTR FM NORMAL   -11

[CDD (BASE 65) ]
TOTAL THIS MO.   137
DPTR FM NORMAL    47    [PRESSURE DATA]
TOTAL FM JAN 1  1065    HIGHEST SLP M ON M
DPTR FM NORMAL    65    LOWEST  SLP 29.85 ON  2

[REMARKS]
