000
CXUS55 KLOX 191655
CF6CMA
PRELIMINARY LOCAL CLIMATOLOGICAL DATA (WS FORM: F-6)

                                          STATION:   CAMARILLO AIRPORT CA
                                          MONTH:     NOVEMBER
                                          YEAR:      2017
                                          LATITUDE:   34 12 N
                                          LONGITUDE: 119  6 W

  TEMPERATURE IN F:       :PCPN:    SNOW:  WIND      :SUNSHINE: SKY     :PK WND
================================================================================
1   2   3   4   5  6A  6B    7    8   9   10  11  12  13   14  15   16   17  18
                                     12Z  AVG MX 2MIN
DY MAX MIN AVG DEP HDD CDD  WTR  SNW DPTH SPD SPD DIR MIN PSBL S-S WX    SPD DR
================================================================================

 1  70  63  67   6   0   2 0.00  0.0    0  3.8 13 260   M    M  10 8      15 250
 2  71  58  65   4   0   0 0.00  0.0    0  3.6 13 200   M    M  10        15 230
 3  72  57  65   4   0   0 0.04  0.0    0  5.1 14 210   M    M   2        18 210
 4  73  52  63   2   2   0 0.00  0.0    0  6.6 20 270   M    M   3        24 270
 5  71  56  64   3   1   0 0.00  0.0    0  4.6 14 210   M    M   4        19 270
 6  69  56  63   3   2   0    T  0.0    0  3.9 14 200   M    M   2        17 200
 7  73  53  63   3   2   0 0.00  0.0    0  3.6 13 220   M    M   1        16 210
 8  75  50  63   3   2   0 0.00  0.0    0  3.8 14 270   M    M   0        19 270
 9  72  54  63   3   2   0    T  0.0    0  5.4 15 280   M    M   5 1      17 250
10  69  57  63   3   2   0 0.00  0.0    0  4.5 14 230   M    M   5        16 230
11  72  49  61   1   4   0 0.00  0.0    0  3.2 14 240   M    M   0        17 230
12  70  50  60   1   5   0 0.00  0.0    0  3.5 10 220   M    M   0        13 210
13  73  47  60   1   5   0 0.00  0.0    0  2.9  9 260   M    M   0 8      13 230
14  77  48  63   4   2   0 0.00  0.0    0  3.7 13 270   M    M   0        16 270
15  74  51  63   4   2   0 0.00  0.0    0  3.6 10 220   M    M   0        18 230
16  75  56  66   8   0   1 0.03  0.0    0  3.9 10 260   M    M   3        12 190
17  72  53  63   5   2   0 0.00  0.0    0  4.8 17 260   M    M   4        21 260
18  81  45  63   5   2   0 0.00  0.0    0  5.8 20  70   M    M   0        25  80
================================================================================
SM 1309  955        35   3  0.07     0.0  76.2          M       49
================================================================================
AV 72.7 53.1                               4.2 FASTST   M    M   3    MAX(MPH)
                                 MISC ---->    20   M               # 25   80
================================================================================
NOTES:
# LAST OF SEVERAL OCCURRENCES

COLUMN 17 PEAK WIND IN M.P.H.

PRELIMINARY LOCAL CLIMATOLOGICAL DATA (WS FORM: F-6) , PAGE 2

                                          STATION:  CAMARILLO AIRPORT CA
                                          MONTH:    NOVEMBER
                                          YEAR:     2017
                                          LATITUDE:   34 12 N
                                          LONGITUDE: 119  6 W

[TEMPERATURE DATA]      [PRECIPITATION DATA]       SYMBOLS USED IN COLUMN 16

AVERAGE MONTHLY: 62.9   TOTAL FOR MONTH:   0.07    1 = FOG OR MIST
DPTR FM NORMAL:   3.2   DPTR FM NORMAL:   -0.81    2 = FOG REDUCING VISIBILITY
HIGHEST:    81 ON 18    GRTST 24HR  0.04 ON  3- 3      TO 1/4 MILE OR LESS
LOWEST:     45 ON 18                               3 = THUNDER
                        SNOW, ICE PELLETS, HAIL    4 = ICE PELLETS
                        TOTAL MONTH:   0.0 INCH    5 = HAIL
                        GRTST 24HR     0.0         6 = FREEZING RAIN OR DRIZZLE
                        GRTST DEPTH:   0           7 = DUSTSTORM OR SANDSTORM:
                                                       VSBY 1/2 MILE OR LESS
                                                   8 = SMOKE OR HAZE
[NO. OF DAYS WITH]      [WEATHER - DAYS WITH]      9 = BLOWING SNOW
                                                   X = TORNADO
MAX 32 OR BELOW:   0    0.01 INCH OR MORE:   2
MAX 90 OR ABOVE:   0    0.10 INCH OR MORE:   0
MIN 32 OR BELOW:   0    0.50 INCH OR MORE:   0
MIN  0 OR BELOW:   0    1.00 INCH OR MORE:   0

[HDD (BASE 65) ]
TOTAL THIS MO.    35    CLEAR  (SCALE 0-3)  12
DPTR FM NORMAL   -71    PTCLDY (SCALE 4-7)   4
TOTAL FM JUL 1    56    CLOUDY (SCALE 8-10)  2
DPTR FM NORMAL  -173

[CDD (BASE 65) ]
TOTAL THIS MO.     3
DPTR FM NORMAL   -10    [PRESSURE DATA]
TOTAL FM JAN 1   839    HIGHEST SLP M ON M
DPTR FM NORMAL   510    LOWEST  SLP 29.86 ON  1

[REMARKS]
