000
CXUS53 KARX 250930
CF6CMY
PRELIMINARY LOCAL CLIMATOLOGICAL DATA (WS FORM: F-6)

                                          STATION:   SPARTA - FORT MCCOY WI
                                          MONTH:     AUGUST
                                          YEAR:      2016
                                          LATITUDE:   43 58 N
                                          LONGITUDE:  90 44 W

  TEMPERATURE IN F:       :PCPN:    SNOW:  WIND      :SUNSHINE: SKY     :PK WND
================================================================================
1   2   3   4   5  6A  6B    7    8   9   10  11  12  13   14  15   16   17  18
                                     12Z  AVG MX 2MIN
DY MAX MIN AVG DEP HDD CDD  WTR  SNW DPTH SPD SPD DIR MIN PSBL S-S WX    SPD DR
================================================================================

 1  84  53  69   M   0   4 0.00  0.0    0  3.8 10 160   M    M   2        16 160
 2  87  61  74   M   0   9 0.00  0.0    0  2.3  7 170   M    M   4         M  M
 3  90  62  76   M   0  11 0.00  0.0    0  1.3  6 210   M    M   3 12      M  M
 4  87  67  77   M   0  12 0.86  0.0    0  5.2 14 170   M    M   5 3      20 170
 5  78  56  67   M   0   2 0.00  0.0    0  5.1 10 300   M    M   3        20 290
 6  80  50  65   M   0   0 0.00  0.0    0  3.0  9 300   M    M   1        17 300
 7  80  52  66   M   0   1 0.00  0.0    0  1.2  5 190   M    M   2         M  M
 8  81  50  66   M   0   1 0.00  0.0    0  3.6 10 160   M    M   1         M  M
 9  85  58  72   M   0   7 0.00  0.0    0  3.1  9 210   M    M   3        16 210
10  89  61  75   M   0  10 0.00  0.0    0  4.4 13 170   M    M   2        16 170
11  85  71  78   M   0  13    M  0.0    0  6.6 17 180   M    M   2 3      27 180
12  82  67  75   M   0  10 0.56  0.0    0  2.8  8 350   M    M   9         M  M
13  80  59  70   M   0   5 0.15  0.0    0  5.1 12 290   M    M   6         M  M
14  81  54  68   M   0   3 0.00  0.0    0  2.5  8 270   M    M   2 12      M  M
15  82  51  67   M   0   2 0.00  0.0    0  1.8  7 150   M    M   2 1       M  M
16  83  60  72   M   0   7 0.56  0.0    0  2.3  9 240   M    M   6 123     M  M
17  83  61  72   M   0   7 0.02  0.0    0  0.8  5 300   M    M   4         M  M
18  85  59  72   M   0   7    T  0.0    0  2.3  7 190   M    M   3 123    17 210
19  76  64  70   M   0   5 1.80  0.0    0  4.8 20 310   M    M   4 3      29 310
20  70  56  63   M   2   0 0.29  0.0    0  6.4 15 300   M    M   7        28 290
21  72  48  60   M   5   0 0.00  0.0    0  6.1 13 300   M    M   6        18 340
22  79  44  62   M   3   0 0.00  0.0    0  6.1 15 170   M    M   1        21 170
23  82  63  73   M   0   8 0.45  0.0    0  7.4 15 190   M    M   2 3      24 190
24  81  64  73   M   0   8 0.38  0.0    0  4.8 17 170   M    M   6 3      21 170
================================================================================
SM 1962 1391        10 132  5.07     0.0  92.8          M       86
================================================================================
AV 81.8 58.0                               3.9 FASTST   M    M   4    MAX(MPH)
                                 MISC ---->    20   M                 29    M
================================================================================
NOTES:
# LAST OF SEVERAL OCCURRENCES

COLUMN 17 PEAK WIND IN M.P.H.

PRELIMINARY LOCAL CLIMATOLOGICAL DATA (WS FORM: F-6) , PAGE 2

                                          STATION:  SPARTA - FORT MCCOY WI
                                          MONTH:    AUGUST
                                          YEAR:     2016
                                          LATITUDE:   43 58 N
                                          LONGITUDE:  90 44 W

[TEMPERATURE DATA]      [PRECIPITATION DATA]       SYMBOLS USED IN COLUMN 16

AVERAGE MONTHLY: 69.9   TOTAL FOR MONTH:   5.07    1 = FOG OR MIST
DPTR FM NORMAL:     M   DPTR FM NORMAL:       M    2 = FOG REDUCING VISIBILITY
HIGHEST:    90 ON  3    GRTST 24HR  1.80 ON 19-19      TO 1/4 MILE OR LESS
LOWEST:     44 ON 22                               3 = THUNDER
                        SNOW, ICE PELLETS, HAIL    4 = ICE PELLETS
                        TOTAL MONTH:   0.0 INCH    5 = HAIL
                        GRTST 24HR     0.0         6 = FREEZING RAIN OR DRIZZLE
                        GRTST DEPTH:   0           7 = DUSTSTORM OR SANDSTORM:
                                                       VSBY 1/2 MILE OR LESS
                                                   8 = SMOKE OR HAZE
[NO. OF DAYS WITH]      [WEATHER - DAYS WITH]      9 = BLOWING SNOW
                                                   X = TORNADO
MAX 32 OR BELOW:   0    0.01 INCH OR MORE:   9
MAX 90 OR ABOVE:   1    0.10 INCH OR MORE:   8
MIN 32 OR BELOW:   0    0.50 INCH OR MORE:   4
MIN  0 OR BELOW:   0    1.00 INCH OR MORE:   1

[HDD (BASE 65) ]
TOTAL THIS MO.    10    CLEAR  (SCALE 0-3)  12
DPTR FM NORMAL     M    PTCLDY (SCALE 4-7)  11
TOTAL FM JUL 1    23    CLOUDY (SCALE 8-10)  1
DPTR FM NORMAL     M

[CDD (BASE 65) ]
TOTAL THIS MO.   132
DPTR FM NORMAL     M    [PRESSURE DATA]
TOTAL FM JAN 1   420    HIGHEST SLP M ON M
DPTR FM NORMAL     M    LOWEST  SLP M ON M

[REMARKS]
