000
CXUS53 KARX 180930
CF6CMY
PRELIMINARY LOCAL CLIMATOLOGICAL DATA (WS FORM: F-6)

                                          STATION:   SPARTA - FORT MCCOY WI
                                          MONTH:     NOVEMBER
                                          YEAR:      2017
                                          LATITUDE:   43 58 N
                                          LONGITUDE:  90 44 W

  TEMPERATURE IN F:       :PCPN:    SNOW:  WIND      :SUNSHINE: SKY     :PK WND
================================================================================
1   2   3   4   5  6A  6B    7    8   9   10  11  12  13   14  15   16   17  18
                                     12Z  AVG MX 2MIN
DY MAX MIN AVG DEP HDD CDD  WTR  SNW DPTH SPD SPD DIR MIN PSBL S-S WX    SPD DR
================================================================================

 1  40  18  29   M  36   0 0.14    T    0  4.8 12 140   M    M   8         M  M
 2  45  37  41   M  24   0 0.05  0.0    0  4.3 10 330   M    M  10 1      17 310
 3  40  22  31   M  34   0 0.00  0.0    0  5.0 12 340   M    M   5         M  M
 4  41  34  38   M  27   0 0.04    M    0  7.3 13 100   M    M  10 1      17  90
 5  43  30  37   M  28   0 0.01  0.0    0  6.8 14 310   M    M  10 1      22 310
 6  35  20  28   M  37   0 0.00  0.0    0  3.2 10 320   M    M   6         M  M
 7  40  19  30   M  35   0 0.00  0.0    0  2.0  8 290   M    M   2         M  M
 8  41  16  29   M  36   0 0.00  0.0    0  2.7  8 260   M    M   4         M  M
 9  40  11  26   M  39   0    T    M    M 10.9 18 320   M    M   5        28 320
10  28   3  16   M  49   0 0.00  0.0    0  5.5 13 170   M    M   3        22 170
11  34  28  31   M  34   0 0.00  0.0    0  5.3 10 170   M    M  10        17 160
12  44  19  32   M  33   0 0.00  0.0    0  1.0  6 270   M    M   2         M  M
13  45  16  31   M  34   0 0.00  0.0    0  3.0 10 200   M    M   2 1       M  M
14  42  37  40   M  25   0 0.00  0.0    0  5.7  8 180   M    M  10 1       M  M
15  45  31  38   M  27   0    M  0.0    0 11.2 22 290   M    M  10 1      29 300
16  36  29  33   M  32   0 0.00  0.0    0  8.2 15 320   M    M   6        21 320
17  38  33  36   M  29   0 0.08  0.0    0  5.9 14 150   M    M  10 1      20 150
================================================================================
SM  677  403       559   0  0.32    T     92.8          M      113
================================================================================
AV 39.8 23.7                               5.5 FASTST   M    M   7    MAX(MPH)
                                 MISC ---->  # 22 290               # 29  300
================================================================================
NOTES:
# LAST OF SEVERAL OCCURRENCES

COLUMN 17 PEAK WIND IN M.P.H.

PRELIMINARY LOCAL CLIMATOLOGICAL DATA (WS FORM: F-6) , PAGE 2

                                          STATION:  SPARTA - FORT MCCOY WI
                                          MONTH:    NOVEMBER
                                          YEAR:     2017
                                          LATITUDE:   43 58 N
                                          LONGITUDE:  90 44 W

[TEMPERATURE DATA]      [PRECIPITATION DATA]       SYMBOLS USED IN COLUMN 16

AVERAGE MONTHLY: 31.8   TOTAL FOR MONTH:   0.32    1 = FOG OR MIST
DPTR FM NORMAL:     M   DPTR FM NORMAL:       M    2 = FOG REDUCING VISIBILITY
HIGHEST:    45 ON 15,13 GRTST 24HR  0.14 ON  1- 1      TO 1/4 MILE OR LESS
LOWEST:      3 ON 10                               3 = THUNDER
                        SNOW, ICE PELLETS, HAIL    4 = ICE PELLETS
                        TOTAL MONTH:    T          5 = HAIL
                        GRTST 24HR    T  ON  1- 1  6 = FREEZING RAIN OR DRIZZLE
                        GRTST DEPTH:   0           7 = DUSTSTORM OR SANDSTORM:
                                                       VSBY 1/2 MILE OR LESS
                                                   8 = SMOKE OR HAZE
[NO. OF DAYS WITH]      [WEATHER - DAYS WITH]      9 = BLOWING SNOW
                                                   X = TORNADO
MAX 32 OR BELOW:   1    0.01 INCH OR MORE:   5
MAX 90 OR ABOVE:   0    0.10 INCH OR MORE:   1
MIN 32 OR BELOW:  13    0.50 INCH OR MORE:   0
MIN  0 OR BELOW:   0    1.00 INCH OR MORE:   0

[HDD (BASE 65) ]
TOTAL THIS MO.   559    CLEAR  (SCALE 0-3)   4
DPTR FM NORMAL     M    PTCLDY (SCALE 4-7)   5
TOTAL FM JUL 1  1314    CLOUDY (SCALE 8-10)  8
DPTR FM NORMAL     M

[CDD (BASE 65) ]
TOTAL THIS MO.     0
DPTR FM NORMAL     M    [PRESSURE DATA]
TOTAL FM JAN 1   345    HIGHEST SLP M ON M
DPTR FM NORMAL     M    LOWEST  SLP M ON M

[REMARKS]
