000
CXUS53 KARX 310652
CF6CMY
PRELIMINARY LOCAL CLIMATOLOGICAL DATA (WS FORM: F-6)

                                          STATION:   SPARTA - FORT MCCOY WI
                                          MONTH:     JULY
                                          YEAR:      2014
                                          LATITUDE:   43 58 N
                                          LONGITUDE:  90 44 W

  TEMPERATURE IN F:       :PCPN:    SNOW:  WIND      :SUNSHINE: SKY     :PK WND
================================================================================
1   2   3   4   5  6A  6B    7    8   9   10  11  12  13   14  15   16   17  18
                                     12Z  AVG MX 2MIN
DY MAX MIN AVG DEP HDD CDD  WTR  SNW DPTH SPD SPD DIR MIN PSBL S-S WX    SPD DR
================================================================================

 1  77  59  68   M   0   3 0.20  0.0    0  7.1 15 250   M    M   6        29 250
 2  71  48  60   M   5   0    T  0.0    0  5.3 10 340   M    M   7 1      17 340
 3  76  42  59   M   6   0 0.00  0.0    0  2.3  9 270   M    M   4 1      16 300
 4  80  47  64   M   1   0 0.00  0.0    0  3.1  9 170   M    M   2         M  M
 5  79  60  70   M   0   5 0.00  0.0    0  8.0 16 190   M    M   5        25 190
 6  82  64  73   M   0   8 0.23  0.0    0  4.0  9 190   M    M   6 13     17 210
 7  85  57  71   M   0   6 2.00  0.0    0  3.9  9 100   M    M   3 13     18 250
 8  76  55  66   M   0   1 0.00  0.0    0  7.2 16 290   M    M   5        24 300
 9  75  53  64   M   1   0 0.00  0.0    0  4.2 12 340   M    M   2        17 290
10  81  47  64   M   1   0 0.00  0.0    0  4.1 12 170   M    M   2         M  M
11  77  64  71   M   0   6 0.00  0.0    0  6.1 16 170   M    M   4        25 180
12  75  60  68   M   0   3 0.75  0.0    0  1.0  7 350   M    M   7 1       M  M
13  77  55  66   M   0   1 0.00  0.0    0  4.9 13 310   M    M   5 12     20 300
14  70  46  58   M   7   0 0.03  0.0    0  6.0 17 300   M    M   6        24 310
15  69  47  58   M   7   0 0.05  0.0    0  7.0 14 300   M    M   7        18 320
16  73  44  59   M   6   0 0.00  0.0    0  1.8  7 320   M    M   4 12      M  M
17  76  42  59   M   6   0 0.00  0.0    0  1.4  7 180   M    M   2         M  M
18  80  51  66   M   0   1 0.00  0.0    0  4.3 15 190   M    M   5        23 190
19  80  57  69   M   0   4 0.00  0.0    0  5.5 12 180   M    M   6        18 190
20  83  66  75   M   0  10 0.00  0.0    0  6.2 12 200   M    M   5        23 200
21  88  68  78   M   0  13 0.00  0.0    0  6.8 13 160   M    M   5        20 200
22  90  67  79   M   0  14 0.00  0.0    0  7.7 15 320   M    M   3        21 320
23  82  52  67   M   0   2 0.00  0.0    0  2.8  8 300   M    M   2         M  M
24  79  46  63   M   2   0 0.00  0.0    0  2.3  6 120   M    M   2         M  M
25  75  56  66   M   0   1 0.11  0.0    0  5.1 16 180   M    M   7        24 180
26  80  64  72   M   0   7    T  0.0    0  2.4  8 250   M    M   6 13      M  M
27  75  54  65   M   0   0 0.07  0.0    0  8.2 17 320   M    M   5        25 310
28  74  46  60   M   5   0 0.00  0.0    0  4.5 13 330   M    M   2        18 320
29  80  47  64   M   1   0 0.27  0.0    0  3.5 14 290   M    M   4         M  M
30  76  53  65   M   0   0 0.05  0.0    0  2.3 13  20   M    M   6 12     17  20
================================================================================
SM 2341 1617        48  85  3.76     0.0 139.0          M      135
================================================================================
AV 78.0 53.9                               4.6 FASTST   M    M   5    MAX(MPH)
                                 MISC ---->    17   M                 29    M
================================================================================
NOTES:
# LAST OF SEVERAL OCCURRENCES

COLUMN 17 PEAK WIND IN M.P.H.

PRELIMINARY LOCAL CLIMATOLOGICAL DATA (WS FORM: F-6) , PAGE 2

                                          STATION:  SPARTA - FORT MCCOY WI
                                          MONTH:    JULY
                                          YEAR:     2014
                                          LATITUDE:   43 58 N
                                          LONGITUDE:  90 44 W

[TEMPERATURE DATA]      [PRECIPITATION DATA]       SYMBOLS USED IN COLUMN 16

AVERAGE MONTHLY: 66.0   TOTAL FOR MONTH:   3.76    1 = FOG OR MIST
DPTR FM NORMAL:     M   DPTR FM NORMAL:       M    2 = FOG REDUCING VISIBILITY
HIGHEST:    90 ON 22    GRTST 24HR  2.00 ON  7- 7      TO 1/4 MILE OR LESS
LOWEST:     42 ON 17, 3                            3 = THUNDER
                        SNOW, ICE PELLETS, HAIL    4 = ICE PELLETS
                        TOTAL MONTH:   0.0 INCH    5 = HAIL
                        GRTST 24HR     0.0         6 = FREEZING RAIN OR DRIZZLE
                        GRTST DEPTH:   0           7 = DUSTSTORM OR SANDSTORM:
                                                       VSBY 1/2 MILE OR LESS
                                                   8 = SMOKE OR HAZE
[NO. OF DAYS WITH]      [WEATHER - DAYS WITH]      9 = BLOWING SNOW
                                                   X = TORNADO
MAX 32 OR BELOW:   0    0.01 INCH OR MORE:  10
MAX 90 OR ABOVE:   1    0.10 INCH OR MORE:   6
MIN 32 OR BELOW:   0    0.50 INCH OR MORE:   2
MIN  0 OR BELOW:   0    1.00 INCH OR MORE:   1

[HDD (BASE 65) ]
TOTAL THIS MO.    48    CLEAR  (SCALE 0-3)   8
DPTR FM NORMAL     M    PTCLDY (SCALE 4-7)  22
TOTAL FM JUL 1    48    CLOUDY (SCALE 8-10)  0
DPTR FM NORMAL     M

[CDD (BASE 65) ]
TOTAL THIS MO.    85
DPTR FM NORMAL     M    [PRESSURE DATA]
TOTAL FM JAN 1   240    HIGHEST SLP M ON M
DPTR FM NORMAL     M    LOWEST  SLP M ON M

[REMARKS]
