000
CXUS53 KARX 170930
CF6CMY
PRELIMINARY LOCAL CLIMATOLOGICAL DATA (WS FORM: F-6)

                                          STATION:   SPARTA - FORT MCCOY WI
                                          MONTH:     JANUARY
                                          YEAR:      2018
                                          LATITUDE:   43 58 N
                                          LONGITUDE:  90 44 W

  TEMPERATURE IN F:       :PCPN:    SNOW:  WIND      :SUNSHINE: SKY     :PK WND
================================================================================
1   2   3   4   5  6A  6B    7    8   9   10  11  12  13   14  15   16   17  18
                                     12Z  AVG MX 2MIN
DY MAX MIN AVG DEP HDD CDD  WTR  SNW DPTH SPD SPD DIR MIN PSBL S-S WX    SPD DR
================================================================================

 1   2 -21  -9   M  74   0 0.00  0.0    1  3.3  9 290   M    M   0         M  M
 2  15 -10   3   M  62   0    T    T    1  5.6 12 230   M    M   2        23 230
 3  13 -14   0   M  65   0    T    T    1  7.3 15 320   M    M   2        20 320
 4   9 -22  -6   M  71   0 0.00  0.0    1  1.2  6 300   M    M   0         M  M
 5   8 -23  -7   M  72   0 0.00  0.0    1  1.8  9 300   M    M   0         M  M
 6  13 -23  -5   M  70   0 0.00  0.0    1  3.8 12 180   M    M   2        17 180
 7  33  10  22   M  43   0 0.00  0.0    1  7.0 13 200   M    M   8        20 210
 8  40  17  29   M  36   0 0.00  0.0    M  4.7 12 260   M    M   2        16 260
 9  45  17  31   M  34   0 0.00  0.0    M  4.0 13 160   M    M   3        17 160
10  38  32  35   M  30   0 0.00  0.0    M  7.0 13 180   M    M   9 1      18 170
11  39   8  24   M  41   0    M    M    M  7.7 14 320   M    M   9 1      23 320
12  13  -4   5   M  60   0 0.00  0.0    M  9.5 15 320   M    M   4        24 320
13   7 -14  -3   M  68   0 0.00  0.0    M  2.0  8 300   M    M   0         M  M
14  18 -17   1   M  64   0    M    M    M  5.0 14 160   M    M   6        18 150
15  18   8  13   M  52   0    M    M    M  5.9 13 300   M    M   4        17 300
16  18  -5   7   M  58   0    M    M    M  3.0  8 280   M    M   3         M  M
================================================================================
SM  329  -61       900   0    T     T     78.8          M       54
================================================================================
AV 20.6 -3.8                               4.9 FASTST   M    M   3    MAX(MPH)
                                 MISC ---->  # 15 320               # 24  320
================================================================================
NOTES:
# LAST OF SEVERAL OCCURRENCES

COLUMN 17 PEAK WIND IN M.P.H.

PRELIMINARY LOCAL CLIMATOLOGICAL DATA (WS FORM: F-6) , PAGE 2

                                          STATION:  SPARTA - FORT MCCOY WI
                                          MONTH:    JANUARY
                                          YEAR:     2018
                                          LATITUDE:   43 58 N
                                          LONGITUDE:  90 44 W

[TEMPERATURE DATA]      [PRECIPITATION DATA]       SYMBOLS USED IN COLUMN 16

AVERAGE MONTHLY:  8.4   TOTAL FOR MONTH:      T    1 = FOG OR MIST
DPTR FM NORMAL:     M   DPTR FM NORMAL:       M    2 = FOG REDUCING VISIBILITY
HIGHEST:    45 ON  9    GRTST 24HR    T  ON  3- 3      TO 1/4 MILE OR LESS
LOWEST:    -23 ON  6, 5                            3 = THUNDER
                        SNOW, ICE PELLETS, HAIL    4 = ICE PELLETS
                        TOTAL MONTH:    T          5 = HAIL
                        GRTST 24HR    T  ON  3- 3  6 = FREEZING RAIN OR DRIZZLE
                        GRTST DEPTH:   1 ON  7, 6  7 = DUSTSTORM OR SANDSTORM:
                                                       VSBY 1/2 MILE OR LESS
                                                   8 = SMOKE OR HAZE
[NO. OF DAYS WITH]      [WEATHER - DAYS WITH]      9 = BLOWING SNOW
                                                   X = TORNADO
MAX 32 OR BELOW:  11    0.01 INCH OR MORE:   0
MAX 90 OR ABOVE:   0    0.10 INCH OR MORE:   0
MIN 32 OR BELOW:  16    0.50 INCH OR MORE:   0
MIN  0 OR BELOW:  10    1.00 INCH OR MORE:   0

[HDD (BASE 65) ]
TOTAL THIS MO.   900    CLEAR  (SCALE 0-3)  10
DPTR FM NORMAL     M    PTCLDY (SCALE 4-7)   4
TOTAL FM JUL 1  4031    CLOUDY (SCALE 8-10)  2
DPTR FM NORMAL     M

[CDD (BASE 65) ]
TOTAL THIS MO.     0
DPTR FM NORMAL     M    [PRESSURE DATA]
TOTAL FM JAN 1     0    HIGHEST SLP M ON M
DPTR FM NORMAL     M    LOWEST  SLP M ON M

[REMARKS]
