000
CXUS53 KARX 300930
CF6CMY
PRELIMINARY LOCAL CLIMATOLOGICAL DATA (WS FORM: F-6)

                                          STATION:   SPARTA - FORT MCCOY WI
                                          MONTH:     JANUARY
                                          YEAR:      2015
                                          LATITUDE:   43 58 N
                                          LONGITUDE:  90 44 W

  TEMPERATURE IN F:       :PCPN:    SNOW:  WIND      :SUNSHINE: SKY     :PK WND
================================================================================
1   2   3   4   5  6A  6B    7    8   9   10  11  12  13   14  15   16   17  18
                                     12Z  AVG MX 2MIN
DY MAX MIN AVG DEP HDD CDD  WTR  SNW DPTH SPD SPD DIR MIN PSBL S-S WX    SPD DR
================================================================================

 1  28  11  20   M  45   0 0.00  0.0    0  5.5 13 260   M    M   7        20 260
 2  30   3  17   M  48   0 0.00  0.0    0  0.8  5 190   M    M   1         M  M
 3  32  20  26   M  39   0 0.02    M    T  1.2  7 130   M    M  10 1       M  M
 4  29  -8  11   M  54   0    M    M    1 11.1 16 310   M    M   3 18     25 330
 5   1 -14  -6   M  71   0    M    M    1  4.1 12 250   M    M   3 8       M  M
 6  11 -19  -4   M  69   0    T    T    2  5.7 13 320   M    M   1 8      21 320
 7   2  -8  -3   M  68   0 0.00  0.0    2  9.5 16 310   M    M   0        23 310
 8  13  -9   2   M  63   0    M    M    2  7.4 18 300   M    M   6 8      30 300
 9   8  -6   1   M  64   0    M    M    2 11.4 21 300   M    M   1        31 300
10  20 -16   2   M  63   0 0.00  0.0    2  3.2  8 220   M    M   5         M  M
11  23  -2  11   M  54   0    M    M    2  1.9  9 320   M    M   4         M  M
12  15 -16   0   M  65   0 0.00  0.0    2  3.7 13  10   M    M   0        17  10
13  20 -23  -1   M  66   0 0.00  0.0    2  1.2  7 190   M    M   0         M  M
14  23  -3  10   M  55   0    T    T    2  1.9  7 260   M    M   9         M  M
15  37  19  28   M  37   0 0.00  0.0    2  4.6 13 280   M    M   6        16 280
16  32  22  27   M  38   0 0.00  0.0    2  7.1 15 110   M    M   9        22 110
17  41  24  33   M  32   0 0.00  0.0    1  6.0 17 270   M    M   5 1      24 270
18  40  28  34   M  31   0 0.00  0.0    0  5.5  9 250   M    M   7         M  M
19  33  17  25   M  40   0    M    M    0  2.4  8 160   M    M   8         M  M
20  32  28  30   M  35   0    M    M    0  5.3 10  80   M    M  10 1       M  M
21  31  28  30   M  35   0    M    M    2  2.8  7 310   M    M   9 1       M  M
22  30  26  28   M  37   0 0.00  0.0    2  4.7 10 230   M    M  10        17 230
23  36  26  31   M  34   0 0.00  0.0    2  6.1  9 210   M    M   6        18 210
24  39  29  34   M  31   0 0.00  0.0    1  3.2  7 280   M    M   9 1       M  M
25  34  16  25   M  40   0    M    M    0  7.7 21  60   M    M   8        24  60
26  27  12  20   M  45   0    M    M    1  1.9  6 170   M    M   9 1       M  M
27  28  25  27   M  38   0 0.00  0.0    M  2.2  7 350   M    M  10 1       M  M
28  33  26  30   M  35   0 0.01  0.0    M  7.2 15 160   M    M   9 18     20 160
29  34  19  27   M  38   0 0.00  0.0    0 11.0 18 330   M    M  10 1      28 320
================================================================================
SM  762  255      1370   0  0.03    T    146.3          M      175
================================================================================
AV 26.3  8.8                               5.0 FASTST   M    M   6    MAX(MPH)
                                 MISC ---->    21   M                 31    M
================================================================================
NOTES:
# LAST OF SEVERAL OCCURRENCES

COLUMN 17 PEAK WIND IN M.P.H.

PRELIMINARY LOCAL CLIMATOLOGICAL DATA (WS FORM: F-6) , PAGE 2

                                          STATION:  SPARTA - FORT MCCOY WI
                                          MONTH:    JANUARY
                                          YEAR:     2015
                                          LATITUDE:   43 58 N
                                          LONGITUDE:  90 44 W

[TEMPERATURE DATA]      [PRECIPITATION DATA]       SYMBOLS USED IN COLUMN 16

AVERAGE MONTHLY: 17.5   TOTAL FOR MONTH:   0.03    1 = FOG OR MIST
DPTR FM NORMAL:     M   DPTR FM NORMAL:       M    2 = FOG REDUCING VISIBILITY
HIGHEST:    41 ON 17    GRTST 24HR  0.02 ON  3- 3      TO 1/4 MILE OR LESS
LOWEST:    -23 ON 13                               3 = THUNDER
                        SNOW, ICE PELLETS, HAIL    4 = ICE PELLETS
                        TOTAL MONTH:    T          5 = HAIL
                        GRTST 24HR    T  ON 14-14  6 = FREEZING RAIN OR DRIZZLE
                        GRTST DEPTH:   2 ON 23,22  7 = DUSTSTORM OR SANDSTORM:
                                                       VSBY 1/2 MILE OR LESS
                                                   8 = SMOKE OR HAZE
[NO. OF DAYS WITH]      [WEATHER - DAYS WITH]      9 = BLOWING SNOW
                                                   X = TORNADO
MAX 32 OR BELOW:  20    0.01 INCH OR MORE:   2
MAX 90 OR ABOVE:   0    0.10 INCH OR MORE:   0
MIN 32 OR BELOW:  29    0.50 INCH OR MORE:   0
MIN  0 OR BELOW:  11    1.00 INCH OR MORE:   0

[HDD (BASE 65) ]
TOTAL THIS MO.  1370    CLEAR  (SCALE 0-3)   8
DPTR FM NORMAL     M    PTCLDY (SCALE 4-7)  10
TOTAL FM JUL 1  4619    CLOUDY (SCALE 8-10) 11
DPTR FM NORMAL     M

[CDD (BASE 65) ]
TOTAL THIS MO.     0
DPTR FM NORMAL     M    [PRESSURE DATA]
TOTAL FM JAN 1     0    HIGHEST SLP M ON M
DPTR FM NORMAL     M    LOWEST  SLP M ON M

[REMARKS]
