000
CXUS53 KTOP 310800
CF6CNK
PRELIMINARY LOCAL CLIMATOLOGICAL DATA (WS FORM: F-6)

                                          STATION:   Concordia KS
                                          MONTH:     MAY
                                          YEAR:      2016
                                          LATITUDE:   39 32 N
                                          LONGITUDE:  97 39 W

  TEMPERATURE IN F:       :PCPN:    SNOW:  WIND      :SUNSHINE: SKY     :PK WND
================================================================================
1   2   3   4   5  6A  6B    7    8   9   10  11  12  13   14  15   16   17  18
                                     12Z  AVG MX 2MIN
DY MAX MIN AVG DEP HDD CDD  WTR  SNW DPTH SPD SPD DIR MIN PSBL S-S WX    SPD DR
================================================================================

 1  50  43  47 -11  18   0 0.01  0.0    0 11.0 23 340   M    M  10 1      29 340
 2  63  45  54  -5  11   0    T  0.0    0  5.7 15 320   M    M   6        17 320
 3  73  39  56  -3   9   0 0.00  0.0    0  5.9 15 330   M    M   2        18 320
 4  72  49  61   2   4   0 0.00  0.0    0 10.4 20 360   M    M   0        26 340
 5  80  41  61   1   4   0 0.00  0.0    0  4.7 12 180   M    M   0        17 260
 6  83  53  68   8   0   3 0.00  0.0    0 14.4 22 170   M    M   0        29 170
 7  82  54  68   8   0   3    T  0.0    0  8.4 21 200   M    M   0        27 190
 8  76  57  67   7   0   2 0.34  0.0    0 12.8 26 140   M    M   5 138    34 130
 9  78  50  64   3   1   0 1.59  0.0    0 11.0 32 160   M    M   3 13     43 170
10  82  48  65   4   0   0 0.00  0.0    0  5.8 13 150   M    M   0 1      15 150
11  72  52  62   0   3   0 0.57  0.0    0 14.6 31 330   M    M   4 13     45 340
12  73  47  60  -2   5   0 0.00  0.0    0  9.3 21 290   M    M   1        27 300
13  79  44  62   0   3   0 0.00  0.0    0 16.8 31 360   M    M   0        44 330
14  61  41  51 -11  14   0 0.00  0.0    0  8.9 21 350   M    M   1        27 340
15  61  42  52 -11  13   0 0.23  0.0    0  7.1 14  60   M    M   6 1      18  50
16  52  46  49 -14  16   0 1.93  0.0    0  9.3 15  70   M    M  10 1      21  70
17  66  48  57  -6   8   0 0.01  0.0    0  9.1 16  40   M    M   6 1      20  20
18  69  43  56  -8   9   0 0.00  0.0    0  6.8 12 190   M    M   2        18 210
19  66  44  55  -9  10   0 0.08  0.0    0  8.8 17 180   M    M   5 1      27 180
20  65  53  59  -5   6   0 0.01  0.0    0  8.2 17 130   M    M  10 1      21 130
21  68  52  60  -5   5   0 0.00  0.0    0 11.6 21 130   M    M   9        26 130
22  81  59  70   5   0   5 0.00  0.0    0 18.0 29 160   M    M   6        36 180
23  75  65  70   5   0   5 0.02  0.0    0 13.5 24 170   M    M   4 13     31 170
24  81  59  70   4   0   5 1.83  0.0    0 12.8 41 210   M    M   5 13     54 210
25  79  59  69   3   0   4 0.08  0.0    0  8.5 28 150   M    M   7 13     34  80
26  80  56  68   2   0   3 1.12  0.0    0  9.7 29 180   M    M   4 138    38 190
27  78  54  66  -1   0   1 0.18  0.0    0  7.0 23 100   M    M   4 13     35  90
28  77  57  67   0   0   2 0.02  0.0    0  8.8 17 270   M    M   5        23 260
29  85  58  72   5   0   7 0.03  0.0    0  6.8 25 170   M    M   1 13     29 170
30  82  62  72   4   0   7    T  0.0    0 11.3 29 280   M    M   0 3      37 280
================================================================================
SM 2189 1520       139  47  8.05     0.0 297.0          M      116
================================================================================
AV 73.0 50.7                               9.9 FASTST   M    M   4    MAX(MPH)
                                 MISC ---->  # 41 210               # 54  210
================================================================================
NOTES:
# LAST OF SEVERAL OCCURRENCES

COLUMN 17 PEAK WIND IN M.P.H.

PRELIMINARY LOCAL CLIMATOLOGICAL DATA (WS FORM: F-6) , PAGE 2

                                          STATION:  Concordia KS
                                          MONTH:    MAY
                                          YEAR:     2016
                                          LATITUDE:   39 32 N
                                          LONGITUDE:  97 39 W

[TEMPERATURE DATA]      [PRECIPITATION DATA]       SYMBOLS USED IN COLUMN 16

AVERAGE MONTHLY: 61.8   TOTAL FOR MONTH:   8.05    1 = FOG OR MIST
DPTR FM NORMAL:  -1.1   DPTR FM NORMAL:    4.03    2 = FOG REDUCING VISIBILITY
HIGHEST:    85 ON 29    GRTST 24HR  2.09 ON 15-16      TO 1/4 MILE OR LESS
LOWEST:     39 ON  3                               3 = THUNDER
                        SNOW, ICE PELLETS, HAIL    4 = ICE PELLETS
                        TOTAL MONTH:   0.0 INCH    5 = HAIL
                        GRTST 24HR     0.0         6 = FREEZING RAIN OR DRIZZLE
                        GRTST DEPTH:   0           7 = DUSTSTORM OR SANDSTORM:
                                                       VSBY 1/2 MILE OR LESS
                                                   8 = SMOKE OR HAZE
[NO. OF DAYS WITH]      [WEATHER - DAYS WITH]      9 = BLOWING SNOW
                                                   X = TORNADO
MAX 32 OR BELOW:   0    0.01 INCH OR MORE:  16
MAX 90 OR ABOVE:   0    0.10 INCH OR MORE:   8
MIN 32 OR BELOW:   0    0.50 INCH OR MORE:   5
MIN  0 OR BELOW:   0    1.00 INCH OR MORE:   4

[HDD (BASE 65) ]
TOTAL THIS MO.   139    CLEAR  (SCALE 0-3)  13
DPTR FM NORMAL    10    PTCLDY (SCALE 4-7)  13
TOTAL FM JUL 1  4364    CLOUDY (SCALE 8-10)  4
DPTR FM NORMAL -1029

[CDD (BASE 65) ]
TOTAL THIS MO.    47
DPTR FM NORMAL   -19    [PRESSURE DATA]
TOTAL FM JAN 1    58    HIGHEST SLP M ON M
DPTR FM NORMAL   -25    LOWEST  SLP 29.52 ON  9

[REMARKS]
