000
CXUS55 KGJT 010919
CF6CNY
PRELIMINARY LOCAL CLIMATOLOGICAL DATA (WS FORM: F-6)

                                          STATION:   CANYONLANDS AIRPORT UT
                                          MONTH:     JUNE
                                          YEAR:      2015
                                          LATITUDE:   38 46 N
                                          LONGITUDE: 109 45 W

  TEMPERATURE IN F:       :PCPN:    SNOW:  WIND      :SUNSHINE: SKY     :PK WND
================================================================================
1   2   3   4   5  6A  6B    7    8   9   10  11  12  13   14  15   16   17  18
                                     12Z  AVG MX 2MIN
DY MAX MIN AVG DEP HDD CDD  WTR  SNW DPTH SPD SPD DIR MIN PSBL S-S WX    SPD DR
================================================================================

 1  95  66  81  13   0  16 0.00    M    M 14.0 35 210   M    M   0        44 240
 2  89  58  74   6   0   9 0.00    M    M  8.5 21 200   M    M   0        27 210
 3  89  51  70   1   0   5 0.00    M    M  9.0 30 240   M    M   0        36 250
 4  89  50  70   1   0   5 0.00    M    M  6.4 17 190   M    M   0        22 170
 5  76  54  65  -4   0   0 1.05    M    M 11.3 33 190   M    M   4 13     49 180
 6  68  54  61  -9   4   0 0.15    M    M  7.2 20 150   M    M   4 1      23 150
 7  78  52  65  -5   0   0    T    M    M  4.4 14 120   M    M   2        16 320
 8  85  53  69  -1   0   4 0.00    M    M  3.8 14 280   M    M   0        18 270
 9  91  54  73   2   0   8    T    M    M  4.0 23 160   M    M   1        30 170
10  79  62  71   0   0   6 0.08    M    M  7.0 30 310   M    M   7 13     38 320
11  71  56  64  -7   1   0 0.27    M    M  4.2 28 320   M    M   6 13     33 310
12  83  55  69  -3   0   4 0.00    M    M  3.4 14 310   M    M   2        17 320
13  91  58  75   3   0  10 0.00    M    M  5.8 31  40   M    M   1 3      40  50
14  92  60  76   4   0  11 0.00    M    M  5.7 25 330   M    M   0        33 330
15  92  59  76   3   0  11 0.00    M    M  4.2 16 230   M    M   0        19 230
16  97  67  82   9   0  17    T    M    M 12.3 23 250   M    M   2 3      28 250
17  98  62  80   6   0  15 0.00    M    M  4.5 13 230   M    M   0        17 260
18  99  60  80   6   0  15 0.00    M    M  5.2 17 260   M    M   0        24 250
19 100  62  81   7   0  16 0.00    M    M  6.1 22 230   M    M   0        35 260
20 101  60  81   7   0  16 0.00    M    M  4.1 16 290   M    M   0        19 300
21 103  62  83   8   0  18 0.00    M    M 10.2 28 220   M    M   0        35 210
22 101  63  82   7   0  17 0.00    M    M  5.7 18 240   M    M   0        22 230
23 101  65  83   7   0  18 0.00    M    M  6.2 20 240   M    M   0        26 230
24 100  75  88  12   0  23 0.00    M    M  9.7 33 310   M    M   0        43 170
25 100  68  84   8   0  19 0.00    M    M  6.2 15 310   M    M   0        18 300
26 101  63  82   6   0  17 0.00    M    M  6.0 18  70   M    M   0        25  70
27 102  69  86   9   0  21 0.00    M    M  4.6 15  80   M    M   0        22  40
28 104  70  87  10   0  22 0.00    M    M  4.5 13 160   M    M   0        16 160
29 105  75  90  13   0  25 0.00    M    M  5.5 14 140   M    M   0        18 140
30 106  66  86   8   0  21 0.00    M    M  6.5 31  40   M    M   0        37  40
================================================================================
SM 2786 1829         5 369  1.55    M    196.2          M       29
================================================================================
AV 92.9 61.0                               6.5 FASTST   M    M   1    MAX(MPH)
                                 MISC ---->  # 35 210               # 49  180
================================================================================
NOTES:
# LAST OF SEVERAL OCCURRENCES

COLUMN 17 PEAK WIND IN M.P.H.

PRELIMINARY LOCAL CLIMATOLOGICAL DATA (WS FORM: F-6) , PAGE 2

                                          STATION:  CANYONLANDS AIRPORT UT
                                          MONTH:    JUNE
                                          YEAR:     2015
                                          LATITUDE:   38 46 N
                                          LONGITUDE: 109 45 W

[TEMPERATURE DATA]      [PRECIPITATION DATA]       SYMBOLS USED IN COLUMN 16

AVERAGE MONTHLY: 76.9   TOTAL FOR MONTH:   1.55    1 = FOG OR MIST
DPTR FM NORMAL:   3.9   DPTR FM NORMAL:    1.05    2 = FOG REDUCING VISIBILITY
HIGHEST:   106 ON 30    GRTST 24HR  1.11 ON  5- 6      TO 1/4 MILE OR LESS
LOWEST:     50 ON  4                               3 = THUNDER
                        SNOW, ICE PELLETS, HAIL    4 = ICE PELLETS
                        TOTAL MONTH:    M          5 = HAIL
                        GRTST 24HR    M  ON   M    6 = FREEZING RAIN OR DRIZZLE
                        GRTST DEPTH:  M  ON   M    7 = DUSTSTORM OR SANDSTORM:
                                                       VSBY 1/2 MILE OR LESS
                                                   8 = SMOKE OR HAZE
[NO. OF DAYS WITH]      [WEATHER - DAYS WITH]      9 = BLOWING SNOW
                                                   X = TORNADO
MAX 32 OR BELOW:   0    0.01 INCH OR MORE:   4
MAX 90 OR ABOVE:  20    0.10 INCH OR MORE:   3
MIN 32 OR BELOW:   0    0.50 INCH OR MORE:   1
MIN  0 OR BELOW:   0    1.00 INCH OR MORE:   1

[HDD (BASE 65) ]
TOTAL THIS MO.     5    CLEAR  (SCALE 0-3)  26
DPTR FM NORMAL   -12    PTCLDY (SCALE 4-7)   4
TOTAL FM JUL 1  4741    CLOUDY (SCALE 8-10)  0
DPTR FM NORMAL  -836

[CDD (BASE 65) ]
TOTAL THIS MO.   369
DPTR FM NORMAL   114    [PRESSURE DATA]
TOTAL FM JAN 1   397    HIGHEST SLP 30.08 ON  8
DPTR FM NORMAL    78    LOWEST  SLP 29.59 ON  3

[REMARKS]
#FINAL-06-15#
