000
CXUS55 KGJT 281000
CF6CNY
PRELIMINARY LOCAL CLIMATOLOGICAL DATA (WS FORM: F-6)

                                          STATION:   CANYONLANDS AIRPORT UT
                                          MONTH:     APRIL
                                          YEAR:      2017
                                          LATITUDE:   38 46 N
                                          LONGITUDE: 109 45 W

  TEMPERATURE IN F:       :PCPN:    SNOW:  WIND      :SUNSHINE: SKY     :PK WND
================================================================================
1   2   3   4   5  6A  6B    7    8   9   10  11  12  13   14  15   16   17  18
                                     12Z  AVG MX 2MIN
DY MAX MIN AVG DEP HDD CDD  WTR  SNW DPTH SPD SPD DIR MIN PSBL S-S WX    SPD DR
================================================================================

 1  59  37  48   0  17   0 0.08    M    M  4.3 15  80   M    M   7 1      18 310
 2  65  39  52   3  13   0 0.00    M    M  7.0 18 310   M    M   2        24 310
 3  57  34  46  -3  19   0 0.00    M    M  5.8 21 270   M    M   0        24 270
 4  55  34  45  -4  20   0 0.00    M    M 13.9 33 300   M    M   2        40 300
 5  59  28  44  -6  21   0 0.00    M    M  2.6 12 290   M    M   0        18 250
 6  70  32  51   1  14   0 0.00    M    M  3.9 14 330   M    M   0        16 310
 7  72  42  57   7   8   0 0.00    M    M  9.1 29 200   M    M   1        36 210
 8  70  48  59   9   6   0 0.00    M    M 16.6 37 200   M    M   2        45 230
 9  57  36  47  -3  18   0 0.00    M    M 12.8 37 250   M    M   1        49 250
10  62  27  45  -6  20   0 0.00    M    M  3.5 16 280   M    M   0        23 260
11  69  35  52   1  13   0 0.00    M    M  5.9 14 130   M    M   0        17 100
12  77  36  57   6   8   0 0.00    M    M  4.0 13 270   M    M   0        18 330
13  82  45  64  12   1   0 0.00    M    M 11.0 32 220   M    M   0        40 230
14  76  47  62  10   3   0 0.00    M    M 10.7 23 290   M    M   0        30 250
15  70  41  56   4   9   0 0.00    M    M  6.5 16 250   M    M   0        21 250
16  76  39  58   6   7   0 0.00    M    M  3.4 12 230   M    M   0        15 270
17  80  41  61   8   4   0 0.00    M    M  8.7 24 220   M    M   0        32 240
18  81  53  67  14   0   2    T    M    M 13.8 35 230   M    M   0        42 220
19  72  49  61   8   4   0    T    M    M  9.9 22 320   M    M   2        28 280
20  74  38  56   2   9   0    T    M    M  8.3 35 310   M    M   3        43 310
21  65  37  51  -3  14   0 0.00    M    M 16.4 28 280   M    M   1        37 280
22  68  34  51  -3  14   0 0.00    M    M  4.2 15 290   M    M   0        24 250
23  78  41  60   5   5   0 0.00    M    M 10.9 38 290   M    M   0        47 290
24  73  44  59   4   6   0    T    M    M 12.3 31 300   M    M   4        37 310
25  62  44  53  -2  12   0    T    M    M 12.0 36 340   M    M   3        49 340
26  66  34  50  -6  15   0 0.00    M    M  6.8 23 220   M    M   4        27 230
27  63  42  53  -3  12   0 0.00    M    M 16.6 32 280   M    M   4        43 290
================================================================================
SM 1858 1057       292   2  0.08    M    240.9          M       36
================================================================================
AV 68.8 39.2                               8.9 FASTST   M    M   1    MAX(MPH)
                                 MISC ---->  # 38 290               # 49  250
================================================================================
NOTES:
# LAST OF SEVERAL OCCURRENCES

COLUMN 17 PEAK WIND IN M.P.H.

PRELIMINARY LOCAL CLIMATOLOGICAL DATA (WS FORM: F-6) , PAGE 2

                                          STATION:  CANYONLANDS AIRPORT UT
                                          MONTH:    APRIL
                                          YEAR:     2017
                                          LATITUDE:   38 46 N
                                          LONGITUDE: 109 45 W

[TEMPERATURE DATA]      [PRECIPITATION DATA]       SYMBOLS USED IN COLUMN 16

AVERAGE MONTHLY: 54.0   TOTAL FOR MONTH:   0.08    1 = FOG OR MIST
DPTR FM NORMAL:   2.0   DPTR FM NORMAL:   -0.54    2 = FOG REDUCING VISIBILITY
HIGHEST:    82 ON 13    GRTST 24HR  0.08 ON  1- 1      TO 1/4 MILE OR LESS
LOWEST:     27 ON 10                               3 = THUNDER
                        SNOW, ICE PELLETS, HAIL    4 = ICE PELLETS
                        TOTAL MONTH:    M          5 = HAIL
                        GRTST 24HR    M  ON   M    6 = FREEZING RAIN OR DRIZZLE
                        GRTST DEPTH:  M  ON   M    7 = DUSTSTORM OR SANDSTORM:
                                                       VSBY 1/2 MILE OR LESS
                                                   8 = SMOKE OR HAZE
[NO. OF DAYS WITH]      [WEATHER - DAYS WITH]      9 = BLOWING SNOW
                                                   X = TORNADO
MAX 32 OR BELOW:   0    0.01 INCH OR MORE:   1
MAX 90 OR ABOVE:   0    0.10 INCH OR MORE:   0
MIN 32 OR BELOW:   3    0.50 INCH OR MORE:   0
MIN  0 OR BELOW:   0    1.00 INCH OR MORE:   0

[HDD (BASE 65) ]
TOTAL THIS MO.   292    CLEAR  (SCALE 0-3)  22
DPTR FM NORMAL   -58    PTCLDY (SCALE 4-7)   5
TOTAL FM JUL 1  4179    CLOUDY (SCALE 8-10)  0
DPTR FM NORMAL -1219

[CDD (BASE 65) ]
TOTAL THIS MO.     2
DPTR FM NORMAL     2    [PRESSURE DATA]
TOTAL FM JAN 1     4    HIGHEST SLP M ON M
DPTR FM NORMAL     4    LOWEST  SLP 29.41 ON 24

[REMARKS]
