000
CXUS55 KGJT 251000
CF6CNY
PRELIMINARY LOCAL CLIMATOLOGICAL DATA (WS FORM: F-6)

                                          STATION:   CANYONLANDS AIRPORT UT
                                          MONTH:     MARCH
                                          YEAR:      2017
                                          LATITUDE:   38 46 N
                                          LONGITUDE: 109 45 W

  TEMPERATURE IN F:       :PCPN:    SNOW:  WIND      :SUNSHINE: SKY     :PK WND
================================================================================
1   2   3   4   5  6A  6B    7    8   9   10  11  12  13   14  15   16   17  18
                                     12Z  AVG MX 2MIN
DY MAX MIN AVG DEP HDD CDD  WTR  SNW DPTH SPD SPD DIR MIN PSBL S-S WX    SPD DR
================================================================================

 1  45  16  31  -9  34   0 0.00    M    M  3.5 14 310   M    M   0        19 280
 2  52  20  36  -4  29   0 0.00    M    M  3.6 13  90   M    M   0        16 100
 3  59  19  39  -2  26   0 0.00    M    M  3.4 12 320   M    M   0        15 290
 4  62  25  44   3  21   0 0.00    M    M  6.8 25 200   M    M   0        32 190
 5  62  47  55  14  10   0 0.00    M    M 18.7 40 230   M    M   3        51 230
 6  51  23  37  -5  28   0    T    M    M 17.1 41 290   M    M   4        49 290
 7  54  22  38  -4  27   0 0.00    M    M  3.7 14 210   M    M   1        16 220
 8  64  25  45   3  20   0 0.00    M    M  3.6  9 320   M    M   0        13 320
 9  69  27  48   5  17   0 0.00    M    M  2.8 10 320   M    M   0        15 280
10  70  36  53  10  12   0 0.00    M    M  2.7 10 140   M    M   0        12 140
11  69  38  54  11  11   0 0.00    M    M  4.2 18  60   M    M   0        21  60
12  71  33  52   9  13   0 0.00    M    M  8.0 26 330   M    M   0        33 310
13  69  34  52   8  13   0 0.00    M    M  3.3 14 300   M    M   0        19 310
14  76  34  55  11  10   0 0.00    M    M  3.5 12 310   M    M   0        16 310
15  78  38  58  14   7   0 0.00    M    M  2.7 13 340   M    M   0        14 320
16  79  41  60  16   5   0 0.00    M    M  3.8 15 260   M    M   0        21 230
17  77  42  60  15   5   0 0.00    M    M  2.5 12 320   M    M   0        12 320
18  82  45  64  19   1   0 0.00    M    M  6.7 21 230   M    M   0        27 250
19  80  51  66  21   0   1 0.00    M    M  8.6 21 250   M    M   0        25 260
20  79  52  66  20   0   1 0.00    M    M  6.6 44 220   M    M   1        56 230
21  77  45  61  15   4   0 0.00    M    M  7.1 28 210   M    M   0        32 210
22  75  47  61  15   4   0 0.00    M    M 11.5 26 290   M    M   3        31 170
23  59  44  52   6  13   0    T    M    M 13.5 30 270   M    M   5 1      34 270
24  65  39  52   5  13   0 0.00    M    M  7.8 17  30   M    M   2        23  20
================================================================================
SM 1624  843       323   2    T     M    155.7          M       19
================================================================================
AV 67.7 35.1                               6.5 FASTST   M    M   1    MAX(MPH)
                                 MISC ---->  # 44 220               # 56  230
================================================================================
NOTES:
# LAST OF SEVERAL OCCURRENCES

COLUMN 17 PEAK WIND IN M.P.H.

PRELIMINARY LOCAL CLIMATOLOGICAL DATA (WS FORM: F-6) , PAGE 2

                                          STATION:  CANYONLANDS AIRPORT UT
                                          MONTH:    MARCH
                                          YEAR:     2017
                                          LATITUDE:   38 46 N
                                          LONGITUDE: 109 45 W

[TEMPERATURE DATA]      [PRECIPITATION DATA]       SYMBOLS USED IN COLUMN 16

AVERAGE MONTHLY: 51.4   TOTAL FOR MONTH:      T    1 = FOG OR MIST
DPTR FM NORMAL:   7.9   DPTR FM NORMAL:   -0.58    2 = FOG REDUCING VISIBILITY
HIGHEST:    82 ON 18    GRTST 24HR    T  ON 23-23      TO 1/4 MILE OR LESS
LOWEST:     16 ON  1                               3 = THUNDER
                        SNOW, ICE PELLETS, HAIL    4 = ICE PELLETS
                        TOTAL MONTH:    M          5 = HAIL
                        GRTST 24HR    M  ON   M    6 = FREEZING RAIN OR DRIZZLE
                        GRTST DEPTH:  M  ON   M    7 = DUSTSTORM OR SANDSTORM:
                                                       VSBY 1/2 MILE OR LESS
                                                   8 = SMOKE OR HAZE
[NO. OF DAYS WITH]      [WEATHER - DAYS WITH]      9 = BLOWING SNOW
                                                   X = TORNADO
MAX 32 OR BELOW:   0    0.01 INCH OR MORE:   0
MAX 90 OR ABOVE:   0    0.10 INCH OR MORE:   0
MIN 32 OR BELOW:   8    0.50 INCH OR MORE:   0
MIN  0 OR BELOW:   0    1.00 INCH OR MORE:   0

[HDD (BASE 65) ]
TOTAL THIS MO.   323    CLEAR  (SCALE 0-3)  22
DPTR FM NORMAL  -193    PTCLDY (SCALE 4-7)   2
TOTAL FM JUL 1  3787    CLOUDY (SCALE 8-10)  0
DPTR FM NORMAL -1138

[CDD (BASE 65) ]
TOTAL THIS MO.     2
DPTR FM NORMAL     2    [PRESSURE DATA]
TOTAL FM JAN 1     2    HIGHEST SLP M ON M
DPTR FM NORMAL     2    LOWEST  SLP 29.29 ON  6

[REMARKS]
