000
CXUS55 KGJT 271000
CF6CNY
PRELIMINARY LOCAL CLIMATOLOGICAL DATA (WS FORM: F-6)

                                          STATION:   CANYONLANDS AIRPORT UT
                                          MONTH:     SEPTEMBER
                                          YEAR:      2016
                                          LATITUDE:   38 46 N
                                          LONGITUDE: 109 45 W

  TEMPERATURE IN F:       :PCPN:    SNOW:  WIND      :SUNSHINE: SKY     :PK WND
================================================================================
1   2   3   4   5  6A  6B    7    8   9   10  11  12  13   14  15   16   17  18
                                     12Z  AVG MX 2MIN
DY MAX MIN AVG DEP HDD CDD  WTR  SNW DPTH SPD SPD DIR MIN PSBL S-S WX    SPD DR
================================================================================

 1  95  62  79   7   0  14    T    M    M  7.5 39 280   M    M   2 3      46 280
 2  89  63  76   4   0  11    T    M    M  8.3 23 140   M    M   2        27 130
 3  86  68  77   5   0  12    T    M    M 11.0 33 180   M    M   2 3      39 190
 4  88  63  76   4   0  11 0.03    M    M 11.5 30 230   M    M   2 3      39 200
 5  88  58  73   2   0   8 0.00    M    M  8.5 25 240   M    M   0        30 230
 6  90  50  70  -1   0   5 0.00    M    M  8.5 28 230   M    M   0        31 230
 7  89  53  71   1   0   6 0.00    M    M  4.7 14 270   M    M   0        20 280
 8  92  49  71   1   0   6 0.00    M    M  5.2 18 260   M    M   0        24 260
 9  89  54  72   2   0   7 0.00    M    M  6.6 25 310   M    M   0        32 280
10  90  49  70   1   0   5 0.00    M    M  3.8 13 290   M    M   0        16 290
11  93  53  73   4   0   8    T    M    M  5.1 32 290   M    M   0 3      40 290
12  89  55  72   3   0   7 0.00    M    M 10.1 29 220   M    M   0        36 210
13  82  61  72   4   0   7 0.16    M    M 10.9 38 160   M    M   2 3      47 160
14  82  58  70   2   0   5    T    M    M 15.5 31 250   M    M   2        39 250
15  77  46  62  -5   3   0 0.00    M    M  5.8 17 260   M    M   0        23 270
16  79  45  62  -5   3   0 0.00    M    M  3.8 16 290   M    M   0        21 240
17  81  49  65  -2   0   0 0.00    M    M  3.2 17 270   M    M   0        24 280
18  89  44  67   1   0   2 0.00    M    M  2.5 10 190   M    M   0        13 210
19  91  50  71   5   0   6 0.00    M    M  3.8 13 310   M    M   0        16 300
20  86  56  71   6   0   6    T    M    M  9.2 32 190   M    M   4        39 190
21  75  61  68   3   0   3 0.30    M    M  3.2 16 310   M    M   9 1      19 290
22  82  53  68   4   0   3 0.36    M    M 10.6 36 270   M    M   7 13     42 270
23  64  49  57  -7   8   0 0.07    M    M  8.0 30 260   M    M   5        36 230
24  67  47  57  -7   8   0 0.00    M    M  7.8 23 310   M    M   6        28 320
25  72  47  60  -3   5   0 0.00    M    M  7.4 22  50   M    M   0        28  40
26  77  42  60  -3   5   0 0.00    M    M  3.5 12  90   M    M   0        16  90
================================================================================
SM 2182 1385        32 132  0.92    M    186.0          M       43
================================================================================
AV 83.9 53.3                               7.2 FASTST   M    M   2    MAX(MPH)
                                 MISC ---->  # 39 280               # 47  160
================================================================================
NOTES:
# LAST OF SEVERAL OCCURRENCES

COLUMN 17 PEAK WIND IN M.P.H.

PRELIMINARY LOCAL CLIMATOLOGICAL DATA (WS FORM: F-6) , PAGE 2

                                          STATION:  CANYONLANDS AIRPORT UT
                                          MONTH:    SEPTEMBER
                                          YEAR:     2016
                                          LATITUDE:   38 46 N
                                          LONGITUDE: 109 45 W

[TEMPERATURE DATA]      [PRECIPITATION DATA]       SYMBOLS USED IN COLUMN 16

AVERAGE MONTHLY: 68.6   TOTAL FOR MONTH:   0.92    1 = FOG OR MIST
DPTR FM NORMAL:   0.8   DPTR FM NORMAL:    0.07    2 = FOG REDUCING VISIBILITY
HIGHEST:    95 ON  1    GRTST 24HR  0.43 ON 22-23      TO 1/4 MILE OR LESS
LOWEST:     42 ON 26                               3 = THUNDER
                        SNOW, ICE PELLETS, HAIL    4 = ICE PELLETS
                        TOTAL MONTH:    M          5 = HAIL
                        GRTST 24HR    M  ON   M    6 = FREEZING RAIN OR DRIZZLE
                        GRTST DEPTH:  M  ON   M    7 = DUSTSTORM OR SANDSTORM:
                                                       VSBY 1/2 MILE OR LESS
                                                   8 = SMOKE OR HAZE
[NO. OF DAYS WITH]      [WEATHER - DAYS WITH]      9 = BLOWING SNOW
                                                   X = TORNADO
MAX 32 OR BELOW:   0    0.01 INCH OR MORE:   5
MAX 90 OR ABOVE:   6    0.10 INCH OR MORE:   3
MIN 32 OR BELOW:   0    0.50 INCH OR MORE:   0
MIN  0 OR BELOW:   0    1.00 INCH OR MORE:   0

[HDD (BASE 65) ]
TOTAL THIS MO.    32    CLEAR  (SCALE 0-3)  21
DPTR FM NORMAL    -7    PTCLDY (SCALE 4-7)   4
TOTAL FM JUL 1    32    CLOUDY (SCALE 8-10)  1
DPTR FM NORMAL    -8

[CDD (BASE 65) ]
TOTAL THIS MO.   132
DPTR FM NORMAL    17    [PRESSURE DATA]
TOTAL FM JAN 1  1608    HIGHEST SLP M ON M
DPTR FM NORMAL   327    LOWEST  SLP 29.45 ON 23

[REMARKS]
