000
CXUS55 KRIW 260901
CF6COD
PRELIMINARY LOCAL CLIMATOLOGICAL DATA (WS FORM: F-6)

                                          STATION:   CODY WY
                                          MONTH:     JULY
                                          YEAR:      2014
                                          LATITUDE:   44 31 N
                                          LONGITUDE: 109  1 W

  TEMPERATURE IN F:       :PCPN:    SNOW:  WIND      :SUNSHINE: SKY     :PK WND
================================================================================
1   2   3   4   5  6A  6B    7    8   9   10  11  12  13   14  15   16   17  18
                                     12Z  AVG MX 2MIN
DY MAX MIN AVG DEP HDD CDD  WTR  SNW DPTH SPD SPD DIR MIN PSBL S-S WX    SPD DR
================================================================================

 1  70  46  58  -9   7   0 0.00  0.0    0  6.4 13  10   M    M   0        20  30
 2  82  46  64  -3   1   0 0.00  0.0    0  4.8 12  80   M    M   0         M  M
 3  90  55  73   5   0   8 0.07  0.0    0  6.7 25 180   M    M   2 3      32 170
 4  88  57  73   5   0   8 0.00  0.0    0  8.1 21 330   M    M   0        30 330
 5  91  57  74   6   0   9 0.00  0.0    0  6.6 14 290   M    M   0        24 290
 6  88  59  74   6   0   9 0.00  0.0    0  4.7 12  50   M    M   1         M  M
 7  73  59  66  -3   0   1 0.00  0.0    0 10.4 25  10   M    M   2        31  10
 8  84  54  69   0   0   4 0.00  0.0    0  4.8 13  20   M    M   0         M  M
 9   M   M   M   M   M   M 0.00  0.0    M  5.4  6 220   M    M   0         M  M
10  82   M   M   M   M   M 0.07  0.0    M  7.7 17 170   M    M   2         M  M
11   M  63   M   M   M   M    M    M    M 10.7 17  10   M    M   1        30 230
12  79  55  67  -3   0   2    M    M    M  5.5 12 360   M    M   2        16 360
13  84  57  71   1   0   6    M    M    M  6.2 14  30   M    M   1         M  M
14  79  55  67  -3   0   2    M    M    M  4.5 13  40   M    M   1        20  40
15  75  52  64  -6   1   0    M    M    M  7.0 17  10   M    M   3 3      23  10
16  77  55  66  -5   0   1    M    M    M  4.8 10  50   M    M   6         M  M
17  88  57  73   2   0   8 0.00  0.0    0  6.8 13 230   M    M   1 3      17  80
18  88  61  75   4   0  10 0.00  0.0    0  6.8 16  10   M    M   1        22 260
19  90  55  73   2   0   8 0.00  0.0    0  8.3 15 250   M    M   0        29 240
20  91  57  74   3   0   9 0.00  0.0    0  6.6 17 260   M    M   0        23 260
21  88  64  76   5   0  11 0.00  0.0    0  7.1 18 270   M    M   3 3      25 270
22  91  61  76   5   0  11 0.00  0.0    0  7.0 14  30   M    M   0        17  30
23   M  57   M   M   M   M 0.00  0.0    0  5.0 10 140   M    M   0         M  M
24   M   M   M   M   M   M    M  0.0    M 12.7 13 270   M    M   0        23 270
25   M   M   M   M   M   M    M    M    M   M   M   M   M    M   M         M  M
================================================================================
SM 1678 1182         9 107  0.14     0.0 164.6          M       26
================================================================================
AV 83.9 56.3                               6.9 FASTST   M    M   1    MAX(MPH)
                                 MISC ---->    25   M                 32    M
================================================================================
NOTES:
# LAST OF SEVERAL OCCURRENCES

COLUMN 17 PEAK WIND IN M.P.H.

PRELIMINARY LOCAL CLIMATOLOGICAL DATA (WS FORM: F-6) , PAGE 2

                                          STATION:  CODY WY
                                          MONTH:    JULY
                                          YEAR:     2014
                                          LATITUDE:   44 31 N
                                          LONGITUDE: 109  1 W

[TEMPERATURE DATA]      [PRECIPITATION DATA]       SYMBOLS USED IN COLUMN 16

AVERAGE MONTHLY: 70.1   TOTAL FOR MONTH:   0.14    1 = FOG OR MIST
DPTR FM NORMAL:   0.4   DPTR FM NORMAL:   -0.76    2 = FOG REDUCING VISIBILITY
HIGHEST:    91 ON 22,20 GRTST 24HR  0.07 ON 10-10      TO 1/4 MILE OR LESS
LOWEST:     46 ON  2, 1                            3 = THUNDER
                        SNOW, ICE PELLETS, HAIL    4 = ICE PELLETS
                        TOTAL MONTH:   0.0 INCH    5 = HAIL
                        GRTST 24HR     0.0         6 = FREEZING RAIN OR DRIZZLE
                        GRTST DEPTH:   0           7 = DUSTSTORM OR SANDSTORM:
                                                       VSBY 1/2 MILE OR LESS
                                                   8 = SMOKE OR HAZE
[NO. OF DAYS WITH]      [WEATHER - DAYS WITH]      9 = BLOWING SNOW
                                                   X = TORNADO
MAX 32 OR BELOW:   0    0.01 INCH OR MORE:   2
MAX 90 OR ABOVE:   5    0.10 INCH OR MORE:   0
MIN 32 OR BELOW:   0    0.50 INCH OR MORE:   0
MIN  0 OR BELOW:   0    1.00 INCH OR MORE:   0

[HDD (BASE 65) ]
TOTAL THIS MO.     9    CLEAR  (SCALE 0-3)  22
DPTR FM NORMAL     M    PTCLDY (SCALE 4-7)   2
TOTAL FM JUL 1     9    CLOUDY (SCALE 8-10)  0
DPTR FM NORMAL     M

[CDD (BASE 65) ]
TOTAL THIS MO.   107
DPTR FM NORMAL   -11    [PRESSURE DATA]
TOTAL FM JAN 1   114    HIGHEST SLP M ON M
DPTR FM NORMAL   114    LOWEST  SLP M ON M

[REMARKS]
