000
CXUS55 KPUB 251059
CF6COS
PRELIMINARY LOCAL CLIMATOLOGICAL DATA (WS FORM: F-6)

                                          STATION:   COLORADO SPRINGS CO
                                          MONTH:     JULY
                                          YEAR:      2017
                                          LATITUDE:   38 49 N
                                          LONGITUDE: 104 43 W

  TEMPERATURE IN F:       :PCPN:    SNOW:  WIND      :SUNSHINE: SKY     :PK WND
================================================================================
1   2   3   4   5  6A  6B    7    8   9   10  11  12  13   14  15   16   17  18
                                     12Z  AVG MX 2MIN
DY MAX MIN AVG DEP HDD CDD  WTR  SNW DPTH SPD SPD DIR MIN PSBL S-S WX    SPD DR
================================================================================

 1  86  49  68  -2   0   3 0.67  0.0    0  7.7 36 350   M    M   3 35     40 350
 2  90  56  73   3   0   8    T  0.0    0  7.9 36  10   M    M   4 3      51  10
 3  86  57  72   2   0   7    T  0.0    0  7.5 31 280   M    M   6 3      41 280
 4  91  55  73   3   0   8 0.00  0.0    0 11.0 28  40   M    M   5        35  30
 5  92  56  74   4   0   9 0.00  0.0    0  6.5 20 150   M    M   2        25 140
 6  94  58  76   6   0  11 0.00  0.0    0 10.8 25  40   M    M   5        31 220
 7  91  57  74   3   0   9 0.08  0.0    0  7.5 24 110   M    M   5 38     29 110
 8  85  56  71   0   0   6 0.26    T    0  8.1 26 260   M    M   5 35     34 350
 9  92  55  74   3   0   9 0.00  0.0    0  6.6 17 140   M    M   2        22 140
10  92  60  76   5   0  11 0.00  0.0    0  8.7 21 360   M    M   4        24 340
11  91  63  77   6   0  12 0.15  0.0    0  9.4 36 330   M    M   7 3      44 310
12  87  62  75   4   0  10 0.36  0.0    0 10.2 28 310   M    M   8 13     36 320
13  76  61  69  -2   0   4 0.15  0.0    0  5.3 17  70   M    M   9 13     21  60
14  81  58  70  -1   0   5 0.32  0.0    0  7.9 38  40   M    M   8 13     44  50
15  78  62  70  -1   0   5 0.08  0.0    0  8.0 22  60   M    M   8 3      24  50
16  81  57  69  -2   0   4 0.00  0.0    0  7.7 15 170   M    M   5 1      20 170
17  92  60  76   5   0  11 0.02  0.0    0  8.5 30 330   M    M   4 13     35 330
18  92  61  77   6   0  12 0.51    T    0  9.8 31 350   M    M   5 135    36 340
19  93  64  79   8   0  14 0.03  0.0    0  9.7 30 300   M    M   5 3      38 300
20  92  67  80   9   0  15 0.00  0.0    0 10.1 23 340   M    M   4        30 340
21  92  65  79   8   0  14 0.01  0.0    0 11.1 35 360   M    M   5 3      41  10
22  87  62  75   4   0  10 0.10  0.0    0  6.8 25 230   M    M   7 3      29 230
23  86  59  73   2   0   8 0.00  0.0    0  6.7 16 140   M    M   5        22 130
24  89  61  75   4   0  10    T  0.0    0  7.2 25 210   M    M   5        35 210
================================================================================
SM 2116 1421         0 215  2.74    T    200.7          M      126
================================================================================
AV 88.2 59.2                               8.4 FASTST   M    M   5    MAX(MPH)
                                 MISC ---->  # 38  40               # 51   10
================================================================================
NOTES:
# LAST OF SEVERAL OCCURRENCES

COLUMN 17 PEAK WIND IN M.P.H.

PRELIMINARY LOCAL CLIMATOLOGICAL DATA (WS FORM: F-6) , PAGE 2

                                          STATION:  COLORADO SPRINGS CO
                                          MONTH:    JULY
                                          YEAR:     2017
                                          LATITUDE:   38 49 N
                                          LONGITUDE: 104 43 W

[TEMPERATURE DATA]      [PRECIPITATION DATA]       SYMBOLS USED IN COLUMN 16

AVERAGE MONTHLY: 73.7   TOTAL FOR MONTH:   2.74    1 = FOG OR MIST
DPTR FM NORMAL:   2.9   DPTR FM NORMAL:    0.66    2 = FOG REDUCING VISIBILITY
HIGHEST:    94 ON  6    GRTST 24HR  0.67 ON  1- 1      TO 1/4 MILE OR LESS
LOWEST:     49 ON  1                               3 = THUNDER
                        SNOW, ICE PELLETS, HAIL    4 = ICE PELLETS
                        TOTAL MONTH:    T          5 = HAIL
                        GRTST 24HR    T  ON 18-18  6 = FREEZING RAIN OR DRIZZLE
                        GRTST DEPTH:   0           7 = DUSTSTORM OR SANDSTORM:
                                                       VSBY 1/2 MILE OR LESS
                                                   8 = SMOKE OR HAZE
[NO. OF DAYS WITH]      [WEATHER - DAYS WITH]      9 = BLOWING SNOW
                                                   X = TORNADO
MAX 32 OR BELOW:   0    0.01 INCH OR MORE:  13
MAX 90 OR ABOVE:  13    0.10 INCH OR MORE:   8
MIN 32 OR BELOW:   0    0.50 INCH OR MORE:   2
MIN  0 OR BELOW:   0    1.00 INCH OR MORE:   0

[HDD (BASE 65) ]
TOTAL THIS MO.     0    CLEAR  (SCALE 0-3)   3
DPTR FM NORMAL    -3    PTCLDY (SCALE 4-7)  20
TOTAL FM JUL 1     0    CLOUDY (SCALE 8-10)  1
DPTR FM NORMAL    -3

[CDD (BASE 65) ]
TOTAL THIS MO.   215
DPTR FM NORMAL    68    [PRESSURE DATA]
TOTAL FM JAN 1   374    HIGHEST SLP M ON M
DPTR FM NORMAL   134    LOWEST  SLP 29.86 ON 11

[REMARKS]
