000
CXUS55 KPUB 201059
CF6COS
PRELIMINARY LOCAL CLIMATOLOGICAL DATA (WS FORM: F-6)

                                          STATION:   COLORADO SPRINGS CO
                                          MONTH:     OCTOBER
                                          YEAR:      2014
                                          LATITUDE:   38 49 N
                                          LONGITUDE: 104 43 W

  TEMPERATURE IN F:       :PCPN:    SNOW:  WIND      :SUNSHINE: SKY     :PK WND
================================================================================
1   2   3   4   5  6A  6B    7    8   9   10  11  12  13   14  15   16   17  18
                                     12Z  AVG MX 2MIN
DY MAX MIN AVG DEP HDD CDD  WTR  SNW DPTH SPD SPD DIR MIN PSBL S-S WX    SPD DR
================================================================================

 1  69  44  57   2   8   0 0.00  0.0    0 12.6 28 350   M    M   7        36 360
 2  63  39  51  -3  14   0 0.00  0.0    0  9.0 23 340   M    M   4        29 340
 3  55  32  44 -10  21   0 0.00  0.0    0  9.2 38  10   M    M   5        44  10
 4  72  33  53  -1  12   0 0.00  0.0    0  6.8 16 170   M    M   3        21 140
 5  74  44  59   6   6   0 0.00  0.0    0  7.9 21  10   M    M   2        24 360
 6  81  39  60   7   5   0 0.00  0.0    0  5.8 15 190   M    M   5        18 190
 7  75  46  61   9   4   0 0.00  0.0    0  8.6 21 140   M    M   5        28 150
 8  74  45  60   8   5   0 0.00  0.0    0  6.0 14 160   M    M   8        17 160
 9  62  46  54   2  11   0 2.83  0.0    0 11.8 24  20   M    M  10 138    29  80
10  50  42  46  -5  19   0 0.13  0.0    0  9.1 16 150   M    M  10 1      17 160
11  63  42  53   2  12   0    T    T    0  5.8 14 130   M    M   7 18     16 170
12  59  40  50  -1  15   0    T  0.0    0 16.7 38 340   M    M   9        46 340
13  58  35  47  -3  18   0 0.00  0.0    0 11.9 25 340   M    M   2        35 340
14  69  33  51   1  14   0 0.00  0.0    0  6.7 12 180   M    M   0 8      15 180
15  82  38  60  10   5   0 0.00  0.0    0  7.7 28 200   M    M   5        32 200
16  73  43  58   9   7   0 0.00  0.0    0  9.6 23 160   M    M   5        29 150
17  60  37  49   0  16   0 0.00  0.0    0  5.9 15 160   M    M   5        22 160
18  61  38  50   1  15   0 0.00  0.0    0  4.9 13 150   M    M   6        15 130
19  74  42  58  10   7   0 0.00  0.0    0  6.7 15 340   M    M   4        19 340
================================================================================
SM 1274  758       214   0  2.96    T    162.7          M      102
================================================================================
AV 67.1 39.9                               8.6 FASTST   M    M   5    MAX(MPH)
                                 MISC ---->  # 38  10               # 46  340
================================================================================
NOTES:
# LAST OF SEVERAL OCCURRENCES

COLUMN 17 PEAK WIND IN M.P.H.

PRELIMINARY LOCAL CLIMATOLOGICAL DATA (WS FORM: F-6) , PAGE 2

                                          STATION:  COLORADO SPRINGS CO
                                          MONTH:    OCTOBER
                                          YEAR:     2014
                                          LATITUDE:   38 49 N
                                          LONGITUDE: 104 43 W

[TEMPERATURE DATA]      [PRECIPITATION DATA]       SYMBOLS USED IN COLUMN 16

AVERAGE MONTHLY: 53.5   TOTAL FOR MONTH:   2.96    1 = FOG OR MIST
DPTR FM NORMAL:   2.1   DPTR FM NORMAL:    2.43    2 = FOG REDUCING VISIBILITY
HIGHEST:    82 ON 15    GRTST 24HR  2.89 ON  9-10      TO 1/4 MILE OR LESS
LOWEST:     32 ON  3                               3 = THUNDER
                        SNOW, ICE PELLETS, HAIL    4 = ICE PELLETS
                        TOTAL MONTH:    T          5 = HAIL
                        GRTST 24HR    T  ON 11-11  6 = FREEZING RAIN OR DRIZZLE
                        GRTST DEPTH:   0           7 = DUSTSTORM OR SANDSTORM:
                                                       VSBY 1/2 MILE OR LESS
                                                   8 = SMOKE OR HAZE
[NO. OF DAYS WITH]      [WEATHER - DAYS WITH]      9 = BLOWING SNOW
                                                   X = TORNADO
MAX 32 OR BELOW:   0    0.01 INCH OR MORE:   2
MAX 90 OR ABOVE:   0    0.10 INCH OR MORE:   2
MIN 32 OR BELOW:   1    0.50 INCH OR MORE:   1
MIN  0 OR BELOW:   0    1.00 INCH OR MORE:   1

[HDD (BASE 65) ]
TOTAL THIS MO.   214    CLEAR  (SCALE 0-3)   4
DPTR FM NORMAL   -45    PTCLDY (SCALE 4-7)  12
TOTAL FM JUL 1   331    CLOUDY (SCALE 8-10)  3
DPTR FM NORMAL  -118

[CDD (BASE 65) ]
TOTAL THIS MO.     0
DPTR FM NORMAL     0    [PRESSURE DATA]
TOTAL FM JAN 1   487    HIGHEST SLP M ON M
DPTR FM NORMAL    33    LOWEST  SLP 29.66 ON 12

[REMARKS]
