000
CXUS53 KLSX 301600
CF6CPS
PRELIMINARY LOCAL CLIMATOLOGICAL DATA (WS FORM: F-6)

                                          STATION:   CAHOKIA/ST. LOUIS
                                          MONTH:     JULY
                                          YEAR:      2015
                                          LATITUDE:   38 34 N
                                          LONGITUDE:  90  9 W

  TEMPERATURE IN F:       :PCPN:    SNOW:  WIND      :SUNSHINE: SKY     :PK WND
================================================================================
1   2   3   4   5  6A  6B    7    8   9   10  11  12  13   14  15   16   17  18
                                     12Z  AVG MX 2MIN
DY MAX MIN AVG DEP HDD CDD  WTR  SNW DPTH SPD SPD DIR MIN PSBL S-S WX    SPD DR
================================================================================

 1  87  72  80   3   0  15 1.02  0.0    0  5.4 29 350   M    M   7 123    36 360
 2  80  65  73  -4   0   8 0.26  0.0    0  6.2 15  30   M    M   7 18     18  40
 3  84  68  76  -1   0  11 0.00  0.0    0  5.6 14  20   M    M   4 18     18 310
 4  85  65  75  -2   0  10 0.00  0.0    0  2.2  8  90   M    M   1 128    11  80
 5  87  64  76  -1   0  11 0.00  0.0    0  4.2 13 140   M    M   1 18     15 140
 6  90  69  80   2   0  15 0.37  0.0    0  6.1 23 270   M    M   1 138    30 280
 7  80  65  73  -5   0   8 0.15  0.0    0  7.2 14  10   M    M   8 18     17  10
 8  78  60  69  -9   0   4 1.12  0.0    0  6.2 24 200   M    M   M 1      24 200
 9  77  64  71  -7   0   6 0.01  0.0    0  5.5 14 280   M    M   M        19 280
10  81  66  74  -4   0   9 0.65  0.0    0  3.3 10  10   M    M   7 1      15  80
11  93  71  82   4   0  17 0.00  0.0    0  5.5 13 200   M    M   2        17 190
12  94  74  84   6   0  19 0.00  0.0    0  5.6 12 180   M    M   0        17 180
13  97  76  87   9   0  22 0.00  0.0    0  6.1 14 240   M    M   0 3      18 240
14  98  79  89  11   0  24 0.00  0.0    0  7.5 21 310   M    M   1        28 300
15  88  71  80   2   0  15 0.00  0.0    0  5.4 15  60   M    M   0        23  20
16  92  73  83   5   0  18 0.00  0.0    0  8.2 17 160   M    M   3        24 160
17  95  79  87   9   0  22 0.01  0.0    0  5.1 13 240   M    M   1        21 240
18  94  80  87   9   0  22 0.00  0.0    0  4.9 13 280   M    M   0        19 240
19  86  73  80   2   0  15 0.65  0.0    0  4.9 24 330   M    M   2 1      31 330
20  84  71  78   0   0  13 0.27  0.0    0  3.9 14 290   M    M   5 128    18 300
21  85  69  77  -1   0  12 0.00  0.0    0  6.5 15 360   M    M   1        19 360
22  86  66  76  -2   0  11 0.00  0.0    0  4.4 14 140   M    M   5 1      17 130
23  89  71  80   2   0  15 0.00  0.0    0  4.6 12  60   M    M   6        20 350
24  92  67  80   2   0  15 0.00  0.0    0  3.8 12 160   M    M   1        15 140
25  94  74  84   6   0  19 0.00  0.0    0  3.9 16 320   M    M   1 18     22 320
26  88  72  80   2   0  15 0.36  0.0    0  4.3 24 310   M    M   2 1      32 310
27  93  74  84   6   0  19 0.16  0.0    0  3.6 16 360   M    M   4 13     23 210
28  98  73  86   8   0  21 0.01  0.0    0  3.2 16  90   M    M   1 138    22 100
29  92  69  81   3   0  16 0.00  0.0    0  8.5 20 360   M    M   1        24 350
================================================================================
SM 2567 2040         0 427  5.04     0.0 151.8          M       72
================================================================================
AV 88.5 70.3                               5.2 FASTST   M    M   3    MAX(MPH)
                                 MISC ---->  # 29 350               # 36  360
================================================================================
NOTES:
# LAST OF SEVERAL OCCURRENCES

COLUMN 17 PEAK WIND IN M.P.H.

PRELIMINARY LOCAL CLIMATOLOGICAL DATA (WS FORM: F-6) , PAGE 2

                                          STATION:  CAHOKIA/ST. LOUIS
                                          MONTH:    JULY
                                          YEAR:     2015
                                          LATITUDE:   38 34 N
                                          LONGITUDE:  90  9 W

[TEMPERATURE DATA]      [PRECIPITATION DATA]       SYMBOLS USED IN COLUMN 16

AVERAGE MONTHLY: 79.4   TOTAL FOR MONTH:   5.04    1 = FOG OR MIST
DPTR FM NORMAL:   1.6   DPTR FM NORMAL:    1.67    2 = FOG REDUCING VISIBILITY
HIGHEST:    98 ON 28,14 GRTST 24HR  1.25 ON  1- 2      TO 1/4 MILE OR LESS
LOWEST:     60 ON  8                               3 = THUNDER
                        SNOW, ICE PELLETS, HAIL    4 = ICE PELLETS
                        TOTAL MONTH:   0.0 INCH    5 = HAIL
                        GRTST 24HR     0.0         6 = FREEZING RAIN OR DRIZZLE
                        GRTST DEPTH:   0           7 = DUSTSTORM OR SANDSTORM:
                                                       VSBY 1/2 MILE OR LESS
                                                   8 = SMOKE OR HAZE
[NO. OF DAYS WITH]      [WEATHER - DAYS WITH]      9 = BLOWING SNOW
                                                   X = TORNADO
MAX 32 OR BELOW:   0    0.01 INCH OR MORE:  13
MAX 90 OR ABOVE:  13    0.10 INCH OR MORE:  10
MIN 32 OR BELOW:   0    0.50 INCH OR MORE:   4
MIN  0 OR BELOW:   0    1.00 INCH OR MORE:   2

[HDD (BASE 65) ]
TOTAL THIS MO.     0    CLEAR  (SCALE 0-3)  18
DPTR FM NORMAL     0    PTCLDY (SCALE 4-7)   9
TOTAL FM JUL 1     0    CLOUDY (SCALE 8-10)  0
DPTR FM NORMAL     0

[CDD (BASE 65) ]
TOTAL THIS MO.   427
DPTR FM NORMAL    55    [PRESSURE DATA]
TOTAL FM JAN 1   975    HIGHEST SLP M ON M
DPTR FM NORMAL   191    LOWEST  SLP 29.63 ON M

[REMARKS]
