000
CXUS56 KSGX 011445
CF6CRQ
PRELIMINARY LOCAL CLIMATOLOGICAL DATA (WS FORM: F-6)

                                          STATION:   CARLSBAD PALOMAR AIRPORT CA
                                          MONTH:     FEBRUARY
                                          YEAR:      2015
                                          LATITUDE:   33  7 N
                                          LONGITUDE: 117 17 W

  TEMPERATURE IN F:       :PCPN:    SNOW:  WIND      :SUNSHINE: SKY     :PK WND
================================================================================
1   2   3   4   5  6A  6B    7    8   9   10  11  12  13   14  15   16   17  18
                                     12Z  AVG MX 2MIN
DY MAX MIN AVG DEP HDD CDD  WTR  SNW DPTH SPD SPD DIR MIN PSBL S-S WX    SPD DR
================================================================================

 1  70  50  60   4   5   0 0.00  0.0    0  3.5 12 250   M    M   0 18     13 260
 2  69  49  59   3   6   0 0.00  0.0    0  2.1  8 260   M    M   1 128    11 260
 3  67  46  57   1   8   0 0.00  0.0    0  3.0  9 260   M    M   4 128    12 290
 4  64  49  57   1   8   0 0.00  0.0    0  2.1  9 250   M    M   4 128    12 260
 5  68  49  59   3   6   0 0.00  0.0    0  2.3 12 250   M    M   4 128    15 250
 6  72  48  60   4   5   0 0.00  0.0    0  2.0 10 230   M    M   3 128    13 230
 7  69  47  58   2   7   0 0.00  0.0    0  2.7 10 260   M    M   5 128    13 250
 8  73  56  65   9   0   0 0.00  0.0    0  3.2 13 270   M    M   2 128    19 280
 9  68  54  61   5   4   0 0.00  0.0    0  4.0 12 280   M    M   2 128    18 310
10  67  50  59   3   6   0 0.00  0.0    0  3.1  9 280   M    M   1 8      13 260
11  83  54  69  13   0   4 0.00  0.0    0  3.5 12 250   M    M   0        15 260
12  87  57  72  16   0   7 0.00  0.0    0  8.1 26  80   M    M   0        33  90
13  83  57  70  14   0   5 0.00  0.0    0  3.5 13 260   M    M   0        16 250
14  82  58  70  14   0   5 0.00  0.0    0  3.2 13 260   M    M   0        16 240
15  74  56  65   9   0   0 0.00  0.0    0  2.8 10 260   M    M   2 12     12 260
16  63  50  57   1   8   0 0.00  0.0    0  3.6 12 260   M    M   5 12     14 250
17  64  56  60   4   5   0 0.00  0.0    0  3.8 10 240   M    M   5 8      14 260
18  65  56  61   5   4   0 0.00  0.0    0  3.3 12 250   M    M   5 18     17 250
19  64  53  59   3   6   0 0.00  0.0    0  2.7 10 250   M    M   6 128    14 250
20  66  58  62   6   3   0 0.00  0.0    0  3.9 10 230   M    M   7 18     15 250
21  67  59  63   7   2   0 0.00  0.0    0  5.9 14 220   M    M   9 8      21 240
22  63  54  59   3   6   0 0.21  0.0    0  8.7 21 260   M    M  10 1      28 260
23  63  51  57   1   8   0 0.08  0.0    0  5.4 16 260   M    M   4 1      22 260
24  67  47  57   1   8   0 0.00  0.0    0  4.0 13 260   M    M   0        17 250
25  66  49  58   2   7   0 0.00  0.0    0  3.6 10 250   M    M   0        14 250
26  65  47  56   0   9   0 0.00  0.0    0  3.5 13 220   M    M   1        17 230
27  65  53  59   3   6   0    T  0.0    0  9.0 20 220   M    M   9        25 220
28  63  54  59   3   6   0 0.07  0.0    0  6.2 16 260   M    M   8        23 260
================================================================================
SM 1937 1467       133  21  0.36     0.0 112.7          M       97
================================================================================
AV 69.2 52.4                               4.0 FASTST   M    M   3    MAX(MPH)
                                 MISC ---->  # 26  80               # 33   90
================================================================================
NOTES:
# LAST OF SEVERAL OCCURRENCES

COLUMN 17 PEAK WIND IN M.P.H.

PRELIMINARY LOCAL CLIMATOLOGICAL DATA (WS FORM: F-6) , PAGE 2

                                          STATION:  CARLSBAD PALOMAR AIRPORT CA
                                          MONTH:    FEBRUARY
                                          YEAR:     2015
                                          LATITUDE:   33  7 N
                                          LONGITUDE: 117 17 W

[TEMPERATURE DATA]      [PRECIPITATION DATA]       SYMBOLS USED IN COLUMN 16

AVERAGE MONTHLY: 60.8   TOTAL FOR MONTH:   0.36    1 = FOG OR MIST
DPTR FM NORMAL:   5.0   DPTR FM NORMAL:   -2.08    2 = FOG REDUCING VISIBILITY
HIGHEST:    87 ON 12    GRTST 24HR  0.29 ON 22-23      TO 1/4 MILE OR LESS
LOWEST:     46 ON  3                               3 = THUNDER
                        SNOW, ICE PELLETS, HAIL    4 = ICE PELLETS
                        TOTAL MONTH:   0.0 INCH    5 = HAIL
                        GRTST 24HR     0.0         6 = FREEZING RAIN OR DRIZZLE
                        GRTST DEPTH:   0           7 = DUSTSTORM OR SANDSTORM:
                                                       VSBY 1/2 MILE OR LESS
                                                   8 = SMOKE OR HAZE
[NO. OF DAYS WITH]      [WEATHER - DAYS WITH]      9 = BLOWING SNOW
                                                   X = TORNADO
MAX 32 OR BELOW:   0    0.01 INCH OR MORE:   3
MAX 90 OR ABOVE:   0    0.10 INCH OR MORE:   1
MIN 32 OR BELOW:   0    0.50 INCH OR MORE:   0
MIN  0 OR BELOW:   0    1.00 INCH OR MORE:   0

[HDD (BASE 65) ]
TOTAL THIS MO.   133    CLEAR  (SCALE 0-3)  14
DPTR FM NORMAL  -125    PTCLDY (SCALE 4-7)  11
TOTAL FM JUL 1   568    CLOUDY (SCALE 8-10)  3
DPTR FM NORMAL  -525

[CDD (BASE 65) ]
TOTAL THIS MO.    21
DPTR FM NORMAL    19    [PRESSURE DATA]
TOTAL FM JAN 1    27    HIGHEST SLP 30.22 ON 24
DPTR FM NORMAL    21    LOWEST  SLP 29.75 ON 27

[REMARKS]
#FINAL-02-15#
