000
CXUS52 KFFC 201110
CF6CSG
PRELIMINARY LOCAL CLIMATOLOGICAL DATA (WS FORM: F-6)

                                          STATION:   COLUMBUS
                                          MONTH:     APRIL
                                          YEAR:      2014
                                          LATITUDE:   32 31 N
                                          LONGITUDE:  84 56 W

  TEMPERATURE IN F:       :PCPN:    SNOW:  WIND      :SUNSHINE: SKY     :PK WND
================================================================================
1   2   3   4   5  6A  6B    7    8   9   10  11  12  13   14  15   16   17  18
                                     12Z  AVG MX 2MIN
DY MAX MIN AVG DEP HDD CDD  WTR  SNW DPTH SPD SPD DIR MIN PSBL S-S WX    SPD DR
================================================================================

 1  82  47  65   4   0   0 0.00  0.0    0  2.1 14 230   M    M   1 8      17 280
 2  83  49  66   5   0   1 0.00  0.0    0  3.5 14 220   M    M   1        20 220
 3  83  58  71   9   0   6 0.00  0.0    0  6.9 18 200   M    M   1 8      30 330
 4  79  61  70   8   0   5    T  0.0    0  8.1 23 280   M    M   6 1      31 300
 5  77  59  68   6   0   3 0.00  0.0    0  5.4 10 300   M    M   5        15 290
 6  63  50  57  -5   8   0 1.87  0.0    0  7.2 21 130   M    M  10 1      26 120
 7  70  57  64   2   1   0 2.55  0.0    0  9.0 20 320   M    M   9 13     24 320
 8  67  50  59  -4   6   0 0.00  0.0    0  7.7 15 310   M    M   3        21 330
 9  72  50  61  -2   4   0 0.00  0.0    0  7.5 20 320   M    M   1        29 330
10  76  42  59  -4   6   0 0.00  0.0    0  3.8 15 210   M    M   0        21 190
11  75  47  61  -2   4   0 0.00  0.0    0  3.4 15 230   M    M   0        21 250
12  81  50  66   2   0   1 0.00  0.0    0  3.2 15 230   M    M   1 1      21 220
13  82  56  69   5   0   4 0.00  0.0    0  5.9 18 170   M    M   1        26 150
14  77  62  70   6   0   5 0.59  0.0    0  6.0 16 220   M    M   6 13     22 220
15  65  41  53 -11  12   0 0.34  0.0    0 10.7 24 340   M    M   8 18     33 360
16  65  37  51 -14  14   0 0.00  0.0    0  8.4 22  90   M    M   0        30  80
17  67  45  56  -9   9   0 0.00  0.0    0 10.4 18  90   M    M   6        25  90
18  60  52  56  -9   9   0 2.60  0.0    0 10.7 21  50   M    M  10 1      28  80
19  65  52  59  -6   6   0 0.01  0.0    0 10.2 18  70   M    M   9 1      25  50
================================================================================
SM 1389  965        79  25  7.96     0.0 130.1          M       78
================================================================================
AV 73.1 50.8                               6.8 FASTST   M    M   4    MAX(MPH)
                                 MISC ---->  # 24 340               # 33  360
================================================================================
NOTES:
# LAST OF SEVERAL OCCURRENCES

COLUMN 17 PEAK WIND IN M.P.H.

PRELIMINARY LOCAL CLIMATOLOGICAL DATA (WS FORM: F-6) , PAGE 2

                                          STATION:  COLUMBUS
                                          MONTH:    APRIL
                                          YEAR:     2014
                                          LATITUDE:   32 31 N
                                          LONGITUDE:  84 56 W

[TEMPERATURE DATA]      [PRECIPITATION DATA]       SYMBOLS USED IN COLUMN 16

AVERAGE MONTHLY: 61.9   TOTAL FOR MONTH:   7.96    1 = FOG OR MIST
DPTR FM NORMAL:  -1.2   DPTR FM NORMAL:    5.58    2 = FOG REDUCING VISIBILITY
HIGHEST:    83 ON  3, 2 GRTST 24HR  3.05 ON  6- 7      TO 1/4 MILE OR LESS
LOWEST:     37 ON 16                               3 = THUNDER
                        SNOW, ICE PELLETS, HAIL    4 = ICE PELLETS
                        TOTAL MONTH:   0.0 INCH    5 = HAIL
                        GRTST 24HR     0.0         6 = FREEZING RAIN OR DRIZZLE
                        GRTST DEPTH:   0           7 = DUSTSTORM OR SANDSTORM:
                                                       VSBY 1/2 MILE OR LESS
                                                   8 = SMOKE OR HAZE
[NO. OF DAYS WITH]      [WEATHER - DAYS WITH]      9 = BLOWING SNOW
                                                   X = TORNADO
MAX 32 OR BELOW:   0    0.01 INCH OR MORE:   6
MAX 90 OR ABOVE:   0    0.10 INCH OR MORE:   5
MIN 32 OR BELOW:   0    0.50 INCH OR MORE:   4
MIN  0 OR BELOW:   0    1.00 INCH OR MORE:   3

[HDD (BASE 65) ]
TOTAL THIS MO.    79    CLEAR  (SCALE 0-3)   9
DPTR FM NORMAL     6    PTCLDY (SCALE 4-7)   6
TOTAL FM JUL 1  2334    CLOUDY (SCALE 8-10)  4
DPTR FM NORMAL   238

[CDD (BASE 65) ]
TOTAL THIS MO.    25
DPTR FM NORMAL   -14    [PRESSURE DATA]
TOTAL FM JAN 1    28    HIGHEST SLP M ON M
DPTR FM NORMAL   -38    LOWEST  SLP 29.65 ON  8

[REMARKS]
