000
CXUS55 KOHX 251010
CF6CSV
PRELIMINARY LOCAL CLIMATOLOGICAL DATA (WS FORM: F-6)

                                          STATION:   CROSSVILLE
                                          MONTH:     FEBRUARY
                                          YEAR:      2018
                                          LATITUDE:   35 57 N
                                          LONGITUDE:  85  5 W

  TEMPERATURE IN F:       :PCPN:    SNOW:  WIND      :SUNSHINE: SKY     :PK WND
================================================================================
1   2   3   4   5  6A  6B    7    8   9   10  11  12  13   14  15   16   17  18
                                     12Z  AVG MX 2MIN
DY MAX MIN AVG DEP HDD CDD  WTR  SNW DPTH SPD SPD DIR MIN PSBL S-S WX    SPD DR
================================================================================

 1  48  30  39   2  26   0 0.49    M    M  7.2 18 320   M    M   9 18     25 320
 2  30  14  22 -15  43   0 0.00    M    M  6.7 17 320   M    M   1 1      24 320
 3  40  15  28  -9  37   0 0.00    M    M  6.5 20 170   M    M   4        33 200
 4  42  28  35  -2  30   0 0.64    M    M  9.5 18 330   M    M  10 12     30 180
 5  37  21  29  -8  36   0 0.00    M    M  6.5 16  50   M    M   5 1      21 320
 6  47  34  41   4  24   0 0.34    M    M  3.7 10 170   M    M  10 18     17 150
 7  51  27  39   1  26   0 1.00    M    M  9.2 17 330   M    M   9 12     24 330
 8  46  24  35  -3  30   0 0.00    M    M  3.7  9 330   M    M   4        13 290
 9  57  29  43   5  22   0 0.00    M    M  8.0 18 180   M    M   1        29 170
10  57  48  53  15  12   0 2.49    M    M  6.6 13 190   M    M  10 13     22 200
11  62  37  50  12  15   0 0.66    M    M  6.9 21 270   M    M  10 12     27 280
12  37  30  34  -5  31   0    T    M    M  9.8 16  20   M    M  10 12     21  30
13  50  33  42   3  23   0 0.00    M    M  4.8 10 190   M    M  10 1      18 190
14  57  48  53  14  12   0 0.44    M    M  6.1 13 190   M    M  10 1      21 190
15  71  57  64  25   1   0 0.18    M    M 10.0 23 230   M    M   7 1      35 210
16  67  40  54  14  11   0 0.11    M    M 10.3 26 250   M    M  10 1      36 270
17  49  39  44   4  21   0 0.90    M    M  7.3 21 290   M    M  10 12     31 190
18  58  33  46   6  19   0 0.04    M    M  6.6 14 180   M    M   4        25 180
19  64  55  60  20   5   0 0.00    M    M  8.9 16 180   M    M   8 1      26 200
20  71  58  65  25   0   0 0.00    M    M 10.2 20 180   M    M   7        33 180
21  76  63  70  29   0   5 0.08    M    M  9.1 17 170   M    M   7 1      28 150
22  69  53  61  20   4   0 0.24    M    M  4.8 18 180   M    M   6 12     35 180
23  75  59  67  26   0   2 0.00  0.0    0  6.3 18 270   M    M   2        22 270
24  67  60  64  22   1   0 0.64  0.0    0  8.0 17 190   M    M   8 138    29 180
================================================================================
SM 1328  935       429   7  8.25     0.0 176.7          M      172
================================================================================
AV 55.3 39.0                               7.4 FASTST   M    M   7    MAX(MPH)
                                 MISC ---->  # 26 250               # 36  270
================================================================================
NOTES:
# LAST OF SEVERAL OCCURRENCES

COLUMN 17 PEAK WIND IN M.P.H.

PRELIMINARY LOCAL CLIMATOLOGICAL DATA (WS FORM: F-6) , PAGE 2

                                          STATION:  CROSSVILLE
                                          MONTH:    FEBRUARY
                                          YEAR:     2018
                                          LATITUDE:   35 57 N
                                          LONGITUDE:  85  5 W

[TEMPERATURE DATA]      [PRECIPITATION DATA]       SYMBOLS USED IN COLUMN 16

AVERAGE MONTHLY: 47.2   TOTAL FOR MONTH:   8.25    1 = FOG OR MIST
DPTR FM NORMAL:   8.3   DPTR FM NORMAL:    4.42    2 = FOG REDUCING VISIBILITY
HIGHEST:    76 ON 21    GRTST 24HR  2.49 ON 10-10      TO 1/4 MILE OR LESS
LOWEST:     14 ON  2                               3 = THUNDER
                        SNOW, ICE PELLETS, HAIL    4 = ICE PELLETS
                        TOTAL MONTH:   0.0 INCH    5 = HAIL
                        GRTST 24HR     0.0         6 = FREEZING RAIN OR DRIZZLE
                        GRTST DEPTH:   0           7 = DUSTSTORM OR SANDSTORM:
                                                       VSBY 1/2 MILE OR LESS
                                                   8 = SMOKE OR HAZE
[NO. OF DAYS WITH]      [WEATHER - DAYS WITH]      9 = BLOWING SNOW
                                                   X = TORNADO
MAX 32 OR BELOW:   1    0.01 INCH OR MORE:  14
MAX 90 OR ABOVE:   0    0.10 INCH OR MORE:  12
MIN 32 OR BELOW:   9    0.50 INCH OR MORE:   6
MIN  0 OR BELOW:   0    1.00 INCH OR MORE:   2

[HDD (BASE 65) ]
TOTAL THIS MO.   429    CLEAR  (SCALE 0-3)   3
DPTR FM NORMAL  -199    PTCLDY (SCALE 4-7)   9
TOTAL FM JUL 1  3114    CLOUDY (SCALE 8-10) 12
DPTR FM NORMAL   -90

[CDD (BASE 65) ]
TOTAL THIS MO.     7
DPTR FM NORMAL     7    [PRESSURE DATA]
TOTAL FM JAN 1     7    HIGHEST SLP M ON M
DPTR FM NORMAL     7    LOWEST  SLP 29.84 ON M

[REMARKS]
