000
CXUS55 KOHX 281010
CF6CSV
PRELIMINARY LOCAL CLIMATOLOGICAL DATA (WS FORM: F-6)

                                          STATION:   CROSSVILLE
                                          MONTH:     FEBRUARY
                                          YEAR:      2015
                                          LATITUDE:   35 57 N
                                          LONGITUDE:  85  5 W

  TEMPERATURE IN F:       :PCPN:    SNOW:  WIND      :SUNSHINE: SKY     :PK WND
================================================================================
1   2   3   4   5  6A  6B    7    8   9   10  11  12  13   14  15   16   17  18
                                     12Z  AVG MX 2MIN
DY MAX MIN AVG DEP HDD CDD  WTR  SNW DPTH SPD SPD DIR MIN PSBL S-S WX    SPD DR
================================================================================

 1  53  39  46   9  19   0 1.16    M    M 10.9 24 220   M    M   9 1      35 190
 2  47  21  34  -3  31   0 0.08    M    M 12.1 25 310   M    M  10 18     33 290
 3  43  18  31  -6  34   0 0.00    M    M  2.8 12 260   M    M   4        14 250
 4  49  27  38   1  27   0 0.00    M    M  3.3 10 200   M    M   1        17 180
 5  40  19  30  -7  35   0 0.00    M    M  9.2 20  20   M    M   4 18     27  30
 6  48  13  31  -6  34   0 0.00    M    M  3.9 16 270   M    M   0        20 270
 7  60  32  46   8  19   0 0.00    M    M  7.1 14 190   M    M   0        24 180
 8  58  46  52  14  13   0 0.03    M    M  7.1 15 210   M    M   7 1      23 210
 9  53  31  42   4  23   0 0.01    M    M  7.8 18 330   M    M  10 1      26 330
10  32  27  30  -8  35   0 0.00    M    M  8.8 15  40   M    M  10 18     20 360
11  53  27  40   2  25   0 0.00    M    M  4.6 13 280   M    M   4 12     16 260
12  37  19  28 -11  37   0    T    M    M 12.3 26 320   M    M   8        36 320
13  37  17  27 -12  38   0 0.00    M    M  4.3 13 270   M    M   2        16 350
14  44  14  29 -10  36   0 0.00    M    M 12.2 26 320   M    M   5        41 330
15  25   7  16 -23  49   0 0.00    M    M  9.0 20  40   M    M   4        24  50
16  34  17  26 -14  39   0 1.11    M    M  7.3 15 350   M    M  10 16     25 160
17  23  11  17 -23  48   0    T    M    M  5.5 14 340   M    M   8 18     21 330
18  24   6  15 -25  50   0 0.02    M    M 11.0 26 280   M    M   6 128    35 290
19  12  -5   4 -36  61   0    T    M    M  7.2 16 280   M    M   3 8      23 270
20  27  -3  12 -28  53   0 0.28    M    M  7.0 18 180   M    M   7 168    29 160
21   M   M   M   M   M   M 0.50    M    M 16.7 24 180   M    M  10 16     41 170
22   M   M   M   M   M   M 0.00    M    M   M   M   M   M    M   0         M  M
23   M   M   M   M   M   M    M    M    M   M   M   M   M    M   M         M  M
24  30  19  25 -17  40   0 0.00    M    M  4.7 14 280   M    M   7        17 270
25  33  17  25 -17  40   0 0.15    M    M  3.5 10  60   M    M   4 1      14  60
26  38  26  32 -10  33   0 0.02    M    M  7.1 14 320   M    M   9 1      18 310
27  30  17  24 -18  41   0 0.00    M    M  8.0 15 360   M    M   4        19 350
================================================================================
SM  930  462       860   0  3.36    M    193.4          M      146
================================================================================
AV 38.8 19.2                               7.7 FASTST   M    M   6    MAX(MPH)
                                 MISC ---->  # 26 320                 41    M
================================================================================
NOTES:
# LAST OF SEVERAL OCCURRENCES

COLUMN 17 PEAK WIND IN M.P.H.

PRELIMINARY LOCAL CLIMATOLOGICAL DATA (WS FORM: F-6) , PAGE 2

                                          STATION:  CROSSVILLE
                                          MONTH:    FEBRUARY
                                          YEAR:     2015
                                          LATITUDE:   35 57 N
                                          LONGITUDE:  85  5 W

[TEMPERATURE DATA]      [PRECIPITATION DATA]       SYMBOLS USED IN COLUMN 16

AVERAGE MONTHLY: 29.0   TOTAL FOR MONTH:   3.36    1 = FOG OR MIST
DPTR FM NORMAL: -10.2   DPTR FM NORMAL:   -0.94    2 = FOG REDUCING VISIBILITY
HIGHEST:    60 ON  7    GRTST 24HR  1.24 ON  1- 2      TO 1/4 MILE OR LESS
LOWEST:     -5 ON 19                               3 = THUNDER
                        SNOW, ICE PELLETS, HAIL    4 = ICE PELLETS
                        TOTAL MONTH:    M          5 = HAIL
                        GRTST 24HR    M  ON   M    6 = FREEZING RAIN OR DRIZZLE
                        GRTST DEPTH:  M  ON   M    7 = DUSTSTORM OR SANDSTORM:
                                                       VSBY 1/2 MILE OR LESS
                                                   8 = SMOKE OR HAZE
[NO. OF DAYS WITH]      [WEATHER - DAYS WITH]      9 = BLOWING SNOW
                                                   X = TORNADO
MAX 32 OR BELOW:   8    0.01 INCH OR MORE:  10
MAX 90 OR ABOVE:   0    0.10 INCH OR MORE:   5
MIN 32 OR BELOW:  22    0.50 INCH OR MORE:   3
MIN  0 OR BELOW:   2    1.00 INCH OR MORE:   2

[HDD (BASE 65) ]
TOTAL THIS MO.   860    CLEAR  (SCALE 0-3)   5
DPTR FM NORMAL   163    PTCLDY (SCALE 4-7)  13
TOTAL FM JUL 1  3387    CLOUDY (SCALE 8-10)  8
DPTR FM NORMAL   114

[CDD (BASE 65) ]
TOTAL THIS MO.     0
DPTR FM NORMAL     0    [PRESSURE DATA]
TOTAL FM JAN 1     0    HIGHEST SLP  0.00 ON 18
DPTR FM NORMAL     0    LOWEST  SLP 29.62 ON  1

[REMARKS]
