000
CXUS55 KOHX 281010
CF6CSV
PRELIMINARY LOCAL CLIMATOLOGICAL DATA (WS FORM: F-6)

                                          STATION:   CROSSVILLE
                                          MONTH:     APRIL
                                          YEAR:      2016
                                          LATITUDE:   35 57 N
                                          LONGITUDE:  85  5 W

  TEMPERATURE IN F:       :PCPN:    SNOW:  WIND      :SUNSHINE: SKY     :PK WND
================================================================================
1   2   3   4   5  6A  6B    7    8   9   10  11  12  13   14  15   16   17  18
                                     12Z  AVG MX 2MIN
DY MAX MIN AVG DEP HDD CDD  WTR  SNW DPTH SPD SPD DIR MIN PSBL S-S WX    SPD DR
================================================================================

 1   M   M   M   M   M   M    T    M    M  6.5 17 280   M    M   6        23 310
 2   M   M   M   M   M   M 0.00    M    M 14.0 29 270   M    M   4        40 280
 3  63  33  48  -4  17   0 0.00    M    M  5.3 17 330   M    M   0        24 310
 4  76  43  60   7   5   0 0.00    M    M 10.6 24 270   M    M   1        39 250
 5  57  32  45  -8  20   0 0.00    M    M  6.5 16  20   M    M   0        22  30
 6  61  44  53   0  12   0 0.67    M    M 11.7 28 270   M    M   3 13     37 260
 7  59  43  51  -3  14   0 0.01    M    M 13.2 31 270   M    M   7        42 280
 8  53  39  46  -8  19   0 0.13    M    M  9.7 25 280   M    M   7 1      38 270
 9  48  32  40 -14  25   0 0.00    M    M  8.7 18 330   M    M   1        27 300
10  56  30  43 -11  22   0 0.03    M    M  8.1 17 180   M    M   3 8      30 160
11  65  50  58   3   7   0    T    M    M 10.6 22 180   M    M   3        35 190
12  64  45  55   0  10   0 0.00    M    M  7.4 16  30   M    M   5 18     20  20
13  68  36  52  -3  13   0 0.00    M    M  4.8 12 160   M    M   1        19 170
14  69  55  62   6   3   0 0.00    M    M  3.4 12 170   M    M   9        17 170
15  72  56  64   8   1   0 0.00    M    M  6.3 14  80   M    M   3        22 150
16  73  51  62   6   3   0 0.00    M    M  2.4 12  50   M    M   0        15  50
17  77  44  61   5   4   0 0.00    M    M  2.6 14  70   0    0   0        20 120
18  80  46  63   6   2   0 0.00    M    M  2.5 10 240   M    M   0        15 180
19  80  52  66   9   0   1 0.00    M    M  3.5 16 280   M    M   0        20 280
20  81  57  69  12   0   4 0.00    M    M  5.7 16 170   M    M   1        24 160
21  75  60  68  11   0   3 0.08    M    M  6.9 16 190   M    M   4        27 210
22  79  58  69  11   0   4 0.75    M    M  6.7 20 260   M    M   5 138    27 280
23   M   M   M   M   M   M 0.00    M    M  6.3 17  20   M    M   3 8      22  30
24   M   M   M   M   M   M 0.00    M    M  3.9 12 210   M    M   0 18     17 230
25   M   M   M   M   M   M 0.00    M    M  5.0 10 160   M    M   4        23 160
26  80  56  68   9   0   3    T    M    M  4.3 15 260   M    M   3 3      22 280
27  77  60  69  10   0   4 1.43  0.0    0  2.7 17 230   M    M   3 1238   30 210
================================================================================
SM 1513 1022       177  19  3.10     0.0 179.3            0     76
================================================================================
AV 68.8 46.5                               6.6 FASTST    0   0   3    MAX(MPH)
                                 MISC ---->  # 31 270               # 42  280
================================================================================
NOTES:
# LAST OF SEVERAL OCCURRENCES

COLUMN 17 PEAK WIND IN M.P.H.

PRELIMINARY LOCAL CLIMATOLOGICAL DATA (WS FORM: F-6) , PAGE 2

                                          STATION:  CROSSVILLE
                                          MONTH:    APRIL
                                          YEAR:     2016
                                          LATITUDE:   35 57 N
                                          LONGITUDE:  85  5 W

[TEMPERATURE DATA]      [PRECIPITATION DATA]       SYMBOLS USED IN COLUMN 16

AVERAGE MONTHLY: 57.6   TOTAL FOR MONTH:   3.10    1 = FOG OR MIST
DPTR FM NORMAL:   2.1   DPTR FM NORMAL:   -1.26    2 = FOG REDUCING VISIBILITY
HIGHEST:    81 ON 20    GRTST 24HR  1.67 ON 31- 1      TO 1/4 MILE OR LESS
LOWEST:     30 ON 10                               3 = THUNDER
                        SNOW, ICE PELLETS, HAIL    4 = ICE PELLETS
                        TOTAL MONTH:   0.0 INCH    5 = HAIL
                        GRTST 24HR     0.0         6 = FREEZING RAIN OR DRIZZLE
                        GRTST DEPTH:   0           7 = DUSTSTORM OR SANDSTORM:
                                                       VSBY 1/2 MILE OR LESS
                                                   8 = SMOKE OR HAZE
[NO. OF DAYS WITH]      [WEATHER - DAYS WITH]      9 = BLOWING SNOW
                                                   X = TORNADO
MAX 32 OR BELOW:   0    0.01 INCH OR MORE:   7
MAX 90 OR ABOVE:   0    0.10 INCH OR MORE:   4
MIN 32 OR BELOW:   3    0.50 INCH OR MORE:   3
MIN  0 OR BELOW:   0    1.00 INCH OR MORE:   1

[HDD (BASE 65) ]
TOTAL THIS MO.   177    CLEAR  (SCALE 0-3)  15
DPTR FM NORMAL   -93    PTCLDY (SCALE 4-7)  11
TOTAL FM JUL 1  3159    CLOUDY (SCALE 8-10)  1
DPTR FM NORMAL  -963

[CDD (BASE 65) ]
TOTAL THIS MO.    19
DPTR FM NORMAL     8    [PRESSURE DATA]
TOTAL FM JAN 1    25    HIGHEST SLP  0.00 ON 17
DPTR FM NORMAL    12    LOWEST  SLP 29.66 ON  1

[REMARKS]
