000
CXUS52 KTAE 010800
CF6CTY
PRELIMINARY LOCAL CLIMATOLOGICAL DATA (WS FORM: F-6)

                                          STATION:   CROSS CITY
                                          MONTH:     SEPTEMBER
                                          YEAR:      2016
                                          LATITUDE:   29 37 N
                                          LONGITUDE:  83  6 W

  TEMPERATURE IN F:       :PCPN:    SNOW:  WIND      :SUNSHINE: SKY     :PK WND
================================================================================
1   2   3   4   5  6A  6B    7    8   9   10  11  12  13   14  15   16   17  18
                                     12Z  AVG MX 2MIN
DY MAX MIN AVG DEP HDD CDD  WTR  SNW DPTH SPD SPD DIR MIN PSBL S-S WX    SPD DR
================================================================================

 1  79  73  76  -4   0  11 8.23  0.0    0  7.8 23 160   M    M   9 13     45 160
 2  88  77  83   3   0  18 1.49  0.0    0 15.6 31 190   M    M   7 13     43 170
 3  84  73  79  -1   0  14 2.04  0.0    0  3.1 10 250   M    M   7 13      M  M
 4  88  73  81   1   0  16 1.69  0.0    0  3.8  8 200   M    M   8 13      M  M
 5  88  72  80   0   0  15 0.00  0.0    0  5.9 10  80   M    M   6        17  70
 6  88  66  77  -3   0  12 0.00  0.0    0  4.0  7  50   M    M   0         M  M
 7  90  68  79  -1   0  14 0.00  0.0    0  2.9  8  40   M    M   1         M  M
 8  91  66  79  -1   0  14 0.00  0.0    0  3.5 10  40   M    M   0         M  M
 9  91  68  80   0   0  15 0.00  0.0    0  3.5 12  40   M    M   0        16  40
10  91  73  82   2   0  17 0.00  0.0    0  2.7  9 250   M    M   3 38      M  M
11  93  73  83   3   0  18 0.02  0.0    0  3.0 12 260   M    M   2 13      M  M
12  93  75  84   5   0  19 0.03  0.0    0  4.6  9  80   M    M   2         M  M
13  90  73  82   3   0  17 0.00  0.0    0  7.6 14  40   M    M   4        18  30
14  88  72  80   1   0  15 0.10  0.0    0  2.8  7 240   M    M   8         M  M
15  91  73  82   3   0  17 0.00  0.0    0  4.4  8 240   M    M   4         M  M
16  91  75  83   4   0  18 0.03  0.0    0  3.6  8  50   M    M   6         M  M
17  91  73  82   4   0  17 0.00  0.0    0  4.7 12 260   M    M   4 1       M  M
18  91  73  82   4   0  17 0.00  0.0    0  3.8 12 240   M    M   2 1      17 240
19  90  75  83   5   0  18 0.00  0.0    0  3.7 12 260   M    M   4 3       M  M
20  90  73  82   4   0  17 0.54  0.0    0  4.5 15 350   M    M   4 3      25 350
21  90  72  81   3   0  16 0.00  0.0    0  3.1  9  50   M    M   3 1       M  M
22  90  72  81   4   0  16 0.00  0.0    0  3.8  M   M   M    M   2         M  M
23  91  68  80   3   0  15 0.00  0.0    0  3.3 10  40   M    M   1         M  M
24  91  70  81   4   0  16 0.00  0.0    0  2.7  9 310   M    M   3         M  M
25  91  72  82   5   0  17 0.90  0.0    0  3.6 21 240   M    M   4 13     25 240
26  91  70  81   5   0  16 0.00  0.0    0  3.9  8  50   M    M   2 1       M  M
27  90  68  79   3   0  14 0.00  0.0    0  3.0  9 240   M    M   1         M  M
28  84  70  77   1   0  12    M  0.0    0  2.4  7 200   M    M   2 13      M  M
29  90  72  81   5   0  16 0.00  0.0    0  3.5 12 260   M    M   3 13      M  M
30  86  63  75   0   0  10 0.00  0.0    0  4.0 10 290   M    M   0 1       M  M
================================================================================
SM 2680 2141         0 467 15.07     0.0 128.8          M      102
================================================================================
AV 89.3 71.4                               4.3 FASTST   M    M   3    MAX(MPH)
                                 MISC ---->    31   M                 45    M
================================================================================
NOTES:
# LAST OF SEVERAL OCCURRENCES

COLUMN 17 PEAK WIND IN M.P.H.

PRELIMINARY LOCAL CLIMATOLOGICAL DATA (WS FORM: F-6) , PAGE 2

                                          STATION:  CROSS CITY
                                          MONTH:    SEPTEMBER
                                          YEAR:     2016
                                          LATITUDE:   29 37 N
                                          LONGITUDE:  83  6 W

[TEMPERATURE DATA]      [PRECIPITATION DATA]       SYMBOLS USED IN COLUMN 16

AVERAGE MONTHLY: 80.4   TOTAL FOR MONTH:  15.07    1 = FOG OR MIST
DPTR FM NORMAL:   2.0   DPTR FM NORMAL:   10.61    2 = FOG REDUCING VISIBILITY
HIGHEST:    93 ON 12,11 GRTST 24HR  8.23 ON  1- 1      TO 1/4 MILE OR LESS
LOWEST:     63 ON 30                               3 = THUNDER
                        SNOW, ICE PELLETS, HAIL    4 = ICE PELLETS
                        TOTAL MONTH:   0.0 INCH    5 = HAIL
                        GRTST 24HR     0.0         6 = FREEZING RAIN OR DRIZZLE
                        GRTST DEPTH:   0           7 = DUSTSTORM OR SANDSTORM:
                                                       VSBY 1/2 MILE OR LESS
                                                   8 = SMOKE OR HAZE
[NO. OF DAYS WITH]      [WEATHER - DAYS WITH]      9 = BLOWING SNOW
                                                   X = TORNADO
MAX 32 OR BELOW:   0    0.01 INCH OR MORE:  10
MAX 90 OR ABOVE:  21    0.10 INCH OR MORE:   7
MIN 32 OR BELOW:   0    0.50 INCH OR MORE:   6
MIN  0 OR BELOW:   0    1.00 INCH OR MORE:   4

[HDD (BASE 65) ]
TOTAL THIS MO.     0    CLEAR  (SCALE 0-3)  14
DPTR FM NORMAL     0    PTCLDY (SCALE 4-7)  15
TOTAL FM JUL 1     0    CLOUDY (SCALE 8-10)  1
DPTR FM NORMAL     0

[CDD (BASE 65) ]
TOTAL THIS MO.   467
DPTR FM NORMAL    63    [PRESSURE DATA]
TOTAL FM JAN 1  2781    HIGHEST SLP 30.26 ON  7
DPTR FM NORMAL   439    LOWEST  SLP 29.22 ON  2

[REMARKS]
#FINAL-09-16#
