000
CXUS55 KCAE 241400
CF6CUB
PRELIMINARY LOCAL CLIMATOLOGICAL DATA (WS FORM: F-6)

                                          STATION:   HAMILTON - OWENS AIRPORT SC
                                          MONTH:     DECEMBER
                                          YEAR:      2014
                                          LATITUDE:   33 58 N
                                          LONGITUDE:  80 59 W

  TEMPERATURE IN F:       :PCPN:    SNOW:  WIND      :SUNSHINE: SKY     :PK WND
================================================================================
1   2   3   4   5  6A  6B    7    8   9   10  11  12  13   14  15   16   17  18
                                     12Z  AVG MX 2MIN
DY MAX MIN AVG DEP HDD CDD  WTR  SNW DPTH SPD SPD DIR MIN PSBL S-S WX    SPD DR
================================================================================

 1  74  40  57   5   8   0 0.00    M    M  1.7 12 260   M    M   0 1      15 270
 2  75  44  60   8   5   0 0.00    M    M  2.0 12  70   M    M   3 1      17  80
 3  68  53  61  10   4   0 0.00    M    M  1.0  6  60   M    M   6 18      8 290
 4  59  53  56   5   9   0 0.00    M    M  1.9  8  70   M    M   9 128    11  70
 5  62  48  55   4  10   0 0.00    M    M  3.8  8  70   M    M   5        11  70
 6  62  48  55   5  10   0 0.02    M    M  1.9 13 330   M    M   9 1      19 340
 7  60  44  52   2  13   0 0.00    M    M  7.1 16  50   M    M   2        29  30
 8  48  40  44  -6  21   0    T    M    M  4.7 13  70   M    M   9 1      22  60
 9  56  41  49  -1  16   0 0.00    M    M  5.3 13 320   M    M   9        18 310
10  56  37  47  -2  18   0 0.00    M    M  4.3 13 270   M    M   0        18 290
11  54  29  42  -7  23   0 0.00    M    M  1.7 10 310   M    M   0 18     16 270
12  61  27  44  -5  21   0 0.00    M    M  1.6  9 260   M    M   0 1      13 270
13  66  29  48   0  17   0 0.00    M    M  0.9  8 280   M    M   0 18     12 290
14  68  31  50   2  15   0 0.00    M    M  0.8  7 210   M    M   0 18      9 180
15  68  33  51   3  14   0 0.00    M    M  1.2  7 170   M    M   0 18     10 110
16  68  37  53   5  12   0 0.01    M    M  6.5 20 280   M    M   4 1      29 280
17  62  36  49   1  16   0 0.00    M    M  1.7  9 280   M    M   0 18     12 320
18  60  36  48   1  17   0 0.00    M    M  1.2 10  70   M    M   1 1      18  70
19  62  37  50   3  15   0 0.00    M    M  1.0  7  40   M    M   0        10  30
20  50  45  48   1  17   0 0.10    M  999  1.8  7  90   M    M  10 18     10  70
21  56  43  50   3  15   0 0.16    M    M  3.7  9  70   M    M   9 1      14  70
22  47  42  45  -1  20   0 0.26    M    M  3.8  9  70   M    M  10 1      14  70
23  51  43  47   1  18   0 0.30    M    M  1.4  8 100   M    M  10 1      17  80
================================================================================
SM 1393  916       334   0  0.85    M     61.0          M       96
================================================================================
AV 60.6 39.8                               2.7 FASTST   M    M   4    MAX(MPH)
                                 MISC ---->  # 20 280               # 29   30
================================================================================
NOTES:
# LAST OF SEVERAL OCCURRENCES

COLUMN 17 PEAK WIND IN M.P.H.

PRELIMINARY LOCAL CLIMATOLOGICAL DATA (WS FORM: F-6) , PAGE 2

                                          STATION:  HAMILTON - OWENS AIRPORT SC
                                          MONTH:    DECEMBER
                                          YEAR:     2014
                                          LATITUDE:   33 58 N
                                          LONGITUDE:  80 59 W

[TEMPERATURE DATA]      [PRECIPITATION DATA]       SYMBOLS USED IN COLUMN 16

AVERAGE MONTHLY: 50.2   TOTAL FOR MONTH:   0.85    1 = FOG OR MIST
DPTR FM NORMAL:   1.3   DPTR FM NORMAL:   -1.65    2 = FOG REDUCING VISIBILITY
HIGHEST:    75 ON  2    GRTST 24HR  0.41 ON 21-22      TO 1/4 MILE OR LESS
LOWEST:     27 ON 12                               3 = THUNDER
                        SNOW, ICE PELLETS, HAIL    4 = ICE PELLETS
                        TOTAL MONTH:    M          5 = HAIL
                        GRTST 24HR    M  ON   M    6 = FREEZING RAIN OR DRIZZLE
                        GRTST DEPTH: 999 ON 20     7 = DUSTSTORM OR SANDSTORM:
                                                       VSBY 1/2 MILE OR LESS
                                                   8 = SMOKE OR HAZE
[NO. OF DAYS WITH]      [WEATHER - DAYS WITH]      9 = BLOWING SNOW
                                                   X = TORNADO
MAX 32 OR BELOW:   0    0.01 INCH OR MORE:   6
MAX 90 OR ABOVE:   0    0.10 INCH OR MORE:   4
MIN 32 OR BELOW:   4    0.50 INCH OR MORE:   0
MIN  0 OR BELOW:   0    1.00 INCH OR MORE:   0

[HDD (BASE 65) ]
TOTAL THIS MO.   334    CLEAR  (SCALE 0-3)  12
DPTR FM NORMAL   -42    PTCLDY (SCALE 4-7)   3
TOTAL FM JUL 1   809    CLOUDY (SCALE 8-10)  8
DPTR FM NORMAL    62

[CDD (BASE 65) ]
TOTAL THIS MO.     0
DPTR FM NORMAL     0    [PRESSURE DATA]
TOTAL FM JAN 1  2415    HIGHEST SLP M ON M
DPTR FM NORMAL   159    LOWEST  SLP 29.82 ON 23

[REMARKS]
