000
CXUS53 KUNR 280945
CF6CUT
PRELIMINARY LOCAL CLIMATOLOGICAL DATA (WS FORM: F-6)

                                          STATION:   CUSTER COUNTY AIRPORT SD
                                          MONTH:     FEBRUARY
                                          YEAR:      2015
                                          LATITUDE:   43 43 N
                                          LONGITUDE: 103 37 W

  TEMPERATURE IN F:       :PCPN:    SNOW:  WIND      :SUNSHINE: SKY     :PK WND
================================================================================
1   2   3   4   5  6A  6B    7    8   9   10  11  12  13   14  15   16   17  18
                                     12Z  AVG MX 2MIN
DY MAX MIN AVG DEP HDD CDD  WTR  SNW DPTH SPD SPD DIR MIN PSBL S-S WX    SPD DR
================================================================================

 1  21   2  12 -12  53   0 0.00    M    M  5.8 14 250   M    M   3        18 240
 2  40  11  26   2  39   0 0.00    M    M  8.0 21 290   M    M   4 18     31 310
 3  44  20  32   8  33   0 0.00    M    M  8.3 22 310   M    M   5 18     33 280
 4  24  10  17  -7  48   0 0.00    M    M  6.6 12 250   M    M   4 18     17 240
 5  49  20  35  11  30   0 0.00    M    M  7.6 17 270   M    M   2        24 270
 6  59  35  47  23  18   0 0.00    M    M  7.9 20 270   M    M   0        28 270
 7  58  40  49  24  16   0    T    M    M 11.0 31 280   M    M   2        44 290
 8  53  30  42  17  23   0 0.00    M    M  8.8 24 300   M    M   0        35 310
 9  57  27  42  17  23   0 0.01    M    M  6.9 28 250   M    M   0        46 250
10  47  25  36  11  29   0 0.00    M    M  9.9 23 290   M    M   4        36 290
11  42  19  31   6  34   0 0.00    M    M  6.5 18 270   M    M   6 1      27 270
12  50  20  35  10  30   0 0.00    M    M  6.5 22 330   M    M   5 1      34 340
13  51  29  40  15  25   0 0.00    M    M  7.4 18 310   M    M   4        30 280
14  40  25  33   8  32   0 0.00    M    M  4.6 13 220   M    M   1 1      18 220
15  38  23  31   5  34   0    T    M    M  4.4 13 350   M    M   7 1      18 350
16  31  16  24  -2  41   0 0.01    M    M  7.2 21 350   M    M   5 18     29 340
17  20   9  15 -11  50   0 0.02    M    M 12.4 24 330   M    M   3 1      40 340
18  25   4  15 -11  50   0 0.00    M    M  5.7 14 270   M    M   8        19 260
19  49  23  36  10  29   0 0.00    M    M  7.4 23 300   M    M   1        35 300
20  37  23  30   4  35   0 0.07    M    M  4.2 13 310   M    M   8 18     20 320
21  25   3  14 -12  51   0    T    M    M  5.6 14 280   M    M   7        21 300
22  13  -9   2 -25  63   0 0.00    M    M  3.6 15  70   M    M   1        18 110
23  31   1  16 -11  49   0 0.00    M    M 11.0 21 270   M    M   0        27 280
24  49  26  38  11  27   0 0.00    M    M 10.2 18 270   M    M   1        28  10
25  37   1  19  -8  46   0    T    M    M  8.6 23 360   M    M   6 1      39 330
26  11 -14  -1 -29  66   0 0.05    M    M  3.7 13  80   M    M   4 8      15  50
27  13 -15  -1 -29  66   0    T    M    M  5.6 15 180   M    M   6 18     24 200
================================================================================
SM 1014  404      1040   0  0.16    M    195.4          M       97
================================================================================
AV 37.6 15.0                               7.2 FASTST   M    M   4    MAX(MPH)
                                 MISC ---->  # 31 280               # 46  250
================================================================================
NOTES:
# LAST OF SEVERAL OCCURRENCES

COLUMN 17 PEAK WIND IN M.P.H.

PRELIMINARY LOCAL CLIMATOLOGICAL DATA (WS FORM: F-6) , PAGE 2

                                          STATION:  CUSTER COUNTY AIRPORT SD
                                          MONTH:    FEBRUARY
                                          YEAR:     2015
                                          LATITUDE:   43 43 N
                                          LONGITUDE: 103 37 W

[TEMPERATURE DATA]      [PRECIPITATION DATA]       SYMBOLS USED IN COLUMN 16

AVERAGE MONTHLY: 26.3   TOTAL FOR MONTH:   0.16    1 = FOG OR MIST
DPTR FM NORMAL:   0.7   DPTR FM NORMAL:   -0.35    2 = FOG REDUCING VISIBILITY
HIGHEST:    59 ON  6    GRTST 24HR  0.07 ON 20-20      TO 1/4 MILE OR LESS
LOWEST:    -15 ON 27                               3 = THUNDER
                        SNOW, ICE PELLETS, HAIL    4 = ICE PELLETS
                        TOTAL MONTH:    M          5 = HAIL
                        GRTST 24HR    M  ON   M    6 = FREEZING RAIN OR DRIZZLE
                        GRTST DEPTH:  M  ON   M    7 = DUSTSTORM OR SANDSTORM:
                                                       VSBY 1/2 MILE OR LESS
                                                   8 = SMOKE OR HAZE
[NO. OF DAYS WITH]      [WEATHER - DAYS WITH]      9 = BLOWING SNOW
                                                   X = TORNADO
MAX 32 OR BELOW:  10    0.01 INCH OR MORE:   5
MAX 90 OR ABOVE:   0    0.10 INCH OR MORE:   0
MIN 32 OR BELOW:  25    0.50 INCH OR MORE:   0
MIN  0 OR BELOW:   3    1.00 INCH OR MORE:   0

[HDD (BASE 65) ]
TOTAL THIS MO.  1040    CLEAR  (SCALE 0-3)  11
DPTR FM NORMAL   -23    PTCLDY (SCALE 4-7)  16
TOTAL FM JUL 1  5398    CLOUDY (SCALE 8-10)  0
DPTR FM NORMAL  -400

[CDD (BASE 65) ]
TOTAL THIS MO.     0
DPTR FM NORMAL     0    [PRESSURE DATA]
TOTAL FM JAN 1     0    HIGHEST SLP M ON M
DPTR FM NORMAL     0    LOWEST  SLP 29.50 ON  7

[REMARKS]
