000
CXUS53 KUNR 260945
CF6CUT
PRELIMINARY LOCAL CLIMATOLOGICAL DATA (WS FORM: F-6)

                                          STATION:   CUSTER COUNTY AIRPORT SD
                                          MONTH:     FEBRUARY
                                          YEAR:      2017
                                          LATITUDE:   43 43 N
                                          LONGITUDE: 103 37 W

  TEMPERATURE IN F:       :PCPN:    SNOW:  WIND      :SUNSHINE: SKY     :PK WND
================================================================================
1   2   3   4   5  6A  6B    7    8   9   10  11  12  13   14  15   16   17  18
                                     12Z  AVG MX 2MIN
DY MAX MIN AVG DEP HDD CDD  WTR  SNW DPTH SPD SPD DIR MIN PSBL S-S WX    SPD DR
================================================================================

 1  18   5  12 -12  53   0 0.24    M    M  2.9 10 360   M    M  10 18     13 360
 2  12  -6   3 -21  62   0 0.07    M    M  2.3 10  90   M    M  10 18     12 120
 3  30  -9  11 -13  54   0 0.00    M    M  6.9 14 240   M    M   0 18     22 240
 4  42  28  35  11  30   0 0.00    M    M  9.1 26 270   M    M   0        35 280
 5  44  28  36  12  29   0 0.00    M    M  6.6 23 270   M    M   0        33 280
 6  48  33  41  17  24   0 0.00    M    M 11.7 24 240   M    M   1        35 240
 7  36   5  21  -4  44   0 0.24    M    M  6.1 20 270   M    M   7 128    29 270
 8  31   5  18  -7  47   0    T    M    M  7.6 21 300   M    M   6 18     31 300
 9  49  12  31   6  34   0 0.00    M    M  9.7 30 260   M    M   2        40 260
10  55  31  43  18  22   0 0.01    M    M 12.9 30 270   M    M   4        42 280
11  45  20  33   8  32   0    T    M    M  4.8 17 300   M    M   6        25 300
12  37  18  28   3  37   0 0.00    M    M  8.1 18 270   M    M   0        24 270
13  47  26  37  12  28   0 0.00    M    M  6.3 17 320   M    M   0        26 310
14  46  23  35  10  30   0 0.00    M    M  6.0 17  20   M    M   0        25 350
15  59  31  45  19  20   0 0.00    M    M  7.8 16 280   M    M   0        23 270
16  60  38  49  23  16   0 0.00    M    M 10.3 20 250   M    M   0        28 240
17  52  29  41  15  24   0 0.00    M    M  8.0 23 280   M    M   0        31 290
18  56  30  43  17  22   0 0.00    M    M  6.6 23 250   M    M   2        33 250
19  56  38  47  21  18   0 0.01    M    M  9.3 21 240   M    M   2        30 260
20  52  36  44  18  21   0 0.00    M    M 12.4 26 270   M    M   3        41 270
21  59  37  48  22  17   0 0.12    M    M 14.7 28 260   M    M   4 8      40 250
22  44  24  34   7  31   0    T    M    M  9.5 21 290   M    M   3 12     31 290
23  24  16  20  -7  45   0 0.19    M    M 13.4 23  50   M    M  10 1      33  50
24  21   8  15 -12  50   0 0.08    M    M  5.1 12 250   M    M   8 18     18  30
25  25   8  17 -10  48   0    T    M    M  6.4 16 270   M    M   5 8      22 250
================================================================================
SM 1048  514       838   0  0.96    M    204.5          M       83
================================================================================
AV 41.9 20.6                               8.2 FASTST   M    M   3    MAX(MPH)
                                 MISC ---->  # 30 260               # 42  280
================================================================================
NOTES:
# LAST OF SEVERAL OCCURRENCES

COLUMN 17 PEAK WIND IN M.P.H.

PRELIMINARY LOCAL CLIMATOLOGICAL DATA (WS FORM: F-6) , PAGE 2

                                          STATION:  CUSTER COUNTY AIRPORT SD
                                          MONTH:    FEBRUARY
                                          YEAR:     2017
                                          LATITUDE:   43 43 N
                                          LONGITUDE: 103 37 W

[TEMPERATURE DATA]      [PRECIPITATION DATA]       SYMBOLS USED IN COLUMN 16

AVERAGE MONTHLY: 31.2   TOTAL FOR MONTH:   0.96    1 = FOG OR MIST
DPTR FM NORMAL:   5.9   DPTR FM NORMAL:    0.49    2 = FOG REDUCING VISIBILITY
HIGHEST:    60 ON 16    GRTST 24HR  0.52 ON 31- 1      TO 1/4 MILE OR LESS
LOWEST:     -9 ON  3                               3 = THUNDER
                        SNOW, ICE PELLETS, HAIL    4 = ICE PELLETS
                        TOTAL MONTH:    M          5 = HAIL
                        GRTST 24HR    M  ON   M    6 = FREEZING RAIN OR DRIZZLE
                        GRTST DEPTH:  M  ON   M    7 = DUSTSTORM OR SANDSTORM:
                                                       VSBY 1/2 MILE OR LESS
                                                   8 = SMOKE OR HAZE
[NO. OF DAYS WITH]      [WEATHER - DAYS WITH]      9 = BLOWING SNOW
                                                   X = TORNADO
MAX 32 OR BELOW:   7    0.01 INCH OR MORE:   8
MAX 90 OR ABOVE:   0    0.10 INCH OR MORE:   4
MIN 32 OR BELOW:  20    0.50 INCH OR MORE:   0
MIN  0 OR BELOW:   2    1.00 INCH OR MORE:   0

[HDD (BASE 65) ]
TOTAL THIS MO.   838    CLEAR  (SCALE 0-3)  14
DPTR FM NORMAL  -151    PTCLDY (SCALE 4-7)   8
TOTAL FM JUL 1  5239    CLOUDY (SCALE 8-10)  3
DPTR FM NORMAL  -485

[CDD (BASE 65) ]
TOTAL THIS MO.     0
DPTR FM NORMAL     0    [PRESSURE DATA]
TOTAL FM JAN 1     0    HIGHEST SLP M ON M
DPTR FM NORMAL     0    LOWEST  SLP 29.16 ON 17

[REMARKS]
