000
CXUS53 KUNR 240945
CF6CUT
PRELIMINARY LOCAL CLIMATOLOGICAL DATA (WS FORM: F-6)

                                          STATION:   CUSTER COUNTY AIRPORT SD
                                          MONTH:     APRIL
                                          YEAR:      2014
                                          LATITUDE:   43 43 N
                                          LONGITUDE: 103 37 W

  TEMPERATURE IN F:       :PCPN:    SNOW:  WIND      :SUNSHINE: SKY     :PK WND
================================================================================
1   2   3   4   5  6A  6B    7    8   9   10  11  12  13   14  15   16   17  18
                                     12Z  AVG MX 2MIN
DY MAX MIN AVG DEP HDD CDD  WTR  SNW DPTH SPD SPD DIR MIN PSBL S-S WX    SPD DR
================================================================================

 1  29  17  23 -12  42   0 0.19    M    M  4.6 10 100   M    M  10 12     15 160
 2  28  20  24 -11  41   0 0.46    M    M  4.5 13 110   M    M  10 12     17 110
 3  37  16  27  -9  38   0    T    M    M  6.7 17 340   M    M   0        25 350
 4  45  13  29  -7  36   0 0.00    M    M  6.2 15 280   M    M   1        24 200
 5  52  28  40   4  25   0 0.00    M    M  4.6 16 100   M    M   2        23  90
 6  48  30  39   3  26   0    T    M    M  6.7 18 280   M    M   5 1      25 270
 7  45  32  39   2  26   0    T    M    M 11.3 24 330   M    M   1        37 330
 8  60  32  46   9  19   0 0.00    M    M 10.0 21 270   M    M   2        29 290
 9  67  40  54  17  11   0 0.02    M    M 10.0 23 290   M    M   2        32 350
10  51  31  41   4  24   0 0.00    M    M  6.4 17 270   M    M   4        23 240
11  62  28  45   7  20   0 0.00    M    M  7.1 18 250   M    M   1        29 240
12  56  30  43   5  22   0 0.03    M    M  9.0 18  20   M    M   5 1      28  40
13  30  14  22 -16  43   0 0.01    M    M  8.7 17  10   M    M   9 1      29 360
14  37  14  26 -13  39   0 0.00    M    M  9.6 24 290   M    M   2        37 310
15  56  25  41   2  24   0 0.04    M    M  8.4 20 270   M    M   3        29 290
16  45  24  35  -4  30   0 0.46    M    M  7.1 17 350   M    M   9 12     25 360
17  47  25  36  -4  29   0    T    M    M  5.4 12 240   M    M   6 1      17 250
18  65  34  50  10  15   0 0.00    M    M  9.2 22 250   M    M   1        33 270
19  58  33  46   6  19   0 0.00    M    M  5.0 14 250   M    M   0        21 210
20  69  33  51  11  14   0 0.00    M    M  6.4 18  30   M    M   2        24  50
21  62  30  46   5  19   0 0.00    M    M  6.1 25  80   M    M   1        28 100
22  70  32  51  10  14   0    T    M    M  6.4 18 210   M    M   2        28 230
23  59  32  46   5  19   0    T    M    M 12.0 30 270   M    M   3        45 280
================================================================================
SM 1178  613       595   0  1.21    M    171.4          M       81
================================================================================
AV 51.2 26.7                               7.5 FASTST   M    M   4    MAX(MPH)
                                 MISC ---->  # 30 270               # 45  280
================================================================================
NOTES:
# LAST OF SEVERAL OCCURRENCES

COLUMN 17 PEAK WIND IN M.P.H.

PRELIMINARY LOCAL CLIMATOLOGICAL DATA (WS FORM: F-6) , PAGE 2

                                          STATION:  CUSTER COUNTY AIRPORT SD
                                          MONTH:    APRIL
                                          YEAR:     2014
                                          LATITUDE:   43 43 N
                                          LONGITUDE: 103 37 W

[TEMPERATURE DATA]      [PRECIPITATION DATA]       SYMBOLS USED IN COLUMN 16

AVERAGE MONTHLY: 38.9   TOTAL FOR MONTH:   1.21    1 = FOG OR MIST
DPTR FM NORMAL:   0.8   DPTR FM NORMAL:   -0.30    2 = FOG REDUCING VISIBILITY
HIGHEST:    70 ON 22    GRTST 24HR  0.50 ON  1- 2      TO 1/4 MILE OR LESS
LOWEST:     13 ON  4                               3 = THUNDER
                        SNOW, ICE PELLETS, HAIL    4 = ICE PELLETS
                        TOTAL MONTH:    M          5 = HAIL
                        GRTST 24HR    M  ON   M    6 = FREEZING RAIN OR DRIZZLE
                        GRTST DEPTH:  M  ON   M    7 = DUSTSTORM OR SANDSTORM:
                                                       VSBY 1/2 MILE OR LESS
                                                   8 = SMOKE OR HAZE
[NO. OF DAYS WITH]      [WEATHER - DAYS WITH]      9 = BLOWING SNOW
                                                   X = TORNADO
MAX 32 OR BELOW:   3    0.01 INCH OR MORE:   7
MAX 90 OR ABOVE:   0    0.10 INCH OR MORE:   3
MIN 32 OR BELOW:  19    0.50 INCH OR MORE:   0
MIN  0 OR BELOW:   0    1.00 INCH OR MORE:   0

[HDD (BASE 65) ]
TOTAL THIS MO.   595    CLEAR  (SCALE 0-3)  15
DPTR FM NORMAL   -25    PTCLDY (SCALE 4-7)   4
TOTAL FM JUL 1  7505    CLOUDY (SCALE 8-10)  4
DPTR FM NORMAL    10

[CDD (BASE 65) ]
TOTAL THIS MO.     0
DPTR FM NORMAL     0    [PRESSURE DATA]
TOTAL FM JAN 1     0    HIGHEST SLP M ON M
DPTR FM NORMAL     0    LOWEST  SLP 29.37 ON 23

[REMARKS]
