000
CXUS52 KCHS 011358
CF6CXM
PRELIMINARY LOCAL CLIMATOLOGICAL DATA (WS FORM: F-6)

                                          STATION:   DOWNTOWN CHARLESTON SC
                                          MONTH:     FEBRUARY
                                          YEAR:      2015
                                          LATITUDE:   32 46 N
                                          LONGITUDE:  79 56 W

  TEMPERATURE IN F:       :PCPN:    SNOW:  WIND      :SUNSHINE: SKY     :PK WND
================================================================================
1   2   3   4   5  6A  6B    7    8   9   10  11  12  13   14  15   16   17  18
                                     12Z  AVG MX 2MIN
DY MAX MIN AVG DEP HDD CDD  WTR  SNW DPTH SPD SPD DIR MIN PSBL S-S WX    SPD DR
================================================================================

 1  63  44  54   3  11   0 0.03    M    M   M  21 200   M    M   M        31 210
 2  63  44  54   3  11   0 0.02    M    M   M  24 210   M    M   M         M  M
 3  49  34  42  -9  23   0 0.00    M    M 11.1 22 360   M    M   M        24  40
 4  57  40  49  -2  16   0 0.57    M    M 11.1 13  20   M    M   M        15  20
 5  59  41  50  -1  15   0 0.29    M    M   M  19 360   M    M   M        26 360
 6  50  32  41 -10  24   0 0.00    M    M   M  21  10   M    M   M        26  20
 7  59  37  48  -3  17   0 0.00    M    M   M  13 180   M    M   M        16 210
 8  67  48  58   6   7   0 0.00    M    M   M  16 230   M    M   M        25 240
 9  67  51  59   7   6   0 0.04    M    M  8.0 13 200   M    M   M        16 200
10  56  46  51  -1  14   0 0.00    M    M   M   M   M   M    M   M         M  M
11  59  40  50  -2  15   0 0.00    M    M   M   M   M   M    M   M         M  M
12  68  39  54   2  11   0 0.00    M    M   M   M   M   M    M   M         M  M
13  46  32  39 -13  26   0 0.00    M    M   M   M   M   M    M   M         M  M
14  59  35  47  -5  18   0 0.00    M    M  6.5 14 230   M    M   M        23 260
15  54  32  43 -10  22   0 0.00    M    M   M   M   M   M    M   M         M  M
16  61  33  47  -6  18   0 0.00    M    M   M  24 200   M    M   M        39 200
17  61  37  49  -4  16   0 0.23    M    M   M  27 200   M    M   M        40 200
18  53  35  44  -9  21   0 0.00    M    M 11.4 15 270   M    M   M        25 280
19  36  27  32 -21  33   0 0.00    M    M   M  13 320   M    M   M        25 310
20  38  23  31 -22  34   0 0.00    M    M   M  16  40   M    M   M        22  30
21  58  34  46  -8  19   0 0.00    M    M   M  14 130   M    M   M        17 130
22  72  48  60   6   5   0 0.00    M    M  4.4 12 230   M    M   M        22 230
23  64  43  54   0  11   0 0.42    M    M   M  20  30   M    M   M        26  20
24  45  33  39 -15  26   0 0.18    M    M   M  18  40   M    M   M        25  40
25  45  34  40 -14  25   0 1.28    M    M   M  19  50   M    M   M        26  50
26  48  38  43 -11  22   0 0.95    M    M   M  19  80   M    M   M        27  80
27  51  37  44 -11  21   0 0.00    M    M 10.3 16 100   M    M   M        19  90
28  50  39  45 -10  20   0 0.00    M    M   M  20  20   M    M   M        25  30
================================================================================
SM 1558 1056       507   0  4.01    M     62.8          M        M
================================================================================
AV 55.6 37.7                               9.0 FASTST   M    M   5    MAX(MPH)
                                 MISC ---->  # 27 200               # 40  200
================================================================================
NOTES:
# LAST OF SEVERAL OCCURRENCES

COLUMN 17 PEAK WIND IN M.P.H.

PRELIMINARY LOCAL CLIMATOLOGICAL DATA (WS FORM: F-6) , PAGE 2

                                          STATION:  DOWNTOWN CHARLESTON SC
                                          MONTH:    FEBRUARY
                                          YEAR:     2015
                                          LATITUDE:   32 46 N
                                          LONGITUDE:  79 56 W

[TEMPERATURE DATA]      [PRECIPITATION DATA]       SYMBOLS USED IN COLUMN 16

AVERAGE MONTHLY: 46.7   TOTAL FOR MONTH:   4.01    1 = FOG OR MIST
DPTR FM NORMAL:  -5.9   DPTR FM NORMAL:    1.50    2 = FOG REDUCING VISIBILITY
HIGHEST:    72 ON 22    GRTST 24HR  1.28 ON 25-25      TO 1/4 MILE OR LESS
LOWEST:     23 ON 20                               3 = THUNDER
                        SNOW, ICE PELLETS, HAIL    4 = ICE PELLETS
                        TOTAL MONTH:    M          5 = HAIL
                        GRTST 24HR    M  ON   M    6 = FREEZING RAIN OR DRIZZLE
                        GRTST DEPTH:  M  ON   M    7 = DUSTSTORM OR SANDSTORM:
                                                       VSBY 1/2 MILE OR LESS
                                                   8 = SMOKE OR HAZE
[NO. OF DAYS WITH]      [WEATHER - DAYS WITH]      9 = BLOWING SNOW
                                                   X = TORNADO
MAX 32 OR BELOW:   0    0.01 INCH OR MORE:  10
MAX 90 OR ABOVE:   0    0.10 INCH OR MORE:   7
MIN 32 OR BELOW:   5    0.50 INCH OR MORE:   3
MIN  0 OR BELOW:   0    1.00 INCH OR MORE:   1

[HDD (BASE 65) ]
TOTAL THIS MO.   507    CLEAR  (SCALE 0-3)   0
DPTR FM NORMAL   156    PTCLDY (SCALE 4-7)   0
TOTAL FM JUL 1  1481    CLOUDY (SCALE 8-10)  0
DPTR FM NORMAL    51

[CDD (BASE 65) ]
TOTAL THIS MO.     0
DPTR FM NORMAL    -3    [PRESSURE DATA]
TOTAL FM JAN 1     3    HIGHEST SLP M ON M
DPTR FM NORMAL    -1    LOWEST  SLP M ON M

[REMARKS]
#FINAL-02-15#
