000
CXUS52 KCHS 011133
CF6CXM
PRELIMINARY LOCAL CLIMATOLOGICAL DATA (WS FORM: F-6)

                                          STATION:   DOWNTOWN CHARLESTON SC
                                          MONTH:     AUGUST
                                          YEAR:      2015
                                          LATITUDE:   32 46 N
                                          LONGITUDE:  79 56 W

  TEMPERATURE IN F:       :PCPN:    SNOW:  WIND      :SUNSHINE: SKY     :PK WND
================================================================================
1   2   3   4   5  6A  6B    7    8   9   10  11  12  13   14  15   16   17  18
                                     12Z  AVG MX 2MIN
DY MAX MIN AVG DEP HDD CDD  WTR  SNW DPTH SPD SPD DIR MIN PSBL S-S WX    SPD DR
================================================================================

 1  86  75  81  -1   0  16 1.07    M    M  4.4 14 110   M    M   M        17 100
 2  85  75  80  -2   0  15 0.14    M    M  6.0 20 170   M    M   M        28 170
 3  85  78  82   0   0  17 0.18    M    M  8.9 17 140   M    M   M        20 190
 4  86  77  82   0   0  17 0.27    M    M  6.5 15 200   M    M   M        19 200
 5  88  78  83   1   0  18 0.00    M    M  6.7 12 200   M    M   M        16 210
 6  87  73  80  -2   0  15 1.57    M    M  6.7 18 250   M    M   M        26 230
 7  89  76  83   1   0  18 0.00    M    M  6.0 11 280   M    M   M        17 260
 8  87  74  81  -1   0  16 0.00    M    M  7.4 14  10   M    M   M        17 360
 9  86  76  81  -1   0  16 0.00    M    M  8.3 13  90   M    M   M        15  90
10  85  79  82   0   0  17 0.00    M    M  8.2 13 100   M    M   M        17 100
11  86  80  83   1   0  18 0.00    M    M  6.6 13 200   M    M   M        18 220
12  89  79  84   2   0  19 0.00    M    M  6.3 13 120   M    M   M        15 120
13  87  78  83   1   0  18 0.00    M    M  9.9 17 100   M    M   M        20 100
14  86  74  80  -2   0  15 0.00    M    M  9.3 17  90   M    M   M        21  90
15  85  76  81   0   0  16 0.00    M    M  9.9 16 100   M    M   M        21 100
16  87  76  82   1   0  17 0.00    M    M  7.8 13 100   M    M   M        15 100
17  85  78  82   1   0  17 0.08    M    M  4.3  9 150   M    M   M        10 180
18  84  75  80  -1   0  15 2.56    M    M  5.1 17 100   M    M   M        21  80
19  88  78  83   2   0  18 0.32    M    M  4.8 15 190   M    M   M        20  60
20  90  77  84   3   0  19 0.14    M    M  3.4 10 170   M    M   M        13 200
21  90  76  83   2   0  18 1.69    M    M  4.6 20  20   M    M   M        29 210
22  87  76  82   1   0  17 0.57    M    M  6.6 15 100   M    M   M        19  70
23  86  77  82   1   0  17 0.00    M    M  4.5  9 140   M    M   M        11 150
24  85  74  80  -1   0  15 0.00    M    M  4.6  9 110   M    M   M        12 160
25  88  79  84   3   0  19 0.00    M    M  5.7 14 170   M    M   M        16 180
26  89  80  85   4   0  20 0.01    M    M  5.0 11 170   M    M   M        14 170
27  85  73  79  -2   0  14 1.37    M    M  6.5 18 120   M    M   M 3      22 160
28  84  72  78  -3   0  13 0.01    M    M 10.1 19  80   M    M   M        23  70
29  83  74  79  -1   0  14 0.00    M    M  7.4 12  90   M    M   M        14  90
30  80  73  77  -3   0  12 0.92    M    M  8.5 20 130   M    M   M        24 130
31  89  75  82   2   0  17 1.55    M    M  6.4 19 170   M    M   M        32 190
================================================================================
SM 2677 2361         0 513 12.45    M    206.4          M        M
================================================================================
AV 86.4 76.2                               6.7 FASTST   M    M   6    MAX(MPH)
                                 MISC ---->  # 20 170               # 32  190
================================================================================
NOTES:
# LAST OF SEVERAL OCCURRENCES

COLUMN 17 PEAK WIND IN M.P.H.

PRELIMINARY LOCAL CLIMATOLOGICAL DATA (WS FORM: F-6) , PAGE 2

                                          STATION:  DOWNTOWN CHARLESTON SC
                                          MONTH:    AUGUST
                                          YEAR:     2015
                                          LATITUDE:   32 46 N
                                          LONGITUDE:  79 56 W

[TEMPERATURE DATA]      [PRECIPITATION DATA]       SYMBOLS USED IN COLUMN 16

AVERAGE MONTHLY: 81.3   TOTAL FOR MONTH:  12.45    1 = FOG OR MIST
DPTR FM NORMAL:  -0.0   DPTR FM NORMAL:    5.74    2 = FOG REDUCING VISIBILITY
HIGHEST:    90 ON 21,20 GRTST 24HR  2.56 ON 18-18      TO 1/4 MILE OR LESS
LOWEST:     72 ON 28                               3 = THUNDER
                        SNOW, ICE PELLETS, HAIL    4 = ICE PELLETS
                        TOTAL MONTH:    M          5 = HAIL
                        GRTST 24HR    M  ON   M    6 = FREEZING RAIN OR DRIZZLE
                        GRTST DEPTH:  M  ON   M    7 = DUSTSTORM OR SANDSTORM:
                                                       VSBY 1/2 MILE OR LESS
                                                   8 = SMOKE OR HAZE
[NO. OF DAYS WITH]      [WEATHER - DAYS WITH]      9 = BLOWING SNOW
                                                   X = TORNADO
MAX 32 OR BELOW:   0    0.01 INCH OR MORE:  16
MAX 90 OR ABOVE:   2    0.10 INCH OR MORE:  13
MIN 32 OR BELOW:   0    0.50 INCH OR MORE:   8
MIN  0 OR BELOW:   0    1.00 INCH OR MORE:   6

[HDD (BASE 65) ]
TOTAL THIS MO.     0    CLEAR  (SCALE 0-3)   0
DPTR FM NORMAL     0    PTCLDY (SCALE 4-7)   0
TOTAL FM JUL 1     0    CLOUDY (SCALE 8-10)  0
DPTR FM NORMAL     0

[CDD (BASE 65) ]
TOTAL THIS MO.   513
DPTR FM NORMAL     9    [PRESSURE DATA]
TOTAL FM JAN 1  2019    HIGHEST SLP M ON M
DPTR FM NORMAL   194    LOWEST  SLP 29.71 ON  7

[REMARKS]
#FINAL-08-15#
