000
CXUS55 KCYS 291000
CF6CYS
PRELIMINARY LOCAL CLIMATOLOGICAL DATA (WS FORM: F-6)

                                          STATION:   CHEYENNE WYOMING AIRPORT
                                          MONTH:     MARCH
                                          YEAR:      2017
                                          LATITUDE:   41  9 N
                                          LONGITUDE: 104 49 W

  TEMPERATURE IN F:       :PCPN:    SNOW:  WIND      :SUNSHINE: SKY     :PK WND
================================================================================
1   2   3   4   5  6A  6B    7    8   9   10  11  12  13   14  15   16   17  18
                                     12Z  AVG MX 2MIN
DY MAX MIN AVG DEP HDD CDD  WTR  SNW DPTH SPD SPD DIR MIN PSBL S-S WX    SPD DR
================================================================================

 1  34  19  27  -5  38   0 0.00  0.0    1 21.9 41 280   M    M   0        52 270
 2  41  19  30  -3  35   0 0.00  0.0    1 12.2 24 270   M    M   1        28 280
 3  54  23  39   6  26   0 0.00  0.0    0 16.1 31 250   M    M   0        39 250
 4  63  26  45  12  20   0 0.00  0.0    T  9.5 29 220   M    M   0        33 220
 5  59  30  45  11  20   0 0.00  0.0    0  8.4 24 190   M    M   1        28 200
 6  45  21  33  -1  32   0 0.00  0.0    0 29.2 55 280   M    M   1        72 270
 7  40  20  30  -4  35   0 0.00  0.0    0 25.6 48 280   M    M   2        65 270
 8  55  33  44  10  21   0 0.00  0.0    0 18.3 43 270   M    M   0        53 280
 9  60  25  43   9  22   0 0.00  0.0    0 19.0 46 280   M    M   1        60 280
10  66  22  44   9  21   0 0.00  0.0    0 13.3 32 270   M    M   3        41 270
11  49  33  41   6  24   0 0.15    T    T  7.3 16 190   M    M   6 1      20 180
12  53  29  41   6  24   0 0.01  0.1    0 17.9 45 280   M    M   4 1      60 280
13  52  20  36   0  29   0 0.00  0.0    0  9.6 24 280   M    M   4        33 290
14  61  37  49  13  16   0 0.00  0.0    0 18.1 36 290   M    M   5        49 290
15  71  38  55  19  10   0 0.00  0.0    0 15.6 30 290   M    M   0        41 290
16  70  37  54  18  11   0 0.00  0.0    0 15.5 39 270   M    M   0        50 280
17  59  33  46  10  19   0 0.00  0.0    0  7.0 16 140   M    M   3        18 160
18  76  32  54  18  11   0 0.00  0.0    0 10.3 25 210   M    M   0        30 210
19  72  42  57  20   8   0 0.00  0.0    0 12.8 32 270   M    M   2        39 250
20  69  40  55  18  10   0    T    M    0  9.8 26 210   M    M   5        33 220
21  54  34  44   7  21   0    T  0.0    0 11.7 23 190   M    M   4        29 140
22  68  29  49  12  16   0 0.00  0.0    0 10.0 21 190   M    M   1        24 190
23  70  35  53  15  12   0    T  0.0    0 15.7 37 360   M    M   4        47 360
24  51  30  41   3  24   0 0.01    M    0 14.9 35 360   M    M   6 1      48 360
25  60  28  44   6  21   0 0.00  0.0    0 10.0 17 180   M    M   2        22 190
26  46  32  39   1  26   0    T  0.0    0 10.4 22  20   M    M   7        29  20
27  57  28  43   5  22   0 0.13  0.0    0  8.6 20 150   M    M   7 12     24 150
28  42  34  38   0  27   0 0.08    T    0 13.5 25  10   M    M  10 12     34  10
================================================================================
SM 1597  829       601   0  0.38     0.1 392.2          M       79
================================================================================
AV 57.0 29.6                              14.0 FASTST   M    M   3    MAX(MPH)
                                 MISC ---->  # 55 280               # 72  270
================================================================================
NOTES:
# LAST OF SEVERAL OCCURRENCES

COLUMN 17 PEAK WIND IN M.P.H.

PRELIMINARY LOCAL CLIMATOLOGICAL DATA (WS FORM: F-6) , PAGE 2

                                          STATION:  CHEYENNE WYOMING AIRPORT
                                          MONTH:    MARCH
                                          YEAR:     2017
                                          LATITUDE:   41  9 N
                                          LONGITUDE: 104 49 W

[TEMPERATURE DATA]      [PRECIPITATION DATA]       SYMBOLS USED IN COLUMN 16

AVERAGE MONTHLY: 43.3   TOTAL FOR MONTH:   0.38    1 = FOG OR MIST
DPTR FM NORMAL:   7.7   DPTR FM NORMAL:   -0.54    2 = FOG REDUCING VISIBILITY
HIGHEST:    76 ON 18    GRTST 24HR  0.15 ON 11-11      TO 1/4 MILE OR LESS
LOWEST:     19 ON  2, 1                            3 = THUNDER
                        SNOW, ICE PELLETS, HAIL    4 = ICE PELLETS
                        TOTAL MONTH:   0.1 INCH    5 = HAIL
                        GRTST 24HR   0.1 ON   M    6 = FREEZING RAIN OR DRIZZLE
                        GRTST DEPTH:   1 ON  2, 1  7 = DUSTSTORM OR SANDSTORM:
                                                       VSBY 1/2 MILE OR LESS
                                                   8 = SMOKE OR HAZE
[NO. OF DAYS WITH]      [WEATHER - DAYS WITH]      9 = BLOWING SNOW
                                                   X = TORNADO
MAX 32 OR BELOW:   0    0.01 INCH OR MORE:   5
MAX 90 OR ABOVE:   0    0.10 INCH OR MORE:   2
MIN 32 OR BELOW:  17    0.50 INCH OR MORE:   0
MIN  0 OR BELOW:   0    1.00 INCH OR MORE:   0

[HDD (BASE 65) ]
TOTAL THIS MO.   601    CLEAR  (SCALE 0-3)  15
DPTR FM NORMAL  -222    PTCLDY (SCALE 4-7)  12
TOTAL FM JUL 1  5072    CLOUDY (SCALE 8-10)  1
DPTR FM NORMAL  -770

[CDD (BASE 65) ]
TOTAL THIS MO.     0
DPTR FM NORMAL     0    [PRESSURE DATA]
TOTAL FM JAN 1     0    HIGHEST SLP M ON M
DPTR FM NORMAL     0    LOWEST  SLP 29.14 ON  6

[REMARKS]
