000
CXUS55 KCYS 261000
CF6CYS
PRELIMINARY LOCAL CLIMATOLOGICAL DATA (WS FORM: F-6)

                                          STATION:   CHEYENNE WYOMING AIRPORT
                                          MONTH:     DECEMBER
                                          YEAR:      2014
                                          LATITUDE:   41  9 N
                                          LONGITUDE: 104 49 W

  TEMPERATURE IN F:       :PCPN:    SNOW:  WIND      :SUNSHINE: SKY     :PK WND
================================================================================
1   2   3   4   5  6A  6B    7    8   9   10  11  12  13   14  15   16   17  18
                                     12Z  AVG MX 2MIN
DY MAX MIN AVG DEP HDD CDD  WTR  SNW DPTH SPD SPD DIR MIN PSBL S-S WX    SPD DR
================================================================================

 1  43  14  29   0  36   0 0.02  0.1    T 14.0 31 260   M    M   5        42 240
 2  54  23  39  10  26   0 0.00  0.0    0 22.1 40 280   M    M   0        50 270
 3  44  21  33   4  32   0 0.00  0.0    0 12.0 25 190   M    M   2        29 190
 4  52  32  42  14  23   0 0.00  0.0    0  9.2 28 270   M    M   0        33 270
 5  52  28  40  12  25   0 0.00  0.0    0 10.3 23 300   M    M   1        29 330
 6  47  28  38  10  27   0 0.00  0.0    0  6.6 24 270   M    M   1        31 280
 7  53  25  39  11  26   0 0.00  0.0    0 12.1 32 260   M    M   0        41 310
 8  52  25  39  11  26   0 0.00  0.0    0  4.5 13 230   M    M   0        15 230
 9  58  28  43  15  22   0 0.00  0.0    0  7.7 18 330   M    M   0        23 330
10  56  26  41  14  24   0 0.00  0.0    0  8.4 17 310   M    M   0        23 310
11  61  25  43  16  22   0 0.00  0.0    0  8.3 14 190   M    M   0        22 320
12  64  27  46  19  19   0 0.00  0.0    0  6.9 16 280   M    M   0        19 280
13  55  31  43  16  22   0 0.00  0.0    0  8.5 20 310   M    M   0        28 320
14  38  27  33   6  32   0 0.03  0.4    0 18.6 31 350   M    M   7 18     42 350
15  32  17  25  -2  40   0    T    T    T 18.3 39 330   M    M   5        53 340
16  33  14  24  -3  41   0    T    T    0  7.1 20 210   M    M   4        26 210
17  47  21  34   7  31   0 0.00  0.0    0  7.1 13 250   M    M   5        20 270
18  41  19  30   3  35   0 0.00  0.0    0 11.1 24 280   M    M   0        32 270
19  40  20  30   3  35   0 0.00  0.0    0 13.9 35 270   M    M   0        40 280
20  46  26  36   9  29   0 0.00  0.0    0 12.8 30 280   M    M   4        37 290
21  47  29  38  11  27   0 0.05  1.0    1 19.9 47 280   M    M   3 18     60 280
22  32  24  28   1  37   0    T    T    1 17.6 32 330   M    M   5        46 320
23  28  11  20  -8  45   0    T    T    1 21.2 36 340   M    M   6        46 330
24  41  11  26  -2  39   0 0.00  0.0    T 16.1 36 270   M    M   0        45 280
25  39  15  27  -1  38   0 0.35  6.8    0  9.4 24  30   M    M   8 18     33  20
================================================================================
SM 1155  567       759   0  0.45     8.3 303.7          M       56
================================================================================
AV 46.2 22.7                              12.1 FASTST   M    M   2    MAX(MPH)
                                 MISC ---->  # 47 280               # 60  280
================================================================================
NOTES:
# LAST OF SEVERAL OCCURRENCES

COLUMN 17 PEAK WIND IN M.P.H.

PRELIMINARY LOCAL CLIMATOLOGICAL DATA (WS FORM: F-6) , PAGE 2

                                          STATION:  CHEYENNE WYOMING AIRPORT
                                          MONTH:    DECEMBER
                                          YEAR:     2014
                                          LATITUDE:   41  9 N
                                          LONGITUDE: 104 49 W

[TEMPERATURE DATA]      [PRECIPITATION DATA]       SYMBOLS USED IN COLUMN 16

AVERAGE MONTHLY: 34.4   TOTAL FOR MONTH:   0.45    1 = FOG OR MIST
DPTR FM NORMAL:   6.8   DPTR FM NORMAL:    0.04    2 = FOG REDUCING VISIBILITY
HIGHEST:    64 ON 12    GRTST 24HR  0.35 ON 25-25      TO 1/4 MILE OR LESS
LOWEST:     11 ON 24,23                            3 = THUNDER
                        SNOW, ICE PELLETS, HAIL    4 = ICE PELLETS
                        TOTAL MONTH:   8.3 INCHES  5 = HAIL
                        GRTST 24HR   6.8 ON   M    6 = FREEZING RAIN OR DRIZZLE
                        GRTST DEPTH:   1 ON 23,22  7 = DUSTSTORM OR SANDSTORM:
                                                       VSBY 1/2 MILE OR LESS
                                                   8 = SMOKE OR HAZE
[NO. OF DAYS WITH]      [WEATHER - DAYS WITH]      9 = BLOWING SNOW
                                                   X = TORNADO
MAX 32 OR BELOW:   3    0.01 INCH OR MORE:   4
MAX 90 OR ABOVE:   0    0.10 INCH OR MORE:   1
MIN 32 OR BELOW:  25    0.50 INCH OR MORE:   0
MIN  0 OR BELOW:   0    1.00 INCH OR MORE:   0

[HDD (BASE 65) ]
TOTAL THIS MO.   759    CLEAR  (SCALE 0-3)  15
DPTR FM NORMAL  -176    PTCLDY (SCALE 4-7)  10
TOTAL FM JUL 1  2357    CLOUDY (SCALE 8-10)  0
DPTR FM NORMAL  -326

[CDD (BASE 65) ]
TOTAL THIS MO.     0
DPTR FM NORMAL     0    [PRESSURE DATA]
TOTAL FM JAN 1   301    HIGHEST SLP M ON M
DPTR FM NORMAL   -47    LOWEST  SLP 29.36 ON 25

[REMARKS]
