090
CXUS53 KUNR 220945
CF6D07
PRELIMINARY LOCAL CLIMATOLOGICAL DATA (WS FORM: F-6)

                                          STATION:   FAITH SD
                                          MONTH:     OCTOBER
                                          YEAR:      2017
                                          LATITUDE:   45  1 N
                                          LONGITUDE: 102  1 W

  TEMPERATURE IN F:       :PCPN:    SNOW:  WIND      :SUNSHINE: SKY     :PK WND
================================================================================
1   2   3   4   5  6A  6B    7    8   9   10  11  12  13   14  15   16   17  18
                                     12Z  AVG MX 2MIN
DY MAX MIN AVG DEP HDD CDD  WTR  SNW DPTH SPD SPD DIR MIN PSBL S-S WX    SPD DR
================================================================================

 1  65  45  55   2  10   0 0.00    M    M 14.3 31 310   M    M   M        40 300
 2  53  43  48  -4  17   0 0.05    M    M  6.7 14 240   M    M   M        17 290
 3  55  31  43  -9  22   0 0.00    M    M 16.2 31 270   M    M   M        37 280
 4  57  26  42  -9  23   0 0.00    M    M 11.0 23 150   M    M   M        29 160
 5  66  38  52   1  13   0 0.00    M    M  7.5 15 350   M    M   M        18 350
 6  67  39  53   3  12   0 0.00    M    M  8.9 17 160   M    M   M        24 170
 7  76  43  60  10   5   0 0.00    M    M 13.9 28 320   M    M   M        33 310
 8  56  41  49  -1  16   0 0.00    M    M 11.8 20 330   M    M   M        26 330
 9  53  28  41  -8  24   0 0.00    M    M 10.4 21 320   M    M   M        30 310
10  62  29  46  -3  19   0 0.00    M    M 16.6 25 190   M    M   M        30 190
11  68  34  51   2  14   0 0.00    M    M 14.3 23 150   M    M   M        28 150
12  59  33  46  -2  19   0 0.00    M    M 17.1 31 320   M    M   M        41 310
13  65  31  48   0  17   0 0.00    M    M 13.8 30 160   M    M   M        37 160
14  48  30  39  -9  26   0 0.06    M    M 12.2 28 340   M    M   M        33 330
15  60  31  46  -1  19   0 0.00    M    M 14.2 29 300   M    M   M        37 280
16  74  34  54   7  11   0 0.00    M    M 10.8 23 310   M    M   M        28 310
17  80  44  62  16   3   0 0.00    M    M 11.2 17 230   M    M   M        24 250
18  63  43  53   7  12   0 0.00    M    M 15.1 33 350   M    M   M        40 350
19  80  41  61  15   4   0 0.00    M    M 12.7 22 170   M    M   M        24 170
20  85  46  66  21   0   1 0.00    M    M 18.6 35 310   M    M   M        41 300
21   M   M   M   M   M   M    M    M    M   M   M   M   M    M   M         M  M
================================================================================
SM 1292  730       286   1  0.11    M    257.3          M        M
================================================================================
AV 64.6 36.5                              12.9 FASTST   M    M   2    MAX(MPH)
                                 MISC ---->  # 35 310               # 41  310
================================================================================
NOTES:
# LAST OF SEVERAL OCCURRENCES

COLUMN 17 PEAK WIND IN M.P.H.

PRELIMINARY LOCAL CLIMATOLOGICAL DATA (WS FORM: F-6) , PAGE 2

                                          STATION:  FAITH SD
                                          MONTH:    OCTOBER
                                          YEAR:     2017
                                          LATITUDE:   45  1 N
                                          LONGITUDE: 102  1 W

[TEMPERATURE DATA]      [PRECIPITATION DATA]       SYMBOLS USED IN COLUMN 16

AVERAGE MONTHLY: 50.6   TOTAL FOR MONTH:   0.11    1 = FOG OR MIST
DPTR FM NORMAL:   1.9   DPTR FM NORMAL:   -0.84    2 = FOG REDUCING VISIBILITY
HIGHEST:    85 ON 20    GRTST 24HR  0.06 ON 14-14      TO 1/4 MILE OR LESS
LOWEST:     26 ON  4                               3 = THUNDER
                        SNOW, ICE PELLETS, HAIL    4 = ICE PELLETS
                        TOTAL MONTH:    M          5 = HAIL
                        GRTST 24HR    M  ON   M    6 = FREEZING RAIN OR DRIZZLE
                        GRTST DEPTH:  M  ON   M    7 = DUSTSTORM OR SANDSTORM:
                                                       VSBY 1/2 MILE OR LESS
                                                   8 = SMOKE OR HAZE
[NO. OF DAYS WITH]      [WEATHER - DAYS WITH]      9 = BLOWING SNOW
                                                   X = TORNADO
MAX 32 OR BELOW:   0    0.01 INCH OR MORE:   2
MAX 90 OR ABOVE:   0    0.10 INCH OR MORE:   0
MIN 32 OR BELOW:   7    0.50 INCH OR MORE:   0
MIN  0 OR BELOW:   0    1.00 INCH OR MORE:   0

[HDD (BASE 65) ]
TOTAL THIS MO.   286    CLEAR  (SCALE 0-3)   0
DPTR FM NORMAL   -58    PTCLDY (SCALE 4-7)   0
TOTAL FM JUL 1   481    CLOUDY (SCALE 8-10)  0
DPTR FM NORMAL   -95

[CDD (BASE 65) ]
TOTAL THIS MO.     1
DPTR FM NORMAL     1    [PRESSURE DATA]
TOTAL FM JAN 1   756    HIGHEST SLP M ON M
DPTR FM NORMAL   122    LOWEST  SLP 29.03 ON 20

[REMARKS]
