000
CXUS55 KVEF 180940
CF6DAG
PRELIMINARY LOCAL CLIMATOLOGICAL DATA (WS FORM: F-6)

                                          STATION:   BARSTOW-DAGGETT CA
                                          MONTH:     AUGUST
                                          YEAR:      2017
                                          LATITUDE:   34 51 N
                                          LONGITUDE: 116 47 W

  TEMPERATURE IN F:       :PCPN:    SNOW:  WIND      :SUNSHINE: SKY     :PK WND
================================================================================
1   2   3   4   5  6A  6B    7    8   9   10  11  12  13   14  15   16   17  18
                                     12Z  AVG MX 2MIN
DY MAX MIN AVG DEP HDD CDD  WTR  SNW DPTH SPD SPD DIR MIN PSBL S-S WX    SPD DR
================================================================================

 1 107  83  95   6   0  30 0.00  0.0    0  8.5 22 110   M    M   0        28 110
 2 105  78  92   3   0  27    T  0.0    0  8.5 24  50   M    M   0 3      35  50
 3  83  76  80  -9   0  15 0.01  0.0    0  5.2 18  80   M    M   3        23  70
 4 104  73  89   0   0  24 0.00  0.0    0 10.3 22 230   M    M   1        28 240
 5 105  75  90   1   0  25 0.00  0.0    0 11.6 26 230   M    M   1        33 220
 6 104  78  91   2   0  26 0.00  0.0    0 13.5 25 250   M    M   0        32 240
 7 106  76  91   2   0  26 0.00  0.0    0 12.2 24 270   M    M   0        29 260
 8 104  74  89   1   0  24 0.00  0.0    0 11.3 23 300   M    M   0        30 260
 9 105  74  90   2   0  25 0.00  0.0    0 11.4 22 260   M    M   0        26 240
10 106  74  90   2   0  25 0.00  0.0    0 10.3 22 240   M    M   0        26 240
11 106  77  92   4   0  27 0.00  0.0    0  7.6 20 240   M    M   0 3      26 110
12 108  76  92   4   0  27 0.00  0.0    0 14.9 26 230   M    M   0        32 250
13 105  75  90   2   0  25 0.00  0.0    0 13.0 25 230   M    M   0        31 260
14 101  75  88   0   0  23 0.00  0.0    0 20.1 30 220   M    M   0        38 240
15  97  72  85  -3   0  20 0.00  0.0    0 17.7 30 240   M    M   0        37 240
16  98  66  82  -6   0  17 0.00  0.0    0 10.2 18 280   M    M   0        23 300
17 101  68  85  -3   0  20 0.00  0.0    0  9.2 17  80   M    M   0        22  80
================================================================================
SM 1745 1270         0 406  0.01     0.0 195.5          M        5
================================================================================
AV102.7 74.7                              11.5 FASTST   M    M   0    MAX(MPH)
                                 MISC ---->  # 30 220               # 38  240
================================================================================
NOTES:
# LAST OF SEVERAL OCCURRENCES

COLUMN 17 PEAK WIND IN M.P.H.

PRELIMINARY LOCAL CLIMATOLOGICAL DATA (WS FORM: F-6) , PAGE 2

                                          STATION:  BARSTOW-DAGGETT CA
                                          MONTH:    AUGUST
                                          YEAR:     2017
                                          LATITUDE:   34 51 N
                                          LONGITUDE: 116 47 W

[TEMPERATURE DATA]      [PRECIPITATION DATA]       SYMBOLS USED IN COLUMN 16

AVERAGE MONTHLY: 88.7   TOTAL FOR MONTH:   0.01    1 = FOG OR MIST
DPTR FM NORMAL:   0.3   DPTR FM NORMAL:   -0.15    2 = FOG REDUCING VISIBILITY
HIGHEST:   108 ON 12    GRTST 24HR  0.01 ON  3- 3      TO 1/4 MILE OR LESS
LOWEST:     66 ON 16                               3 = THUNDER
                        SNOW, ICE PELLETS, HAIL    4 = ICE PELLETS
                        TOTAL MONTH:   0.0 INCH    5 = HAIL
                        GRTST 24HR     0.0         6 = FREEZING RAIN OR DRIZZLE
                        GRTST DEPTH:   0           7 = DUSTSTORM OR SANDSTORM:
                                                       VSBY 1/2 MILE OR LESS
                                                   8 = SMOKE OR HAZE
[NO. OF DAYS WITH]      [WEATHER - DAYS WITH]      9 = BLOWING SNOW
                                                   X = TORNADO
MAX 32 OR BELOW:   0    0.01 INCH OR MORE:   1
MAX 90 OR ABOVE:  16    0.10 INCH OR MORE:   0
MIN 32 OR BELOW:   0    0.50 INCH OR MORE:   0
MIN  0 OR BELOW:   0    1.00 INCH OR MORE:   0

[HDD (BASE 65) ]
TOTAL THIS MO.     0    CLEAR  (SCALE 0-3)  17
DPTR FM NORMAL     0    PTCLDY (SCALE 4-7)   0
TOTAL FM JUL 1     0    CLOUDY (SCALE 8-10)  0
DPTR FM NORMAL     0

[CDD (BASE 65) ]
TOTAL THIS MO.   406
DPTR FM NORMAL     8    [PRESSURE DATA]
TOTAL FM JAN 1  2375    HIGHEST SLP M ON M
DPTR FM NORMAL   305    LOWEST  SLP 29.62 ON 14

[REMARKS]
