000
CXUS54 KFWD 240730
CF6DAL
PRELIMINARY LOCAL CLIMATOLOGICAL DATA (WS FORM: F-6)

                                          STATION:   DALLAS LOVE FIELD
                                          MONTH:     JANUARY
                                          YEAR:      2017
                                          LATITUDE:   32 50 N
                                          LONGITUDE:  96 51 W

  TEMPERATURE IN F:       :PCPN:    SNOW:  WIND      :SUNSHINE: SKY     :PK WND
================================================================================
1   2   3   4   5  6A  6B    7    8   9   10  11  12  13   14  15   16   17  18
                                     12Z  AVG MX 2MIN
DY MAX MIN AVG DEP HDD CDD  WTR  SNW DPTH SPD SPD DIR MIN PSBL S-S WX    SPD DR
================================================================================

 1  65  48  57  11   8   0 0.10  0.0    0  4.6 20 150   M    M   7 128    25 150
 2  73  56  65  19   0   0 0.39  0.0    0  7.6 35 300   M    M   7 13     43 300
 3  61  33  47   1  18   0 0.00  0.0    0 11.4 24 320   M    M   9        30 320
 4  41  32  37  -9  28   0 0.00  0.0    0  8.8 18  10   M    M   7 8      24  10
 5  41  27  34 -12  31   0 0.00  0.0    0 12.5 24  10   M    M   8 18     31  20
 6  27  19  23 -23  42   0 0.02  0.2    0 13.4 21 360   M    M   8 8      28  20
 7  39  15  27 -19  38   0 0.00  0.0    0  3.8 10 350   M    M   1        13 300
 8  49  24  37 -10  28   0 0.00  0.0    0 11.4 25 170   M    M   2        30 180
 9  68  37  53   6  12   0 0.00  0.0    0 15.3 29 190   M    M   5        36 190
10  79  58  69  22   0   4 0.00  0.0    0  9.2 30 170   M    M   8        42 160
11  79  59  69  22   0   4 0.00  0.0    0 16.3 29 180   M    M   4        37 190
12  78  48  63  16   2   0 0.00  0.0    0 10.2 20 190   M    M   7        32 180
13  52  41  47   0  18   0 0.11  0.0    0  8.8 14 350   M    M  10 18     23  20
14  46  40  43  -4  22   0    T  0.0    0  7.5 13 350   M    M  10 1      21 350
15  67  45  56   9   9   0 1.27  0.0    0  7.0 46 140   M    M  10 123    55 150
16  65  50  58  11   7   0 0.01  0.0    0  5.0 13 320   M    M   6 12     22 360
17  52  44  48   1  17   0 0.19    M    0  6.7 17 360   M    M   9 13     21  10
18  54  47  51   4  14   0 0.36    M    0  4.8 14 320   M    M  10 1      16  10
19  65  49  57  10   8   0 0.00  0.0    0  9.9 21 170   M    M   6 1      25 170
20  77  51  64  17   1   0 0.00  0.0    0  7.5 14 190   M    M   3        20 180
21  72  49  61  14   4   0 0.15  0.0    0  7.9 23 220   M    M   7 3      37 240
22  66  51  59  12   6   0 0.00  0.0    0 15.7 33 320   M    M   4 8      45 330
23  68  42  55   8  10   0 0.00  0.0    0  7.5 16 160   M    M   1        22 150
================================================================================
SM 1384  965       323   8  2.60     0.2 212.8          M      149
================================================================================
AV 60.2 42.0                               9.3 FASTST   M    M   6    MAX(MPH)
                                 MISC ---->  # 46 140               # 55  150
================================================================================
NOTES:
# LAST OF SEVERAL OCCURRENCES

COLUMN 17 PEAK WIND IN M.P.H.

PRELIMINARY LOCAL CLIMATOLOGICAL DATA (WS FORM: F-6) , PAGE 2

                                          STATION:  DALLAS LOVE FIELD
                                          MONTH:    JANUARY
                                          YEAR:     2017
                                          LATITUDE:   32 50 N
                                          LONGITUDE:  96 51 W

[TEMPERATURE DATA]      [PRECIPITATION DATA]       SYMBOLS USED IN COLUMN 16

AVERAGE MONTHLY: 51.1   TOTAL FOR MONTH:   2.60    1 = FOG OR MIST
DPTR FM NORMAL:   4.4   DPTR FM NORMAL:    1.15    2 = FOG REDUCING VISIBILITY
HIGHEST:    79 ON 11,10 GRTST 24HR  1.28 ON 15-16      TO 1/4 MILE OR LESS
LOWEST:     15 ON  7                               3 = THUNDER
                        SNOW, ICE PELLETS, HAIL    4 = ICE PELLETS
                        TOTAL MONTH:   0.2 INCH    5 = HAIL
                        GRTST 24HR   0.2 ON   M    6 = FREEZING RAIN OR DRIZZLE
                        GRTST DEPTH:   0           7 = DUSTSTORM OR SANDSTORM:
                                                       VSBY 1/2 MILE OR LESS
                                                   8 = SMOKE OR HAZE
[NO. OF DAYS WITH]      [WEATHER - DAYS WITH]      9 = BLOWING SNOW
                                                   X = TORNADO
MAX 32 OR BELOW:   1    0.01 INCH OR MORE:   9
MAX 90 OR ABOVE:   0    0.10 INCH OR MORE:   7
MIN 32 OR BELOW:   5    0.50 INCH OR MORE:   1
MIN  0 OR BELOW:   0    1.00 INCH OR MORE:   1

[HDD (BASE 65) ]
TOTAL THIS MO.   323    CLEAR  (SCALE 0-3)   4
DPTR FM NORMAL  -100    PTCLDY (SCALE 4-7)  11
TOTAL FM JUL 1   855    CLOUDY (SCALE 8-10)  8
DPTR FM NORMAL  -426

[CDD (BASE 65) ]
TOTAL THIS MO.     8
DPTR FM NORMAL     8    [PRESSURE DATA]
TOTAL FM JAN 1     8    HIGHEST SLP M ON M
DPTR FM NORMAL     8    LOWEST  SLP 29.35 ON M

[REMARKS]
