000
CXUS54 KFWD 290855
CF6DAL
PRELIMINARY LOCAL CLIMATOLOGICAL DATA (WS FORM: F-6)

                                          STATION:   DALLAS LOVE FIELD
                                          MONTH:     APRIL
                                          YEAR:      2016
                                          LATITUDE:   32 50 N
                                          LONGITUDE:  96 51 W

  TEMPERATURE IN F:       :PCPN:    SNOW:  WIND      :SUNSHINE: SKY     :PK WND
================================================================================
1   2   3   4   5  6A  6B    7    8   9   10  11  12  13   14  15   16   17  18
                                     12Z  AVG MX 2MIN
DY MAX MIN AVG DEP HDD CDD  WTR  SNW DPTH SPD SPD DIR MIN PSBL S-S WX    SPD DR
================================================================================

 1  65  51  58  -5   7   0 0.00  0.0    0 11.1 23  30   M    M   7        33  30
 2  71  45  58  -5   7   0 0.00  0.0    0  7.2 18 320   M    M   0        24 360
 3  77  45  61  -2   4   0 0.00  0.0    0  7.1 17 180   M    M   0        23 170
 4  85  53  69   5   0   4 0.00  0.0    0  6.0 12 210   M    M   0        16 220
 5  87  57  72   8   0   7 0.00  0.0    0 10.8 25 180   M    M   3 8      31 170
 6  79  60  70   6   0   5 0.00  0.0    0 12.9 29 360   M    M   2 8      37 350
 7  87  54  71   7   0   6 0.00  0.0    0  6.8 17  10   M    M   6        20  50
 8  74  57  66   2   0   1 0.00  0.0    0  7.2 18  70   M    M   8        25  80
 9  71  56  64  -1   1   0 0.08  0.0    0  9.3 23 140   M    M   9 13     28 260
10  77  62  70   5   0   5 0.00  0.0    0 16.2 28 190   M    M   8        35 190
11  88  62  75  10   0  10 0.03  0.0    0  9.3 32 360   M    M   8        38  10
12  71  58  65  -1   0   0 0.04  0.0    0  9.0 16  40   M    M   9        27  50
13  63  56  60  -6   5   0 0.01  0.0    0  6.9 15  90   M    M   9        22  20
14  74  57  66   0   0   1    T  0.0    0  5.5 12  80   M    M   7        19  40
15  74  55  65  -1   0   0 0.00  0.0    0  9.3 18 120   M    M   5 1      22 140
16  82  64  73   7   0   8 0.00  0.0    0 20.2 28 110   M    M   8 8      36 120
17  70  62  66  -1   0   1 1.71  0.0    0 13.6 29 120   M    M  10 13     35 130
18  74  64  69   2   0   4 1.44  0.0    0  7.8 33 100   M    M   9 13     43  90
19  79  64  72   5   0   7 0.00  0.0    0  4.6 12 110   M    M   8        14  60
20  73  61  67  -1   0   2 1.48  0.0    0  5.1 24  10   M    M   8 135    29  10
21  80  60  70   2   0   5 0.30  0.0    0  7.5 29 150   M    M   5 13     34 140
22  82  56  69   1   0   4 0.00  0.0    0  5.1 15 350   M    M   1        27  10
23  82  57  70   2   0   5 0.00  0.0    0  6.5 17 140   M    M   5 8      21 160
24  80  63  72   3   0   7 0.00  0.0    0 14.9 26 170   M    M   6        34 170
25  87  68  78   9   0  13 0.00  0.0    0 15.6 22 170   M    M   7        28 160
26  87  63  75   6   0  10 0.71  0.0    0 17.6 29 270   M    M   8 13     42 270
27  83  63  73   3   0   8    T  0.0    0  8.7 20 160   M    M   4 138    22 160
28  86  61  74   4   0   9 0.01  0.0    0 11.3 28 120   M    M   2 3      34 120
================================================================================
SM 2188 1634        24 122  5.81     0.0 273.1          M      162
================================================================================
AV 78.1 58.4                               9.8 FASTST   M    M   6    MAX(MPH)
                                 MISC ---->  # 33 100               # 43   90
================================================================================
NOTES:
# LAST OF SEVERAL OCCURRENCES

COLUMN 17 PEAK WIND IN M.P.H.

PRELIMINARY LOCAL CLIMATOLOGICAL DATA (WS FORM: F-6) , PAGE 2

                                          STATION:  DALLAS LOVE FIELD
                                          MONTH:    APRIL
                                          YEAR:     2016
                                          LATITUDE:   32 50 N
                                          LONGITUDE:  96 51 W

[TEMPERATURE DATA]      [PRECIPITATION DATA]       SYMBOLS USED IN COLUMN 16

AVERAGE MONTHLY: 68.2   TOTAL FOR MONTH:   5.81    1 = FOG OR MIST
DPTR FM NORMAL:   2.0   DPTR FM NORMAL:    2.98    2 = FOG REDUCING VISIBILITY
HIGHEST:    88 ON 11    GRTST 24HR  3.15 ON 17-18      TO 1/4 MILE OR LESS
LOWEST:     45 ON  3, 2                            3 = THUNDER
                        SNOW, ICE PELLETS, HAIL    4 = ICE PELLETS
                        TOTAL MONTH:   0.0 INCH    5 = HAIL
                        GRTST 24HR     0.0         6 = FREEZING RAIN OR DRIZZLE
                        GRTST DEPTH:   0           7 = DUSTSTORM OR SANDSTORM:
                                                       VSBY 1/2 MILE OR LESS
                                                   8 = SMOKE OR HAZE
[NO. OF DAYS WITH]      [WEATHER - DAYS WITH]      9 = BLOWING SNOW
                                                   X = TORNADO
MAX 32 OR BELOW:   0    0.01 INCH OR MORE:  10
MAX 90 OR ABOVE:   0    0.10 INCH OR MORE:   5
MIN 32 OR BELOW:   0    0.50 INCH OR MORE:   4
MIN  0 OR BELOW:   0    1.00 INCH OR MORE:   3

[HDD (BASE 65) ]
TOTAL THIS MO.    24    CLEAR  (SCALE 0-3)   7
DPTR FM NORMAL   -48    PTCLDY (SCALE 4-7)  12
TOTAL FM JUL 1  1580    CLOUDY (SCALE 8-10)  9
DPTR FM NORMAL  -548

[CDD (BASE 65) ]
TOTAL THIS MO.   122
DPTR FM NORMAL    16    [PRESSURE DATA]
TOTAL FM JAN 1   174    HIGHEST SLP M ON M
DPTR FM NORMAL    18    LOWEST  SLP 29.50 ON 26

[REMARKS]
