000
CXUS54 KHUN 271015
CF6DCU
PRELIMINARY LOCAL CLIMATOLOGICAL DATA (WS FORM: F-6)

                                          STATION:   DECATUR
                                          MONTH:     JANUARY
                                          YEAR:      2015
                                          LATITUDE:   34 39 N
                                          LONGITUDE:  86 56 W

  TEMPERATURE IN F:       :PCPN:    SNOW:  WIND      :SUNSHINE: SKY     :PK WND
================================================================================
1   2   3   4   5  6A  6B    7    8   9   10  11  12  13   14  15   16   17  18
                                     12Z  AVG MX 2MIN
DY MAX MIN AVG DEP HDD CDD  WTR  SNW DPTH SPD SPD DIR MIN PSBL S-S WX    SPD DR
================================================================================

 1  45  31  38  -3  27   0 0.08  0.0    0  1.1  6 120   M    M  10         8 120
 2  50  41  46   5  19   0 0.52  0.0    0  4.0 12 130   M    M  10 1      15 130
 3  64  50  57  16   8   0 1.71  0.0    0 11.7 22 170   M    M  10 13     26 170
 4  63  37  50   9  15   0 0.09  0.0    0 11.9 21 320   M    M   9 1      30 290
 5  38  27  33  -7  32   0 0.00  0.0    0  6.9 18 330   M    M   3        22 350
 6  47  24  36  -4  29   0 0.00  0.0    0  7.0 16 290   M    M   0        21 290
 7  32  11  22 -18  43   0    T    T    0 14.2 29 360   M    M   3        35 360
 8  30   6  18 -22  47   0 0.00  0.0    0  7.0 18  10   M    M   0        23  10
 9  39  21  30 -10  35   0 0.00  0.0    0  7.2 15 340   M    M   0        20 330
10  39  13  26 -14  39   0 0.00  0.0    0  3.6 12  20   M    M   0        16  20
11  47  30  39  -1  26   0    T  0.0    0  5.6 15 130   M    M   8         M  M
12  50  40  45   5  20   0 0.70  0.0    0  5.4 18  20   M    M   9 1      23 360
13  40  32  36  -4  29   0 0.00  0.0    0 10.1 18  20   M    M  10 1      23  10
14  36  27  32  -8  33   0 0.00  0.0    0  4.1  9 360   M    M   7 1      10  40
15  35  26  31  -9  34   0 0.07    T    0  1.9  8 350   M    M   7 18      9 350
16  50  25  38  -2  27   0 0.00  0.0    0  0.6  6 150   M    M   1 128     8 190
17  58  25  42   2  23   0 0.00  0.0    0  5.8 18 210   M    M   0 1      22 200
18  58  32  45   5  20   0 0.00  0.0    0  7.4 17 290   M    M   1        22 290
19  66  29  48   8  17   0 0.00  0.0    0  6.3 15 250   M    M   0        20 240
20  62  37  50  10  15   0 0.00  0.0    0  5.2 10 190   M    M   0        14 200
21  59  30  45   5  20   0 0.00  0.0    0  3.7  9 340   M    M   0         M  M
22  48  29  39  -1  26   0 0.04  0.0    0  6.9 17  20   M    M   7        21  10
23  40  35  38  -3  27   0 0.39    T    0 10.5 17 330   M    M  10 1      23  30
24  49  31  40  -1  25   0 0.04    T    0  7.5 17 310   M    M   4 18     22 330
25  57  30  44   3  21   0    T  0.0    0  9.1 29 280   M    M   3        39 250
26  45  37  41   0  24   0 0.00  0.0    0 10.6 23 320   M    M  10 1      32 310
================================================================================
SM 1247  756       681   0  3.64    T    175.3          M      122
================================================================================
AV 48.0 29.1                               6.7 FASTST   M    M   5    MAX(MPH)
                                 MISC ---->  # 29 360               # 39  250
================================================================================
NOTES:
# LAST OF SEVERAL OCCURRENCES

COLUMN 17 PEAK WIND IN M.P.H.

PRELIMINARY LOCAL CLIMATOLOGICAL DATA (WS FORM: F-6) , PAGE 2

                                          STATION:  DECATUR
                                          MONTH:    JANUARY
                                          YEAR:     2015
                                          LATITUDE:   34 39 N
                                          LONGITUDE:  86 56 W

[TEMPERATURE DATA]      [PRECIPITATION DATA]       SYMBOLS USED IN COLUMN 16

AVERAGE MONTHLY: 38.5   TOTAL FOR MONTH:   3.64    1 = FOG OR MIST
DPTR FM NORMAL:  -1.8   DPTR FM NORMAL:   -0.08    2 = FOG REDUCING VISIBILITY
HIGHEST:    66 ON 19    GRTST 24HR  1.79 ON  3- 4      TO 1/4 MILE OR LESS
LOWEST:      6 ON  8                               3 = THUNDER
                        SNOW, ICE PELLETS, HAIL    4 = ICE PELLETS
                        TOTAL MONTH:    T          5 = HAIL
                        GRTST 24HR    T  ON 24-24  6 = FREEZING RAIN OR DRIZZLE
                        GRTST DEPTH:   0           7 = DUSTSTORM OR SANDSTORM:
                                                       VSBY 1/2 MILE OR LESS
                                                   8 = SMOKE OR HAZE
[NO. OF DAYS WITH]      [WEATHER - DAYS WITH]      9 = BLOWING SNOW
                                                   X = TORNADO
MAX 32 OR BELOW:   2    0.01 INCH OR MORE:   9
MAX 90 OR ABOVE:   0    0.10 INCH OR MORE:   4
MIN 32 OR BELOW:  19    0.50 INCH OR MORE:   3
MIN  0 OR BELOW:   0    1.00 INCH OR MORE:   1

[HDD (BASE 65) ]
TOTAL THIS MO.   681    CLEAR  (SCALE 0-3)  13
DPTR FM NORMAL    39    PTCLDY (SCALE 4-7)   5
TOTAL FM JUL 1  2003    CLOUDY (SCALE 8-10)  8
DPTR FM NORMAL    81

[CDD (BASE 65) ]
TOTAL THIS MO.     0
DPTR FM NORMAL     0    [PRESSURE DATA]
TOTAL FM JAN 1     0    HIGHEST SLP M ON M
DPTR FM NORMAL     0    LOWEST  SLP 29.68 ON 25

[REMARKS]
