000
CXUS54 KHUN 201015
CF6DCU
PRELIMINARY LOCAL CLIMATOLOGICAL DATA (WS FORM: F-6)

                                          STATION:   DECATUR
                                          MONTH:     FEBRUARY
                                          YEAR:      2017
                                          LATITUDE:   34 39 N
                                          LONGITUDE:  86 56 W

  TEMPERATURE IN F:       :PCPN:    SNOW:  WIND      :SUNSHINE: SKY     :PK WND
================================================================================
1   2   3   4   5  6A  6B    7    8   9   10  11  12  13   14  15   16   17  18
                                     12Z  AVG MX 2MIN
DY MAX MIN AVG DEP HDD CDD  WTR  SNW DPTH SPD SPD DIR MIN PSBL S-S WX    SPD DR
================================================================================

 1  68  43  56  14   9   0 0.00  0.0    0  5.8 15 280   M    M   5        21 250
 2  50  39  45   3  20   0 0.02  0.0    0  9.3 20  20   M    M   9 1      25  30
 3  45  29  37  -5  28   0 0.00  0.0    0 11.5 21 340   M    M   5        27  10
 4  50  23  37  -5  28   0 0.07  0.0    0  6.3 13 160   M    M   2 1      16 140
 5  51  42  47   5  18   0 0.12  0.0    0  4.7 13 190   M    M  10 1      16 180
 6  63  46  55  13  10   0 0.06  0.0    0  8.1 17 200   M    M   8 13     21 190
 7  62  54  58  16   7   0 0.09  0.0    0 11.1 23 160   M    M   7 13     33 170
 8  68  41  55  12  10   0 0.02  0.0    0  9.7 26 330   M    M   8 13     35 320
 9  47  30  39  -4  26   0 0.00  0.0    0 11.9 23 350   M    M   4        29 340
10  64  27  46   3  19   0 0.00  0.0    0  8.1 18 180   M    M   0        24 200
11  68  55  62  19   3   0 0.00  0.0    0 12.1 20 190   M    M   9        26 200
12  74  47  61  17   4   0 0.04  0.0    0 10.5 25 350   M    M   8 1      30 350
13  60  36  48   4  17   0 0.00  0.0    0  7.3 17  20   M    M   0        24  20
14  60  32  46   2  19   0 0.04  0.0    0  3.3 21 340   M    M   5 1      25 340
15  54  36  45   1  20   0 0.36  0.0    0 10.8 21  10   M    M   4 1      26 350
16  59  29  44   0  21   0 0.00  0.0    0  4.7 13 300   M    M   0        16 300
17  68  29  49   4  16   0 0.00  0.0    0  4.9 15 190   M    M   0 8      20 210
18  59  46  53   8  12   0 0.12  0.0    0  3.6  9 140   M    M   9 1      11 140
19  70  41  56  11   9   0 0.00  0.0    0  1.5  9 330   M    M   4 12     13  30
================================================================================
SM 1140  725       296   0  0.94     0.0 145.2          M       97
================================================================================
AV 60.0 38.2                               7.6 FASTST   M    M   5    MAX(MPH)
                                 MISC ---->  # 26 330               # 35  320
================================================================================
NOTES:
# LAST OF SEVERAL OCCURRENCES

COLUMN 17 PEAK WIND IN M.P.H.

PRELIMINARY LOCAL CLIMATOLOGICAL DATA (WS FORM: F-6) , PAGE 2

                                          STATION:  DECATUR
                                          MONTH:    FEBRUARY
                                          YEAR:     2017
                                          LATITUDE:   34 39 N
                                          LONGITUDE:  86 56 W

[TEMPERATURE DATA]      [PRECIPITATION DATA]       SYMBOLS USED IN COLUMN 16

AVERAGE MONTHLY: 49.1   TOTAL FOR MONTH:   0.94    1 = FOG OR MIST
DPTR FM NORMAL:   5.9   DPTR FM NORMAL:   -2.30    2 = FOG REDUCING VISIBILITY
HIGHEST:    74 ON 12    GRTST 24HR  0.40 ON 14-15      TO 1/4 MILE OR LESS
LOWEST:     23 ON  4                               3 = THUNDER
                        SNOW, ICE PELLETS, HAIL    4 = ICE PELLETS
                        TOTAL MONTH:   0.0 INCH    5 = HAIL
                        GRTST 24HR     0.0         6 = FREEZING RAIN OR DRIZZLE
                        GRTST DEPTH:   0           7 = DUSTSTORM OR SANDSTORM:
                                                       VSBY 1/2 MILE OR LESS
                                                   8 = SMOKE OR HAZE
[NO. OF DAYS WITH]      [WEATHER - DAYS WITH]      9 = BLOWING SNOW
                                                   X = TORNADO
MAX 32 OR BELOW:   0    0.01 INCH OR MORE:  10
MAX 90 OR ABOVE:   0    0.10 INCH OR MORE:   3
MIN 32 OR BELOW:   7    0.50 INCH OR MORE:   0
MIN  0 OR BELOW:   0    1.00 INCH OR MORE:   0

[HDD (BASE 65) ]
TOTAL THIS MO.   296    CLEAR  (SCALE 0-3)   5
DPTR FM NORMAL  -118    PTCLDY (SCALE 4-7)   9
TOTAL FM JUL 1  1710    CLOUDY (SCALE 8-10)  5
DPTR FM NORMAL  -742

[CDD (BASE 65) ]
TOTAL THIS MO.     0
DPTR FM NORMAL     0    [PRESSURE DATA]
TOTAL FM JAN 1     0    HIGHEST SLP M ON M
DPTR FM NORMAL     0    LOWEST  SLP 29.67 ON M

[REMARKS]
