000
CXUS55 KALY 200800
CF6DDH
PRELIMINARY LOCAL CLIMATOLOGICAL DATA (WS FORM: F-6)

                                          STATION:   BENNINGTON VT
                                          MONTH:     DECEMBER
                                          YEAR:      2014
                                          LATITUDE:   42 53 N
                                          LONGITUDE:  73 15 W

  TEMPERATURE IN F:       :PCPN:    SNOW:  WIND      :SUNSHINE: SKY     :PK WND
================================================================================
1   2   3   4   5  6A  6B    7    8   9   10  11  12  13   14  15   16   17  18
                                     12Z  AVG MX 2MIN
DY MAX MIN AVG DEP HDD CDD  WTR  SNW DPTH SPD SPD DIR MIN PSBL S-S WX    SPD DR
================================================================================

 1  50  32  41   7  24   0    T    M    M  7.0 17 260   M    M   7        25 250
 2  37  21  29  -4  36   0 0.09    M    M  7.3 25 130   M    M   4 6      34 140
 3  47  33  40   7  25   0 0.11    M    M  7.3 22 290   M    M   8 1      31 270
 4  34  20  27  -5  38   0    T    M    M  5.8 16 280   M    M   4        23 280
 5  37  16  27  -5  38   0 0.24    M    M  6.0 16 130   M    M   5 1      22 140
 6  38  33  36   4  29   0 0.68    M    M  4.3 14 340   M    M  10 1      18 320
 7  34  14  24  -7  41   0 0.00    M    M  8.9 18 350   M    M   2        28 350
 8  32  11  22  -9  43   0 0.00    M    M  4.2 20 130   M    M   4        26 120
 9  40  31  36   6  29   0 0.71    M    M  6.1 16 360   M    M  10 16     23 130
10  33  29  31   1  34   0 0.24    M    M  6.5 10 320   M    M  10 1      17 300
11  29  26  28  -1  37   0 0.06    M    M  5.0 12 220   M    M  10 1      16 230
12  28  26  27  -2  38   0    T    M    M  3.9 10 270   M    M  10 1      15 260
13  31  25  28  -1  37   0 0.01    M    M  2.8  9 270   M    M   9        12 280
14  35  28  32   4  33   0    T    M    M  1.2  7 310   M    M  10 12     12 300
15  33  27  30   2  35   0 0.00    M    M  4.4 13 350   M    M  10        17 340
16  42  23  33   6  32   0 0.16    M    M  5.8 15 140   M    M   9 12     30 190
17  41  33  37  10  28   0 0.10    M    M  3.8 14 230   M    M  10 126    22 240
18  33  30  32   5  33   0 0.03    M    M  9.6 16 260   M    M  10 18     25 240
19  31  24  28   2  37   0 0.00    M    M  6.9 12 330   M    M  10        17 350
================================================================================
SM  685  482       647   0  2.43    M    106.8          M      152
================================================================================
AV 36.1 25.4                               5.6 FASTST   M    M   8    MAX(MPH)
                                 MISC ---->  # 25 130               # 34  140
================================================================================
NOTES:
# LAST OF SEVERAL OCCURRENCES

COLUMN 17 PEAK WIND IN M.P.H.

PRELIMINARY LOCAL CLIMATOLOGICAL DATA (WS FORM: F-6) , PAGE 2

                                          STATION:  BENNINGTON VT
                                          MONTH:    DECEMBER
                                          YEAR:     2014
                                          LATITUDE:   42 53 N
                                          LONGITUDE:  73 15 W

[TEMPERATURE DATA]      [PRECIPITATION DATA]       SYMBOLS USED IN COLUMN 16

AVERAGE MONTHLY: 30.7   TOTAL FOR MONTH:   2.43    1 = FOG OR MIST
DPTR FM NORMAL:   0.8   DPTR FM NORMAL:    0.66    2 = FOG REDUCING VISIBILITY
HIGHEST:    50 ON  1    GRTST 24HR  0.91 ON  5- 6      TO 1/4 MILE OR LESS
LOWEST:     11 ON  8                               3 = THUNDER
                        SNOW, ICE PELLETS, HAIL    4 = ICE PELLETS
                        TOTAL MONTH:    M          5 = HAIL
                        GRTST 24HR    M  ON   M    6 = FREEZING RAIN OR DRIZZLE
                        GRTST DEPTH:  M  ON   M    7 = DUSTSTORM OR SANDSTORM:
                                                       VSBY 1/2 MILE OR LESS
                                                   8 = SMOKE OR HAZE
[NO. OF DAYS WITH]      [WEATHER - DAYS WITH]      9 = BLOWING SNOW
                                                   X = TORNADO
MAX 32 OR BELOW:   5    0.01 INCH OR MORE:  11
MAX 90 OR ABOVE:   0    0.10 INCH OR MORE:   7
MIN 32 OR BELOW:  16    0.50 INCH OR MORE:   2
MIN  0 OR BELOW:   0    1.00 INCH OR MORE:   0

[HDD (BASE 65) ]
TOTAL THIS MO.   647    CLEAR  (SCALE 0-3)   1
DPTR FM NORMAL   -22    PTCLDY (SCALE 4-7)   5
TOTAL FM JUL 1  2140    CLOUDY (SCALE 8-10) 13
DPTR FM NORMAL  -142

[CDD (BASE 65) ]
TOTAL THIS MO.     0
DPTR FM NORMAL     0    [PRESSURE DATA]
TOTAL FM JAN 1   308    HIGHEST SLP M ON M
DPTR FM NORMAL    -5    LOWEST  SLP 29.55 ON M

[REMARKS]
