000
CXUS53 KILX 282300
CF6DEC
PRELIMINARY LOCAL CLIMATOLOGICAL DATA (WS FORM: F-6)

                                          STATION:   DECATUR IL AIRPORT
                                          MONTH:     FEBRUARY
                                          YEAR:      2015
                                          LATITUDE:   39 49 N
                                          LONGITUDE:  88 51 W

  TEMPERATURE IN F:       :PCPN:    SNOW:  WIND      :SUNSHINE: SKY     :PK WND
================================================================================
1   2   3   4   5  6A  6B    7    8   9   10  11  12  13   14  15   16   17  18
                                     12Z  AVG MX 2MIN
DY MAX MIN AVG DEP HDD CDD  WTR  SNW DPTH SPD SPD DIR MIN PSBL S-S WX    SPD DR
================================================================================

 1  37  17  27  -1  38   0 0.30    M    M 12.2 29 340   M    M  10 12     38 350
 2  21  11  16 -12  49   0    T    M    M 11.6 28 330   M    M   3 18     37 340
 3  38  17  28   0  37   0 0.00    M    M 13.7 23 210   M    M   2        29 220
 4  36  12  24  -4  41   0    M    M    M 12.9 22 330   M    M   6 128    28 320
 5  20   1  11 -17  54   0 0.00    M    M  6.3 16 320   M    M   0 18     21 320
 6  39  16  28  -1  37   0 0.00    M    M 12.3 18 200   M    M   0        22 150
 7  55  34  45  16  20   0 0.00    M    M 15.1 23 200   M    M   0        29 190
 8  59  33  46  17  19   0 0.00    M    M 13.9 21  20   M    M   4 18     29 210
 9  33  27  30   1  35   0 0.00    M    M 13.6 20 350   M    M  10 1      24  10
10  38  27  33   3  32   0 0.00    M    0  7.7 14 100   M    M   6        19  50
11  38  22  30   0  35   0    T    M    M 11.7 23 310   M    M   8 8      29 310
12  22  11  17 -13  48   0    T    M    M 16.0 30 320   M    M   5 18     40 330
13  31  10  21  -9  44   0 0.00    M    M 10.6 21 220   M    M   6        25 220
14  32   5  19 -12  46   0    T    M    M 18.4 36 340   M    M   4        46 340
15  19   5  12 -19  53   0    T    M    M  9.0 15  90   M    M   7 8      19 100
16  22   8  15 -16  50   0    T    M    M  8.2 15  70   M    M   5 18     18  70
17  31   8  20 -12  45   0    M    M    M  9.1 21 290   M    M   8 18     27 290
18  19   4  12 -20  53   0    M    M    M 14.9 25 290   M    M   5 18     37 280
19  15  -1   7 -25  58   0 0.00    M    M 10.2 20 330   M    M   0        26 330
20  20   1  11 -21  54   0    M    M    M 13.4 23 160   M    M   8 12     31 170
21  32  20  26  -7  39   0 0.01    M    M  3.9 14 330   M    M   8 128    20 330
22  31   7  19 -14  46   0 0.00    M    M 15.0 23 330   M    M   3 8      27 320
23  15  -4   6 -28  59   0 0.00    M    M  8.2 17 350   M    M   0 8      22 350
24  32  -6  13 -21  52   0 0.00    M    M 13.4 30 230   M    M   3        35 230
25  30  10  20 -14  45   0    T    M    M  6.9 21 110   M    M   3 1      23 110
26  26   9  18 -17  47   0    T    M    M 14.2 21 340   M    M  10 18     25 340
27  15  -2   7 -28  58   0    T    M    M  4.9 13 310   M    M   2 18     16 310
================================================================================
SM  806  302      1194   0  0.31    M    307.3          M      126
================================================================================
AV 29.9 11.2                              11.4 FASTST   M    M   5    MAX(MPH)
                                 MISC ---->  # 36 340               # 46  340
================================================================================
NOTES:
# LAST OF SEVERAL OCCURRENCES

COLUMN 17 PEAK WIND IN M.P.H.

PRELIMINARY LOCAL CLIMATOLOGICAL DATA (WS FORM: F-6) , PAGE 2

                                          STATION:  DECATUR IL AIRPORT
                                          MONTH:    FEBRUARY
                                          YEAR:     2015
                                          LATITUDE:   39 49 N
                                          LONGITUDE:  88 51 W

[TEMPERATURE DATA]      [PRECIPITATION DATA]       SYMBOLS USED IN COLUMN 16

AVERAGE MONTHLY: 20.5   TOTAL FOR MONTH:   0.31    1 = FOG OR MIST
DPTR FM NORMAL: -10.4   DPTR FM NORMAL:   -1.60    2 = FOG REDUCING VISIBILITY
HIGHEST:    59 ON  8    GRTST 24HR  0.36 ON 31- 1      TO 1/4 MILE OR LESS
LOWEST:     -6 ON 24                               3 = THUNDER
                        SNOW, ICE PELLETS, HAIL    4 = ICE PELLETS
                        TOTAL MONTH:    M          5 = HAIL
                        GRTST 24HR    M  ON   M    6 = FREEZING RAIN OR DRIZZLE
                        GRTST DEPTH:   0           7 = DUSTSTORM OR SANDSTORM:
                                                       VSBY 1/2 MILE OR LESS
                                                   8 = SMOKE OR HAZE
[NO. OF DAYS WITH]      [WEATHER - DAYS WITH]      9 = BLOWING SNOW
                                                   X = TORNADO
MAX 32 OR BELOW:  18    0.01 INCH OR MORE:   2
MAX 90 OR ABOVE:   0    0.10 INCH OR MORE:   1
MIN 32 OR BELOW:  25    0.50 INCH OR MORE:   0
MIN  0 OR BELOW:   4    1.00 INCH OR MORE:   0

[HDD (BASE 65) ]
TOTAL THIS MO.  1194    CLEAR  (SCALE 0-3)  10
DPTR FM NORMAL   275    PTCLDY (SCALE 4-7)  13
TOTAL FM JUL 1  4594    CLOUDY (SCALE 8-10)  4
DPTR FM NORMAL   368

[CDD (BASE 65) ]
TOTAL THIS MO.     0
DPTR FM NORMAL     0    [PRESSURE DATA]
TOTAL FM JAN 1     0    HIGHEST SLP M ON M
DPTR FM NORMAL     0    LOWEST  SLP 29.62 ON  8

[REMARKS]
