000
CXUS53 KARX 220930
CF6DEH
PRELIMINARY LOCAL CLIMATOLOGICAL DATA (WS FORM: F-6)

                                          STATION:   DECORAH IA
                                          MONTH:     AUGUST
                                          YEAR:      2014
                                          LATITUDE:   43 16 N
                                          LONGITUDE:  91 44 W

  TEMPERATURE IN F:       :PCPN:    SNOW:  WIND      :SUNSHINE: SKY     :PK WND
================================================================================
1   2   3   4   5  6A  6B    7    8   9   10  11  12  13   14  15   16   17  18
                                     12Z  AVG MX 2MIN
DY MAX MIN AVG DEP HDD CDD  WTR  SNW DPTH SPD SPD DIR MIN PSBL S-S WX    SPD DR
================================================================================

 1  81  57  69   M   0   4 0.00  0.0    0  1.6  5 150   M    M   2         M  M
 2  82  57  70   M   0   5 0.00  0.0    0  2.1  8 190   M    M   4 1       M  M
 3  82  61  72   M   0   7 0.00  0.0    0  2.2  7  99   M    M   2        12  99
 4  82  63  73   M   0   8 0.05  0.0    0  2.0  7 100   M    M   3 1       M  M
 5  73  61  67   M   0   2 0.00  0.0    0  2.3  7  40   M    M   6 12      M  M
 6  75  57  66   M   0   1 0.00  0.0    0  3.2  7 100   M    M   2 12      M  M
 7  79  59  69   M   0   4 0.00  0.0    0  6.9 14 110   M    M   3        20 120
 8  79  63  71   M   0   6 0.01  0.0    0  6.3 13 100   M    M   6        20 110
 9  81  57  69   M   0   4 0.00  0.0    0  4.4  8 110   M    M   2        13 100
10  77  57  67   M   0   2 0.00  0.0    0  2.4  6  80   M    M   2         M  M
11  72  61  67   M   0   2 0.00  0.0    0  7.1 22 330   M    M   8 2      30 330
12  73  55  64   M   1   0 0.00  0.0    0  9.0 17 340   M    M   3        25 360
13  81  55  68   M   0   3 0.00  0.0    0  3.9  9 340   M    M   3        20 300
14  75  54  65   M   0   0 0.00  0.0    0  3.3  7  60   M    M   4        13  99
15  77  57  67   M   0   2 0.00  0.0    0  4.7 10 180   M    M   5        16  99
16  81  63  72   M   0   7 0.00  0.0    0  2.5  6  70   M    M   7 12      M  M
17  75  63  69   M   0   4 0.00  0.0    0  4.3 10 130   M    M   9 12     14 130
18  84  66  75   M   0  10 0.63  0.0    0  6.6 10  50   M    M   6 1      18 220
19  79  64  72   M   0   7 0.00  0.0    0  3.1  9 310   M    M   4 1      17 310
20  81  61  71   M   0   6 0.00  0.0    0  2.2  7 220   M    M   2 1       M  M
21  81  68  75   M   0  10 0.57  0.0    0  7.0 14 170   M    M   6 1      24 180
================================================================================
SM 1650 1259         1  94  1.26     0.0  87.1          M       89
================================================================================
AV 78.6 60.0                               4.1 FASTST   M    M   4    MAX(MPH)
                                 MISC ---->    22   M                 30    M
================================================================================
NOTES:
# LAST OF SEVERAL OCCURRENCES

COLUMN 17 PEAK WIND IN M.P.H.

PRELIMINARY LOCAL CLIMATOLOGICAL DATA (WS FORM: F-6) , PAGE 2

                                          STATION:  DECORAH IA
                                          MONTH:    AUGUST
                                          YEAR:     2014
                                          LATITUDE:   43 16 N
                                          LONGITUDE:  91 44 W

[TEMPERATURE DATA]      [PRECIPITATION DATA]       SYMBOLS USED IN COLUMN 16

AVERAGE MONTHLY: 69.3   TOTAL FOR MONTH:   1.26    1 = FOG OR MIST
DPTR FM NORMAL:     M   DPTR FM NORMAL:       M    2 = FOG REDUCING VISIBILITY
HIGHEST:    84 ON 18    GRTST 24HR  0.63 ON 18-18      TO 1/4 MILE OR LESS
LOWEST:     54 ON 14                               3 = THUNDER
                        SNOW, ICE PELLETS, HAIL    4 = ICE PELLETS
                        TOTAL MONTH:   0.0 INCH    5 = HAIL
                        GRTST 24HR     0.0         6 = FREEZING RAIN OR DRIZZLE
                        GRTST DEPTH:   0           7 = DUSTSTORM OR SANDSTORM:
                                                       VSBY 1/2 MILE OR LESS
                                                   8 = SMOKE OR HAZE
[NO. OF DAYS WITH]      [WEATHER - DAYS WITH]      9 = BLOWING SNOW
                                                   X = TORNADO
MAX 32 OR BELOW:   0    0.01 INCH OR MORE:   4
MAX 90 OR ABOVE:   0    0.10 INCH OR MORE:   2
MIN 32 OR BELOW:   0    0.50 INCH OR MORE:   2
MIN  0 OR BELOW:   0    1.00 INCH OR MORE:   0

[HDD (BASE 65) ]
TOTAL THIS MO.     1    CLEAR  (SCALE 0-3)   9
DPTR FM NORMAL     M    PTCLDY (SCALE 4-7)  10
TOTAL FM JUL 1    20    CLOUDY (SCALE 8-10)  2
DPTR FM NORMAL     M

[CDD (BASE 65) ]
TOTAL THIS MO.    94
DPTR FM NORMAL     M    [PRESSURE DATA]
TOTAL FM JAN 1   329    HIGHEST SLP M ON M
DPTR FM NORMAL     M    LOWEST  SLP M ON M

[REMARKS]
