000
CXUS53 KARX 200702
CF6DEH
PRELIMINARY LOCAL CLIMATOLOGICAL DATA (WS FORM: F-6)

                                          STATION:   DECORAH IA
                                          MONTH:     JANUARY
                                          YEAR:      2018
                                          LATITUDE:   43 16 N
                                          LONGITUDE:  91 44 W

  TEMPERATURE IN F:       :PCPN:    SNOW:  WIND      :SUNSHINE: SKY     :PK WND
================================================================================
1   2   3   4   5  6A  6B    7    8   9   10  11  12  13   14  15   16   17  18
                                     12Z  AVG MX 2MIN
DY MAX MIN AVG DEP HDD CDD  WTR  SNW DPTH SPD SPD DIR MIN PSBL S-S WX    SPD DR
================================================================================

 1  -2 -17  -9   M  74   0 0.00  0.0    M  5.7  8 300   M    M   0        12 300
 2  12 -13   0   M  65   0    M    M    M  8.1 15 210   M    M   2        25 210
 3  14  -4   5   M  60   0    M    M    M 11.6 21 340   M    M   5        28 340
 4   5  -9  -2   M  67   0 0.00  0.0    M  4.3  7 320   M    M   6         M  M
 5   5 -11  -3   M  68   0 0.00  0.0    M  5.0 10 350   M    M   1 8       M  M
 6  10 -15  -2   M  67   0 0.00  0.0    M  5.9 14 150   M    M   2        22 160
 7  30  10  20   M  45   0 0.00  0.0    M  9.2 14 210   M    M   6        23 210
 8  37  23  30   M  35   0 0.00  0.0    M  5.1  9 320   M    M   2        14 300
 9  37  27  32   M  33   0 0.00  0.0    M  8.9 15 150   M    M   1        22 150
10  39  30  35   M  30   0 0.00  0.0    M 10.5 17 160   M    M  10 12     27 150
11  43   7  25   M  40   0    M    M    M 11.7 21 330   M    M  10 1      30 320
12   7  -4   2   M  63   0 0.00  0.0    M 14.9 23 340   M    M   3        29 340
13   5  -8  -1   M  66   0 0.00  0.0    M  6.2 10 330   M    M   0         M  M
14  19  -8   6   M  59   0    M    M    M  7.8 16 180   M    M   7 18     23 180
15  19   1  10   M  55   0    M    M    M 12.2 21 320   M    M   9 8      23 320
16  12  -2   5   M  60   0    M    M    M  9.4 14 340   M    M   6        17 330
17  23  -2  11   M  54   0 0.00  0.0    M  8.5 14 220   M    M   0        23 220
18  36  18  27   M  38   0 0.00  0.0    M  7.8 10 230   M    M   0        18 210
19  43  27  35   M  30   0 0.00  0.0    0  8.2 13 210   M    M   0        24 210
================================================================================
SM  394   50      1009   0  0.00     0.0 161.0          M       70
================================================================================
AV 20.7  2.6                               8.5 FASTST   M    M   4    MAX(MPH)
                                 MISC ---->  # 23 340               # 30  320
================================================================================
NOTES:
# LAST OF SEVERAL OCCURRENCES

COLUMN 17 PEAK WIND IN M.P.H.

PRELIMINARY LOCAL CLIMATOLOGICAL DATA (WS FORM: F-6) , PAGE 2

                                          STATION:  DECORAH IA
                                          MONTH:    JANUARY
                                          YEAR:     2018
                                          LATITUDE:   43 16 N
                                          LONGITUDE:  91 44 W

[TEMPERATURE DATA]      [PRECIPITATION DATA]       SYMBOLS USED IN COLUMN 16

AVERAGE MONTHLY: 11.7   TOTAL FOR MONTH:   0.00    1 = FOG OR MIST
DPTR FM NORMAL:     M   DPTR FM NORMAL:       M    2 = FOG REDUCING VISIBILITY
HIGHEST:    43 ON 19,11 GRTST 24HR  0.00 ON 19-19      TO 1/4 MILE OR LESS
LOWEST:    -17 ON  1                               3 = THUNDER
                        SNOW, ICE PELLETS, HAIL    4 = ICE PELLETS
                        TOTAL MONTH:   0.0 INCH    5 = HAIL
                        GRTST 24HR     0.0         6 = FREEZING RAIN OR DRIZZLE
                        GRTST DEPTH:   0           7 = DUSTSTORM OR SANDSTORM:
                                                       VSBY 1/2 MILE OR LESS
                                                   8 = SMOKE OR HAZE
[NO. OF DAYS WITH]      [WEATHER - DAYS WITH]      9 = BLOWING SNOW
                                                   X = TORNADO
MAX 32 OR BELOW:  13    0.01 INCH OR MORE:   0
MAX 90 OR ABOVE:   0    0.10 INCH OR MORE:   0
MIN 32 OR BELOW:  19    0.50 INCH OR MORE:   0
MIN  0 OR BELOW:  11    1.00 INCH OR MORE:   0

[HDD (BASE 65) ]
TOTAL THIS MO.  1009    CLEAR  (SCALE 0-3)  11
DPTR FM NORMAL     M    PTCLDY (SCALE 4-7)   5
TOTAL FM JUL 1  3765    CLOUDY (SCALE 8-10)  3
DPTR FM NORMAL     M

[CDD (BASE 65) ]
TOTAL THIS MO.     0
DPTR FM NORMAL     M    [PRESSURE DATA]
TOTAL FM JAN 1     0    HIGHEST SLP M ON M
DPTR FM NORMAL     M    LOWEST  SLP M ON M

[REMARKS]
