000
CXUS53 KARX 200930
CF6DEH
PRELIMINARY LOCAL CLIMATOLOGICAL DATA (WS FORM: F-6)

                                          STATION:   DECORAH IA
                                          MONTH:     OCTOBER
                                          YEAR:      2014
                                          LATITUDE:   43 16 N
                                          LONGITUDE:  91 44 W

  TEMPERATURE IN F:       :PCPN:    SNOW:  WIND      :SUNSHINE: SKY     :PK WND
================================================================================
1   2   3   4   5  6A  6B    7    8   9   10  11  12  13   14  15   16   17  18
                                     12Z  AVG MX 2MIN
DY MAX MIN AVG DEP HDD CDD  WTR  SNW DPTH SPD SPD DIR MIN PSBL S-S WX    SPD DR
================================================================================

 1  68  46  57   M   8   0 0.00  0.0    0  7.0 12 140   M    M   8 1      20 120
 2  66  54  60   M   5   0 0.64  0.0    0  5.1 17 330   M    M  10 1      28 330
 3  54  37  46   M  19   0 0.00  0.0    0 11.7 18 320   M    M  10        32 290
 4  50  34  42   M  23   0 0.04    M    0  9.8 16 320   M    M   8        28 280
 5  50  32  41   M  24   0 0.00  0.0    0  3.2 12 310   M    M   8        17 250
 6  57  37  47   M  18   0 0.00  0.0    0  5.6 14 250   M    M   3        22 250
 7  63  46  55   M  10   0 0.00  0.0    0  6.3 14 300   M    M   5        25 300
 8  66  39  53   M  12   0 0.00  0.0    0  7.1 16 310   M    M   1        29 310
 9  57  37  47   M  18   0 0.00  0.0    0  4.2  9 330   M    M   1        15 330
10  55  30  43   M  22   0 0.00  0.0    0  1.9  6  99   M    M   1         M  M
11  57  30  44   M  21   0 0.00  0.0    0  2.6  7 180   M    M   4 1      12  99
12  55  36  46   M  19   0 0.00  0.0    0  7.1 13 150   M    M   6 1      20 150
13  54  50  52   M  13   0 0.89  0.0    0  5.6 17 360   M    M  10 1      25 360
14  52  48  50   M  15   0 0.77  0.0    0 14.4 21  10   M    M   8 1      37  10
15  63  43  53   M  12   0 0.00  0.0    0  7.8 13 360   M    M   1        20 340
16  68  37  53   M  12   0 0.00  0.0    0  4.5 13 210   M    M   0        16 210
17  54  45  50   M  15   0 0.00  0.0    0  9.5 17 310   M    M   9 1      31 310
18  54  36  45   M  20   0 0.00  0.0    0  5.9 12 360   M    M   5        21 340
19  63  36  50   M  15   0 0.00  0.0    0  8.4 16 210   M    M   0        30 210
================================================================================
SM 1106  753       301   0  2.34     0.0 127.7          M       98
================================================================================
AV 58.2 39.6                               6.7 FASTST   M    M   5    MAX(MPH)
                                 MISC ---->    21   M                 37    M
================================================================================
NOTES:
# LAST OF SEVERAL OCCURRENCES

COLUMN 17 PEAK WIND IN M.P.H.

PRELIMINARY LOCAL CLIMATOLOGICAL DATA (WS FORM: F-6) , PAGE 2

                                          STATION:  DECORAH IA
                                          MONTH:    OCTOBER
                                          YEAR:     2014
                                          LATITUDE:   43 16 N
                                          LONGITUDE:  91 44 W

[TEMPERATURE DATA]      [PRECIPITATION DATA]       SYMBOLS USED IN COLUMN 16

AVERAGE MONTHLY: 48.9   TOTAL FOR MONTH:   2.34    1 = FOG OR MIST
DPTR FM NORMAL:     M   DPTR FM NORMAL:       M    2 = FOG REDUCING VISIBILITY
HIGHEST:    68 ON 16, 1 GRTST 24HR  0.89 ON 13-13      TO 1/4 MILE OR LESS
LOWEST:     30 ON 11,10                            3 = THUNDER
                        SNOW, ICE PELLETS, HAIL    4 = ICE PELLETS
                        TOTAL MONTH:   0.0 INCH    5 = HAIL
                        GRTST 24HR     0.0         6 = FREEZING RAIN OR DRIZZLE
                        GRTST DEPTH:   0           7 = DUSTSTORM OR SANDSTORM:
                                                       VSBY 1/2 MILE OR LESS
                                                   8 = SMOKE OR HAZE
[NO. OF DAYS WITH]      [WEATHER - DAYS WITH]      9 = BLOWING SNOW
                                                   X = TORNADO
MAX 32 OR BELOW:   0    0.01 INCH OR MORE:   4
MAX 90 OR ABOVE:   0    0.10 INCH OR MORE:   3
MIN 32 OR BELOW:   3    0.50 INCH OR MORE:   3
MIN  0 OR BELOW:   0    1.00 INCH OR MORE:   0

[HDD (BASE 65) ]
TOTAL THIS MO.   301    CLEAR  (SCALE 0-3)   7
DPTR FM NORMAL     M    PTCLDY (SCALE 4-7)   6
TOTAL FM JUL 1   495    CLOUDY (SCALE 8-10)  6
DPTR FM NORMAL     M

[CDD (BASE 65) ]
TOTAL THIS MO.     0
DPTR FM NORMAL     M    [PRESSURE DATA]
TOTAL FM JAN 1   444    HIGHEST SLP M ON M
DPTR FM NORMAL     M    LOWEST  SLP M ON M

[REMARKS]
