000
CXUS55 KBOU 290757
CF6DEN
PRELIMINARY LOCAL CLIMATOLOGICAL DATA (WS FORM: F-6)

                                          STATION:   DENVER CO
                                          MONTH:     JULY
                                          YEAR:      2015
                                          LATITUDE:   39 52 N
                                          LONGITUDE: 104 40 W

  TEMPERATURE IN F:       :PCPN:    SNOW:  WIND      :SUNSHINE: SKY     :PK WND
================================================================================
1   2   3   4   5  6A  6B    7    8   9   10  11  12  13   14  15   16   17  18
                                     12Z  AVG MX 2MIN
DY MAX MIN AVG DEP HDD CDD  WTR  SNW DPTH SPD SPD DIR MIN PSBL S-S WX    SPD DR
================================================================================

 1  91  62  77   5   0  12 0.01  0.0    0  7.9 25 290   M    M   6 3      29 290
 2  85  56  71  -1   0   6 0.11  0.0    0  9.4 31 360   M    M   6 13     39 350
 3  85  55  70  -2   0   5 0.00  0.0    0  6.9 16 200   M    M   5        21 200
 4  96  58  77   4   0  12 0.00  0.0    0  9.4 22  10   M    M   5        28  10
 5  91  61  76   3   0  11 0.01  0.0    0  8.9 29 330   M    M   7 1      39 330
 6  65  59  62 -11   3   0 0.04  0.0    0  9.3 18  20   M    M   9 18     23  20
 7  75  54  65  -8   0   0 0.01  0.0    0 12.5 23 130   M    M   9 18     30 130
 8  73  53  63 -11   2   0 0.07  0.0    0  8.3 21 330   M    M   8 18     24 330
 9  82  54  68  -6   0   3 0.26  0.0    0  7.2 28 320   M    M   8 138    32 320
10  85  56  71  -3   0   6 0.09  0.0    0  8.5 31 270   M    M   7 38     39 270
11  89  56  73  -1   0   8    T  0.0    0  9.1 39 310   M    M   5 3      55 300
12  94  54  74   0   0   9 0.00  0.0    0  7.5 15 150   M    M   5        20  40
13  90  61  76   2   0  11    T  0.0    0  9.8 28 190   M    M   8 8      35 220
14  90  62  76   2   0  11 0.02  0.0    0  9.6 23 330   M    M   7 3      27 320
15  87  53  70  -4   0   5 0.06  0.0    0  6.0 46 320   M    M   5 3      60 330
16  91  56  74  -1   0   9 0.00  0.0    0  9.4 29 330   M    M   3 3      40 300
17  93  61  77   2   0  12    T  0.0    0 11.0 28  30   M    M   4 3      35  20
18  90  58  74  -1   0   9 0.33  0.0    0  8.6 35 200   M    M   6 3      45 210
19  84  54  69  -6   0   4 0.00  0.0    0  5.7 13 340   M    M   7 1      18 340
20  86  58  72  -3   0   7    T  0.0    0  8.9 25 210   M    M   6        32 210
21  82  58  70  -5   0   5 0.05  0.0    0 10.1 28  50   M    M   7 3      30 220
22  91  56  74  -1   0   9 0.00  0.0    0  9.4 18 340   M    M   5        22 340
23  95  61  78   3   0  13 0.00  0.0    0  8.1 16 260   M    M   3        20 270
24  89  64  77   2   0  12    T  0.0    0  9.0 26 290   M    M   7        36 280
25  92  62  77   2   0  12 0.00  0.0    0 10.6 23  40   M    M   4        28  40
26  94  66  80   5   0  15 0.00  0.0    0 11.0 28 160   M    M   5        33 160
27  97  62  80   5   0  15    T  0.0    0  8.6 33 230   M    M   6        43 220
28  86  52  69  -6   0   4 0.00  0.0    0 14.4 24 120   M    M   2        31 110
================================================================================
SM 2448 1622         5 225  1.06     0.0 255.1            M    165
================================================================================
AV 87.4 57.9                               9.1 FASTST            6    MAX(MPH)
                                 MISC ---->  # 46 320     M   M     # 60  330
================================================================================
NOTES: SUNSHINE DATA WILL NO LONGER BE AVAILABLE EFFECTIVE OCTOBER 1ST 2009.

# LAST OF SEVERAL OCCURRENCES

COLUMN 17 PEAK WIND IN M.P.H.

PRELIMINARY LOCAL CLIMATOLOGICAL DATA (WS FORM: F-6) , PAGE 2

                                          STATION:  DENVER CO
                                          MONTH:    JULY
                                          YEAR:     2015
                                          LATITUDE:   39 52 N
                                          LONGITUDE: 104 40 W

[TEMPERATURE DATA]      [PRECIPITATION DATA]       SYMBOLS USED IN COLUMN 16

AVERAGE MONTHLY: 72.7   TOTAL FOR MONTH:   1.06    1 = FOG OR MIST
DPTR FM NORMAL:  -1.4   DPTR FM NORMAL:   -0.86    2 = FOG REDUCING VISIBILITY
HIGHEST:    97 ON 27    GRTST 24HR  0.33 ON 18-18      TO 1/4 MILE OR LESS
LOWEST:     52 ON 28                               3 = THUNDER
                        SNOW, ICE PELLETS, HAIL    4 = ICE PELLETS
                        TOTAL MONTH:   0.0 INCH    5 = HAIL
                        GRTST 24HR     0.0         6 = FREEZING RAIN OR DRIZZLE
                        GRTST DEPTH:   0           7 = DUSTSTORM OR SANDSTORM:
                                                       VSBY 1/2 MILE OR LESS
                                                   8 = SMOKE OR HAZE
[NO. OF DAYS WITH]      [WEATHER - DAYS WITH]      9 = BLOWING SNOW
                                                   X = TORNADO
MAX 32 OR BELOW:   0    0.01 INCH OR MORE:  12
MAX 90 OR ABOVE:  14    0.10 INCH OR MORE:   3
MIN 32 OR BELOW:   0    0.50 INCH OR MORE:   0
MIN  0 OR BELOW:   0    1.00 INCH OR MORE:   0

[HDD (BASE 65) ]
TOTAL THIS MO.     5    CLEAR  (SCALE 0-3)   2
DPTR FM NORMAL     4    PTCLDY (SCALE 4-7)  23
TOTAL FM JUL 1     5    CLOUDY (SCALE 8-10)  3
DPTR FM NORMAL     4

[CDD (BASE 65) ]
TOTAL THIS MO.   225
DPTR FM NORMAL   -34    [PRESSURE DATA]
TOTAL FM JAN 1   383    HIGHEST SLP M ON M
DPTR FM NORMAL   -31    LOWEST  SLP 29.54 ON 27

[REMARKS]
