000
CXUS54 KSHV 241300
CF6DEQ
PRELIMINARY LOCAL CLIMATOLOGICAL DATA (WS FORM: F-6)

                                          STATION:   DE QUEEN
                                          MONTH:     MARCH
                                          YEAR:      2017
                                          LATITUDE:   34  2 N
                                          LONGITUDE:  94 24 W

  TEMPERATURE IN F:       :PCPN:    SNOW:  WIND      :SUNSHINE: SKY     :PK WND
================================================================================
1   2   3   4   5  6A  6B    7    8   9   10  11  12  13   14  15   16   17  18
                                     12Z  AVG MX 2MIN
DY MAX MIN AVG DEP HDD CDD  WTR  SNW DPTH SPD SPD DIR MIN PSBL S-S WX    SPD DR
================================================================================

 1  72  35  54   5  11   0 0.00  0.0    0  8.8 26 350   M    M   2        38 350
 2  66  30  48  -2  17   0 0.00  0.0    0  1.6 10 220   M    M   0 1      13 230
 3  68  30  49  -1  16   0 0.00  0.0    0  3.3 13 140   M    M   0 12     16 110
 4  68  36  52   2  13   0    T  0.0    0  4.6 16 140   M    M   4        25 160
 5  60  49  55   5  10   0 0.28  0.0    0  6.6 13 120   M    M  10 1      17 130
 6  76  59  68  17   0   3 0.06  0.0    0 10.2 22 190   M    M   9 1      29 190
 7  71  37  54   3  11   0 0.52    M    0  7.4 25 340   M    M   5 13     39 330
 8  74  31  53   2  12   0 0.00  0.0    0  3.3 15 180   M    M   1 1      19 180
 9  71  54  63  11   2   0    T  0.0    0  1.9  8 300   M    M  10 18     10 290
10  69  52  61   9   4   0 0.76  0.0    0  9.7 20  70   M    M   3 13     31  10
11  52  39  46  -6  19   0    T    M    0 10.7 18 100   M    M  10        24  80
12  57  33  45  -7  20   0 0.00  0.0    0  7.6 16  90   M    M   2        21  90
13  58  35  47  -5  18   0 0.08    M    0  6.1 21 360   M    M   6 1      31  10
14  58  29  44  -9  21   0 0.00  0.0    0  3.1 14  80   M    M   3 1      18  80
15  54  34  44  -9  21   0 0.00  0.0    0  6.7 13 100   M    M   3        16 120
16  63  43  53   0  12   0 0.00  0.0    0  7.0 12 180   M    M  10        17 190
17  73  62  68  14   0   3 0.00  0.0    0  5.2 15 200   M    M  10 1      20 180
18  82  56  69  15   0   4 0.00  0.0    0  2.6 12 200   M    M   5 12     16 190
19  84  52  68  14   0   3 0.00  0.0    0  4.7 15 200   M    M   4 128    31  90
20  86  52  69  15   0   4 0.00  0.0    0  5.1 21 230   M    M   2 1      26 230
21  84  51  68  14   0   3 0.00  0.0    0  4.7 17 240   M    M   0        22 240
22  74  55  65  10   0   0 0.00  0.0    0 10.0 20 100   M    M   4        27  80
23  84  51  68  13   0   3 0.00  0.0    0  8.2 18 170   M    M   3        24 160
================================================================================
SM 1604 1005       207  23  1.70     0.0 139.1          M      106
================================================================================
AV 69.7 43.7                               6.0 FASTST   M    M   5    MAX(MPH)
                                 MISC ---->  # 26 350               # 39  330
================================================================================
NOTES:
# LAST OF SEVERAL OCCURRENCES

COLUMN 17 PEAK WIND IN M.P.H.

PRELIMINARY LOCAL CLIMATOLOGICAL DATA (WS FORM: F-6) , PAGE 2

                                          STATION:  DE QUEEN
                                          MONTH:    MARCH
                                          YEAR:     2017
                                          LATITUDE:   34  2 N
                                          LONGITUDE:  94 24 W

[TEMPERATURE DATA]      [PRECIPITATION DATA]       SYMBOLS USED IN COLUMN 16

AVERAGE MONTHLY: 56.7   TOTAL FOR MONTH:   1.70    1 = FOG OR MIST
DPTR FM NORMAL:   4.5   DPTR FM NORMAL:   -1.45    2 = FOG REDUCING VISIBILITY
HIGHEST:    86 ON 20    GRTST 24HR  0.76 ON 10-10      TO 1/4 MILE OR LESS
LOWEST:     29 ON 14                               3 = THUNDER
                        SNOW, ICE PELLETS, HAIL    4 = ICE PELLETS
                        TOTAL MONTH:   0.0 INCH    5 = HAIL
                        GRTST 24HR     0.0         6 = FREEZING RAIN OR DRIZZLE
                        GRTST DEPTH:   0           7 = DUSTSTORM OR SANDSTORM:
                                                       VSBY 1/2 MILE OR LESS
                                                   8 = SMOKE OR HAZE
[NO. OF DAYS WITH]      [WEATHER - DAYS WITH]      9 = BLOWING SNOW
                                                   X = TORNADO
MAX 32 OR BELOW:   0    0.01 INCH OR MORE:   5
MAX 90 OR ABOVE:   0    0.10 INCH OR MORE:   3
MIN 32 OR BELOW:   4    0.50 INCH OR MORE:   2
MIN  0 OR BELOW:   0    1.00 INCH OR MORE:   0

[HDD (BASE 65) ]
TOTAL THIS MO.   207    CLEAR  (SCALE 0-3)   8
DPTR FM NORMAL   -93    PTCLDY (SCALE 4-7)   9
TOTAL FM JUL 1  1976    CLOUDY (SCALE 8-10)  6
DPTR FM NORMAL  -815

[CDD (BASE 65) ]
TOTAL THIS MO.    23
DPTR FM NORMAL    23    [PRESSURE DATA]
TOTAL FM JAN 1    33    HIGHEST SLP M ON M
DPTR FM NORMAL    31    LOWEST  SLP 29.82 ON  1

[REMARKS]
