000
CXUS56 KOTX 301500
CF6DEW
PRELIMINARY LOCAL CLIMATOLOGICAL DATA (WS FORM: F-6)

                                          STATION:   DEER_PARK WA AIRPORT
                                          MONTH:     AUGUST
                                          YEAR:      2015
                                          LATITUDE:   47 58 N
                                          LONGITUDE: 117 25 W

  TEMPERATURE IN F:       :PCPN:    SNOW:  WIND      :SUNSHINE: SKY     :PK WND
================================================================================
1   2   3   4   5  6A  6B    7    8   9   10  11  12  13   14  15   16   17  18
                                     12Z  AVG MX 2MIN
DY MAX MIN AVG DEP HDD CDD  WTR  SNW DPTH SPD SPD DIR MIN PSBL S-S WX    SPD DR
================================================================================

 1  99  47  73   6   0   8 0.00    M    M  3.8 15 230   M    M   0 8      18 220
 2  96  45  71   4   0   6 0.00    M    M  1.8  8 260   M    M   0 8      11 280
 3  88  50  69   2   0   4 0.00    M    M  5.4 22 280   M    M   2 8      29 260
 4  87  54  71   4   0   6 0.00    M    M  9.0 22 200   M    M   0        28 200
 5  83  46  65  -2   0   0 0.00    M    M 10.8 24 220   M    M   1        40 210
 6  78  46  62  -5   3   0 0.00    M    M  3.9 12 190   M    M   3 8      16 230
 7  85  39  62  -5   3   0 0.00    M    M  3.2 10 200   M    M   0 8      14 270
 8  88  41  65  -2   0   0 0.00    M    M  4.2 18 230   M    M   0        23 220
 9  83  49  66   0   0   1 0.08    M    M  4.2 12  70   M    M   3 18     14 220
10  93  58  76  10   0  11 0.00    M    M  5.3 26 210   M    M   1        34 210
11  98  50  74   8   0   9 0.00    M    M  6.7 15  50   M    M   0 8      22  60
12  98  62  80  14   0  15 0.00    M    M  5.0 15 260   M    M   0 8      20 180
13 101  57  79  13   0  14 0.01    M    M  2.9 16 220   M    M   0 3      23 230
14  92  62  77  11   0  12 0.00    M    M 13.1 25 200   M    M   4 8      32 200
15  77  48  63  -3   2   0 0.00    M    M  9.0 20 180   M    M   3 8      28 140
16  82  42  62  -3   3   0 0.00    M    M  4.3 15 270   M    M   0 18     19 220
17  84  51  68   3   0   3    T    M    M  4.0 14 210   M    M   2 8      19 260
18  87  44  66   1   0   1 0.00    M    M  3.0 13 170   M    M   0 8      20 240
19  90  48  69   4   0   4 0.00    M    M  4.3 17 220   M    M   4 8      21 230
20  86  51  69   4   0   4 0.00    M    M  7.0 18 210   M    M   2 8      23 190
21  75  43  59  -5   6   0 0.00    M    M  8.5 20 340   M    M   4 8      28 340
22  77  41  59  -5   6   0 0.00    M    M  6.0 17  40   M    M   0 8      23  20
23  85  36  61  -3   4   0    T    M    M  2.6 10 140   M    M   1 8      13 140
24  86  44  65   1   0   0 0.00    M    M  2.6 17 170   M    M   0 8      21 170
25  88  45  67   4   0   2 0.00    M    M  3.9 12 200   M    M   0 8      16 200
26  94  46  70   7   0   5 0.00    M    M  3.8 13  20   M    M   2 8      16  30
27  90  49  70   7   0   5 0.00    M    M  6.5 21 210   M    M   2 8      27 240
28  80  54  67   4   0   2 0.00    M    M  4.5 17 150   M    M   2 8      22 150
29  80  54  67   5   0   2 0.05    M    M 10.9 35 240   M    M   3 8      44 250
================================================================================
SM 2530 1402        27 114  0.14    M    160.2          M       39
================================================================================
AV 87.2 48.3                               5.5 FASTST   M    M   1    MAX(MPH)
                                 MISC ---->  # 35 240               # 44  250
================================================================================
NOTES:
# LAST OF SEVERAL OCCURRENCES

COLUMN 17 PEAK WIND IN M.P.H.

PRELIMINARY LOCAL CLIMATOLOGICAL DATA (WS FORM: F-6) , PAGE 2

                                          STATION:  DEER_PARK WA AIRPORT
                                          MONTH:    AUGUST
                                          YEAR:     2015
                                          LATITUDE:   47 58 N
                                          LONGITUDE: 117 25 W

[TEMPERATURE DATA]      [PRECIPITATION DATA]       SYMBOLS USED IN COLUMN 16

AVERAGE MONTHLY: 67.8   TOTAL FOR MONTH:   0.14    1 = FOG OR MIST
DPTR FM NORMAL:   2.5   DPTR FM NORMAL:   -0.62    2 = FOG REDUCING VISIBILITY
HIGHEST:   101 ON 13    GRTST 24HR  0.08 ON  9- 9      TO 1/4 MILE OR LESS
LOWEST:     36 ON 23                               3 = THUNDER
                        SNOW, ICE PELLETS, HAIL    4 = ICE PELLETS
                        TOTAL MONTH:    M          5 = HAIL
                        GRTST 24HR    M  ON   M    6 = FREEZING RAIN OR DRIZZLE
                        GRTST DEPTH:  M  ON   M    7 = DUSTSTORM OR SANDSTORM:
                                                       VSBY 1/2 MILE OR LESS
                                                   8 = SMOKE OR HAZE
[NO. OF DAYS WITH]      [WEATHER - DAYS WITH]      9 = BLOWING SNOW
                                                   X = TORNADO
MAX 32 OR BELOW:   0    0.01 INCH OR MORE:   3
MAX 90 OR ABOVE:  10    0.10 INCH OR MORE:   0
MIN 32 OR BELOW:   0    0.50 INCH OR MORE:   0
MIN  0 OR BELOW:   0    1.00 INCH OR MORE:   0

[HDD (BASE 65) ]
TOTAL THIS MO.    27    CLEAR  (SCALE 0-3)  26
DPTR FM NORMAL   -40    PTCLDY (SCALE 4-7)   3
TOTAL FM JUL 1    41    CLOUDY (SCALE 8-10)  0
DPTR FM NORMAL   -94

[CDD (BASE 65) ]
TOTAL THIS MO.   114
DPTR FM NORMAL    42    [PRESSURE DATA]
TOTAL FM JAN 1   386    HIGHEST SLP  0.00 ON 29
DPTR FM NORMAL   217    LOWEST  SLP  0.00 ON M

[REMARKS]
