783
CXUS53 KIWX 290800
CF6DFI
PRELIMINARY LOCAL CLIMATOLOGICAL DATA (WS FORM: F-6)

                                          STATION:   DEFIANCE MEMORIAL
                                          MONTH:     APRIL
                                          YEAR:      2017
                                          LATITUDE:   41 20 N
                                          LONGITUDE:  84 26 W

  TEMPERATURE IN F:       :PCPN:    SNOW:  WIND      :SUNSHINE: SKY     :PK WND
================================================================================
1   2   3   4   5  6A  6B    7    8   9   10  11  12  13   14  15   16   17  18
                                     12Z  AVG MX 2MIN
DY MAX MIN AVG DEP HDD CDD  WTR  SNW DPTH SPD SPD DIR MIN PSBL S-S WX    SPD DR
================================================================================

 1  57  36  47   3  18   0 0.00  0.0    0  6.1 14 350   M    M   5        19 360
 2  58  34  46   2  19   0 0.00  0.0    0  5.5 12 110   M    M   2 1      15 160
 3  65  45  55  11  10   0 0.39  0.0    0  8.3 16 190   M    M   6 13     23 200
 4  57  42  50   5  15   0 0.03  0.0    0 11.9 22 210   M    M   9 13     32 250
 5  50  39  45   0  20   0 0.77    M    0 13.0 25  50   M    M   8 13     36  50
 6  42  35  39  -7  26   0 0.33    M    0 19.2 35 320   M    M  10 1      50 320
 7  52  33  43  -3  22   0 0.01    M    M 13.7 22 330   M    M   2        31 340
 8  59  29  44  -2  21   0 0.00  0.0    0  6.2 16 200   M    M   0        20 230
 9  74  44  59  12   6   0 0.00  0.0    0 12.7 25 190   M    M   0        34 210
10  74  57  66  19   0   1 0.23  0.0    0 13.2 28 200   M    M   4 13     39 220
11  60  44  52   5  13   0 0.02  0.0    0  7.4 20 300   M    M   3 13     24 290
12  60  36  48   0  17   0 0.00  0.0    0  3.6 14 310   M    M   0 1      18 290
13  54  42  48   0  17   0 0.00  0.0    0  8.8 16  70   M    M   6        21  70
14  64  43  54   5  11   0 0.00  0.0    0  9.5 15  70   M    M   4        20  80
15  80  49  65  16   0   0    T    M    0 10.4 28 230   M    M   3        39 220
16  74  55  65  16   0   0    T  0.0    0 11.0 21 210   M    M   3        27 260
17  70  47  59   9   6   0 0.00  0.0    0  5.6 20  30   M    M   0        24  30
18  73  42  58   8   7   0 0.00  0.0    0  8.4 20 120   M    M   1        27 120
19  76  54  65  15   0   0 0.26  0.0    0  8.1 17 230   M    M   6 138    25 250
20  80  53  67  16   0   2 0.48  0.0    0 10.4 26 220   M    M   5 123    36 220
21  54  45  50  -1  15   0 0.00  0.0    0 10.7 20 310   M    M   8        25 290
22  59  38  49  -3  16   0 0.00  0.0    0  8.9 18  20   M    M   0        24  30
23  67  32  50  -2  15   0 0.00  0.0    0  4.3 13 110   M    M   0        19 100
24  70  37  54   2  11   0 0.00  0.0    0  9.6 22  70   M    M   0        30  60
25  76  48  62   9   3   0 0.00  0.0    0  6.8 15  80   M    M   4        19  80
26  83  55  69  16   0   4 0.00  0.0    0 11.3 26 180   M    M   1        34 170
27  70  49  60   7   5   0 0.09  0.0    0 12.2 26 230   M    M   6 1      38 240
28  58  41  50  -4  15   0 0.16  0.0    0  7.1 18 190   M    M   6 138    24 200
================================================================================
SM 1816 1204       308   7  2.77     0.0 263.9          M      102
================================================================================
AV 64.9 43.0                               9.4 FASTST   M    M   4    MAX(MPH)
                                 MISC ---->  # 35 320               # 50  320
================================================================================
NOTES:
# LAST OF SEVERAL OCCURRENCES

COLUMN 17 PEAK WIND IN M.P.H.

PRELIMINARY LOCAL CLIMATOLOGICAL DATA (WS FORM: F-6) , PAGE 2

                                          STATION:  DEFIANCE MEMORIAL
                                          MONTH:    APRIL
                                          YEAR:     2017
                                          LATITUDE:   41 20 N
                                          LONGITUDE:  84 26 W

[TEMPERATURE DATA]      [PRECIPITATION DATA]       SYMBOLS USED IN COLUMN 16

AVERAGE MONTHLY: 53.9   TOTAL FOR MONTH:   2.77    1 = FOG OR MIST
DPTR FM NORMAL:   5.2   DPTR FM NORMAL:    0.12    2 = FOG REDUCING VISIBILITY
HIGHEST:    83 ON 26    GRTST 24HR  0.85 ON  5- 6      TO 1/4 MILE OR LESS
LOWEST:     29 ON  8                               3 = THUNDER
                        SNOW, ICE PELLETS, HAIL    4 = ICE PELLETS
                        TOTAL MONTH:   0.0 INCH    5 = HAIL
                        GRTST 24HR     0.0         6 = FREEZING RAIN OR DRIZZLE
                        GRTST DEPTH:   0           7 = DUSTSTORM OR SANDSTORM:
                                                       VSBY 1/2 MILE OR LESS
                                                   8 = SMOKE OR HAZE
[NO. OF DAYS WITH]      [WEATHER - DAYS WITH]      9 = BLOWING SNOW
                                                   X = TORNADO
MAX 32 OR BELOW:   0    0.01 INCH OR MORE:  11
MAX 90 OR ABOVE:   0    0.10 INCH OR MORE:   7
MIN 32 OR BELOW:   2    0.50 INCH OR MORE:   1
MIN  0 OR BELOW:   0    1.00 INCH OR MORE:   0

[HDD (BASE 65) ]
TOTAL THIS MO.   308    CLEAR  (SCALE 0-3)  12
DPTR FM NORMAL  -152    PTCLDY (SCALE 4-7)  13
TOTAL FM JUL 1  4856    CLOUDY (SCALE 8-10)  3
DPTR FM NORMAL -1103

[CDD (BASE 65) ]
TOTAL THIS MO.     7
DPTR FM NORMAL     7    [PRESSURE DATA]
TOTAL FM JAN 1     7    HIGHEST SLP M ON M
DPTR FM NORMAL     7    LOWEST  SLP 29.30 ON  4

[REMARKS]
