000
CXUS53 KIWX 220800
CF6DFI
PRELIMINARY LOCAL CLIMATOLOGICAL DATA (WS FORM: F-6)

                                          STATION:   DEFIANCE MEMORIAL
                                          MONTH:     NOVEMBER
                                          YEAR:      2014
                                          LATITUDE:   41 20 N
                                          LONGITUDE:  84 26 W

  TEMPERATURE IN F:       :PCPN:    SNOW:  WIND      :SUNSHINE: SKY     :PK WND
================================================================================
1   2   3   4   5  6A  6B    7    8   9   10  11  12  13   14  15   16   17  18
                                     12Z  AVG MX 2MIN
DY MAX MIN AVG DEP HDD CDD  WTR  SNW DPTH SPD SPD DIR MIN PSBL S-S WX    SPD DR
================================================================================

 1  44  25  35 -12  30   0    T    M    M 11.9 24 360   M    M   2 1      34 360
 2  49  20  35 -11  30   0 0.00  0.0    0  3.3 12 210   M    M   0        16 200
 3  63  34  49   3  16   0 0.00  0.0    0  9.9 22 220   M    M   2        28 220
 4  57  44  51   5  14   0 0.11  0.0    0 11.5 21 230   M    M   8 1      29 210
 5  59  38  49   3  16   0 0.00  0.0    0  6.7 13 230   M    M   0 1      17 200
 6  49  40  45   0  20   0 0.22    M    M  9.0 23 340   M    M   8 18     31 340
 7  44  33  39  -6  26   0 0.00  0.0    0  6.9 20 330   M    M   8        26 330
 8  46  37  42  -2  23   0    T    M    M  8.6 17 300   M    M   9        26 290
 9  47  32  40  -4  25   0 0.00  0.0    0  7.9 18 210   M    M   5        24 210
10  61  42  52   8  13   0 0.00  0.0    0  8.8 21 190   M    M   2        29 190
11  63  38  51   8  14   0 0.06  0.0    0 11.4 25 210   M    M   5 1      34 230
12  38  31  35  -8  30   0    T    M    M  7.7 18 300   M    M  10 8      25 290
13  35  24  30 -12  35   0    T    M    M  7.0 17 300   M    M   8 18     26 300
14  35  20  28 -14  37   0 0.00  0.0    0  5.0 14 300   M    M   7 1      19 300
15  33  18  26 -15  39   0 0.00  0.0    0  4.3 15 220   M    M   3        18 210
16  33  28  31 -10  34   0 0.12    M    M  4.7 13 200   M    M  10 18     15 190
17  30  14  22 -18  43   0    T    M    M  9.1 20 260   M    M   8 18     31 240
18  19  11  15 -25  50   0    T    M    M 13.0 21 250   M    M   3        31 240
19  34  16  25 -15  40   0    T    M    M 11.9 22 200   M    M   9 1      35 250
20  28  13  21 -18  44   0 0.00  0.0    M  9.2 18 250   M    M   5        29 250
21  28   9  19 -20  46   0 0.00  0.0    M  5.0 10 200   M    M   1        14 190
================================================================================
SM  895  567       625   0  0.51     0.0 172.8          M      113
================================================================================
AV 42.6 27.0                               8.2 FASTST   M    M   5    MAX(MPH)
                                 MISC ---->  # 25 210               # 35  250
================================================================================
NOTES:
# LAST OF SEVERAL OCCURRENCES

COLUMN 17 PEAK WIND IN M.P.H.

PRELIMINARY LOCAL CLIMATOLOGICAL DATA (WS FORM: F-6) , PAGE 2

                                          STATION:  DEFIANCE MEMORIAL
                                          MONTH:    NOVEMBER
                                          YEAR:     2014
                                          LATITUDE:   41 20 N
                                          LONGITUDE:  84 26 W

[TEMPERATURE DATA]      [PRECIPITATION DATA]       SYMBOLS USED IN COLUMN 16

AVERAGE MONTHLY: 34.8   TOTAL FOR MONTH:   0.51    1 = FOG OR MIST
DPTR FM NORMAL:  -8.2   DPTR FM NORMAL:   -1.16    2 = FOG REDUCING VISIBILITY
HIGHEST:    63 ON 11, 3 GRTST 24HR  0.22 ON  5- 6      TO 1/4 MILE OR LESS
LOWEST:      9 ON 21                               3 = THUNDER
                        SNOW, ICE PELLETS, HAIL    4 = ICE PELLETS
                        TOTAL MONTH:   0.0 INCH    5 = HAIL
                        GRTST 24HR     0.0         6 = FREEZING RAIN OR DRIZZLE
                        GRTST DEPTH:   0           7 = DUSTSTORM OR SANDSTORM:
                                                       VSBY 1/2 MILE OR LESS
                                                   8 = SMOKE OR HAZE
[NO. OF DAYS WITH]      [WEATHER - DAYS WITH]      9 = BLOWING SNOW
                                                   X = TORNADO
MAX 32 OR BELOW:   4    0.01 INCH OR MORE:   4
MAX 90 OR ABOVE:   0    0.10 INCH OR MORE:   3
MIN 32 OR BELOW:  13    0.50 INCH OR MORE:   0
MIN  0 OR BELOW:   0    1.00 INCH OR MORE:   0

[HDD (BASE 65) ]
TOTAL THIS MO.   625    CLEAR  (SCALE 0-3)   7
DPTR FM NORMAL   164    PTCLDY (SCALE 4-7)   9
TOTAL FM JUL 1  1126    CLOUDY (SCALE 8-10)  5
DPTR FM NORMAL   129

[CDD (BASE 65) ]
TOTAL THIS MO.     0
DPTR FM NORMAL     0    [PRESSURE DATA]
TOTAL FM JAN 1   743    HIGHEST SLP M ON M
DPTR FM NORMAL    44    LOWEST  SLP 29.60 ON 10

[REMARKS]
