000
CXUS53 KIWX 220800
CF6DFI
PRELIMINARY LOCAL CLIMATOLOGICAL DATA (WS FORM: F-6)

                                          STATION:   DEFIANCE MEMORIAL
                                          MONTH:     FEBRUARY
                                          YEAR:      2017
                                          LATITUDE:   41 20 N
                                          LONGITUDE:  84 26 W

  TEMPERATURE IN F:       :PCPN:    SNOW:  WIND      :SUNSHINE: SKY     :PK WND
================================================================================
1   2   3   4   5  6A  6B    7    8   9   10  11  12  13   14  15   16   17  18
                                     12Z  AVG MX 2MIN
DY MAX MIN AVG DEP HDD CDD  WTR  SNW DPTH SPD SPD DIR MIN PSBL S-S WX    SPD DR
================================================================================

 1  37  29  33   8  32   0 0.00  0.0    0  6.0 12 260   M    M   6 18     19 280
 2  31  13  22  -3  43   0 0.00  0.0    M  9.2 23 310   M    M   2        27 300
 3  28  15  22  -4  43   0 0.00  0.0    M  8.6 22 310   M    M   4        30 310
 4  30  13  22  -4  43   0 0.00  0.0    M  8.6 18 210   M    M   3        25 210
 5  42  22  32   6  33   0 0.00  0.0    M  8.9 18 300   M    M   3        26 260
 6  55  18  37  11  28   0 0.00  0.0    M  5.2 14 210   M    M   2 1      18 230
 7  57  41  49  23  16   0 0.93    M    0 10.4 21 230   M    M  10 123    34 270
 8  44  24  34   8  31   0 0.07    M    0  8.8 21 310   M    M  10 1      29 300
 9  27  14  21  -5  44   0    T    M    M 12.0 26 310   M    M   7 1      35 310
10  36  14  25  -2  40   0 0.00  0.0    M  9.9 21 180   M    M   4        27 190
11  48  34  41  14  24   0 0.00  0.0    M  4.6 10  60   M    M   2        14  50
12  47  33  40  13  25   0 0.23  0.0    0 14.1 31 300   M    M   7 18     45 300
13  43  28  36   9  29   0 0.00  0.0    0  6.3 21 300   M    M   0        27 300
14  48  28  38  10  27   0 0.00  0.0    0 10.0 23 330   M    M   1        32 320
15  37  27  32   4  33   0 0.00  0.0    0 13.0 25 300   M    M   8        32 310
16  35  18  27  -1  38   0 0.00  0.0    M  5.9 14 330   M    M   4        18 330
17  60  25  43  15  22   0 0.00  0.0    0  6.1 13 230   M    M   1        17 230
18  66  40  53  24  12   0 0.00  0.0    0  9.3 20 210   M    M   0        27 210
19  64  34  49  20  16   0 0.00  0.0    0  3.8 13 310   M    M   0 1      17 230
20  62  30  46  17  19   0 0.00  0.0    0  6.5 15  90   M    M   0        21  80
21  57  37  47  17  18   0    T  0.0    0  2.6 13 220   M    M   5 1      17 230
================================================================================
SM  954  537       616   0  1.23     0.0 169.8          M       79
================================================================================
AV 45.4 25.6                               8.1 FASTST   M    M   4    MAX(MPH)
                                 MISC ---->  # 31 300               # 45  300
================================================================================
NOTES:
# LAST OF SEVERAL OCCURRENCES

COLUMN 17 PEAK WIND IN M.P.H.

PRELIMINARY LOCAL CLIMATOLOGICAL DATA (WS FORM: F-6) , PAGE 2

                                          STATION:  DEFIANCE MEMORIAL
                                          MONTH:    FEBRUARY
                                          YEAR:     2017
                                          LATITUDE:   41 20 N
                                          LONGITUDE:  84 26 W

[TEMPERATURE DATA]      [PRECIPITATION DATA]       SYMBOLS USED IN COLUMN 16

AVERAGE MONTHLY: 35.5   TOTAL FOR MONTH:   1.23    1 = FOG OR MIST
DPTR FM NORMAL:   8.4   DPTR FM NORMAL:   -0.07    2 = FOG REDUCING VISIBILITY
HIGHEST:    66 ON 18    GRTST 24HR  0.93 ON  7- 7      TO 1/4 MILE OR LESS
LOWEST:     13 ON  4, 2                            3 = THUNDER
                        SNOW, ICE PELLETS, HAIL    4 = ICE PELLETS
                        TOTAL MONTH:   0.0 INCH    5 = HAIL
                        GRTST 24HR     0.0         6 = FREEZING RAIN OR DRIZZLE
                        GRTST DEPTH:   0           7 = DUSTSTORM OR SANDSTORM:
                                                       VSBY 1/2 MILE OR LESS
                                                   8 = SMOKE OR HAZE
[NO. OF DAYS WITH]      [WEATHER - DAYS WITH]      9 = BLOWING SNOW
                                                   X = TORNADO
MAX 32 OR BELOW:   4    0.01 INCH OR MORE:   3
MAX 90 OR ABOVE:   0    0.10 INCH OR MORE:   2
MIN 32 OR BELOW:  15    0.50 INCH OR MORE:   1
MIN  0 OR BELOW:   0    1.00 INCH OR MORE:   0

[HDD (BASE 65) ]
TOTAL THIS MO.   616    CLEAR  (SCALE 0-3)  10
DPTR FM NORMAL  -182    PTCLDY (SCALE 4-7)   8
TOTAL FM JUL 1  3552    CLOUDY (SCALE 8-10)  3
DPTR FM NORMAL  -860

[CDD (BASE 65) ]
TOTAL THIS MO.     0
DPTR FM NORMAL     0    [PRESSURE DATA]
TOTAL FM JAN 1     0    HIGHEST SLP M ON M
DPTR FM NORMAL     0    LOWEST  SLP 29.26 ON  7

[REMARKS]
