000
CXUS52 KTAE 300800
CF6DHN
PRELIMINARY LOCAL CLIMATOLOGICAL DATA (WS FORM: F-6)

                                          STATION:   DOTHAN
                                          MONTH:     AUGUST
                                          YEAR:      2014
                                          LATITUDE:   31 19 N
                                          LONGITUDE:  85 27 W

  TEMPERATURE IN F:       :PCPN:    SNOW:  WIND      :SUNSHINE: SKY     :PK WND
================================================================================
1   2   3   4   5  6A  6B    7    8   9   10  11  12  13   14  15   16   17  18
                                     12Z  AVG MX 2MIN
DY MAX MIN AVG DEP HDD CDD  WTR  SNW DPTH SPD SPD DIR MIN PSBL S-S WX    SPD DR
================================================================================

 1  89  68  79  -3   0  14 0.00  0.0    0  3.4 12  30   M    M   0 1      16  20
 2  89  72  81  -1   0  16    T  0.0    0  6.5 10  80   M    M   3 1       M  M
 3  86  71  79  -3   0  14 0.07  0.0    0  5.7 13  10   M    M   6 138    17 360
 4  90  71  81  -1   0  16    T  0.0    0  4.2 16 340   M    M   3 18     21 350
 5  93  70  82   0   0  17 0.00  0.0    0  2.1  9 210   M    M   1 13     14 250
 6  95  74  85   3   0  20 0.00  0.0    0  4.9  9 250   M    M   0         M  M
 7  96  73  85   3   0  20 0.00  0.0    0  4.3 15 220   M    M   1 3      20 220
 8  95  75  85   3   0  20    T  0.0    0  5.1 21 270   M    M   2 13     26 270
 9  95  73  84   2   0  19    T  0.0    0  4.4 16 310   M    M   2 13     23 190
10  92  71  82   0   0  17 0.09  0.0    0  3.8 18  30   M    M   4 13     24  30
11  92  72  82   0   0  17 0.45  0.0    0  3.8 25  30   M    M   2 138    36  30
12  89  73  81   0   0  16 1.33  0.0    0  5.6 22 240   M    M   2 123    30 240
13  92  72  82   1   0  17 0.00  0.0    0  3.7 13 320   M    M   1 1      15 320
14  90  68  79  -2   0  14 0.00  0.0    0  3.3 10 230   M    M   3        13 220
15  91  68  80  -1   0  15 0.00  0.0    0  3.2 12 250   M    M   3        20 240
16  92  66  79  -2   0  14 0.00  0.0    0  4.6 13 230   M    M   1 1      20 300
17  91  73  82   1   0  17 0.09  0.0    0  6.2 17 210   M    M   1 13     26 210
18  93  73  83   2   0  18 0.11  0.0    0  6.9 13 220   M    M   2 13     40 300
19  93  74  84   3   0  19 0.03  0.0    0  8.1 30 330   M    M   3 138    40 330
20  93  72  83   2   0  18    T  0.0    0  5.2 23 230   M    M   1        30 220
21  95  73  84   3   0  19    T  0.0    0  3.6 17  50   M    M   2 3      25  40
22  97  73  85   4   0  20 0.00  0.0    0  3.5 10 320   M    M   1 1      14 340
23  99  73  86   5   0  21 0.00  0.0    0  5.2 14 330   M    M   1        18 340
24  96  74  85   4   0  20    T  0.0    0  4.9 23  50   M    M   3 3      29  60
25  89  70  80  -1   0  15 0.00  0.0    0  8.3 17  40   M    M   1        23  30
26  92  66  79  -1   0  14 0.00  0.0    0  7.3 15  30   M    M   1        20  20
27  94  65  80   0   0  15 0.00  0.0    0  3.3 12 350   M    M   1        21  60
28  93  63  78  -2   0  13 0.00  0.0    0  1.4  9 200   M    M   0        13 190
29  96  67  82   2   0  17 0.00  0.0    0  5.1 22 170   M    M   2        25 160
================================================================================
SM 2687 2053         0 492  2.17     0.0 137.6          M       53
================================================================================
AV 92.7 70.8                               4.7 FASTST   M    M   2    MAX(MPH)
                                 MISC ---->  # 30 330                 40    M
================================================================================
NOTES:
# LAST OF SEVERAL OCCURRENCES

COLUMN 17 PEAK WIND IN M.P.H.

PRELIMINARY LOCAL CLIMATOLOGICAL DATA (WS FORM: F-6) , PAGE 2

                                          STATION:  DOTHAN
                                          MONTH:    AUGUST
                                          YEAR:     2014
                                          LATITUDE:   31 19 N
                                          LONGITUDE:  85 27 W

[TEMPERATURE DATA]      [PRECIPITATION DATA]       SYMBOLS USED IN COLUMN 16

AVERAGE MONTHLY: 81.7   TOTAL FOR MONTH:   2.17    1 = FOG OR MIST
DPTR FM NORMAL:   0.5   DPTR FM NORMAL:   -2.07    2 = FOG REDUCING VISIBILITY
HIGHEST:    99 ON 23    GRTST 24HR  1.65 ON 11-12      TO 1/4 MILE OR LESS
LOWEST:     63 ON 28                               3 = THUNDER
                        SNOW, ICE PELLETS, HAIL    4 = ICE PELLETS
                        TOTAL MONTH:   0.0 INCH    5 = HAIL
                        GRTST 24HR     0.0         6 = FREEZING RAIN OR DRIZZLE
                        GRTST DEPTH:   0           7 = DUSTSTORM OR SANDSTORM:
                                                       VSBY 1/2 MILE OR LESS
                                                   8 = SMOKE OR HAZE
[NO. OF DAYS WITH]      [WEATHER - DAYS WITH]      9 = BLOWING SNOW
                                                   X = TORNADO
MAX 32 OR BELOW:   0    0.01 INCH OR MORE:   7
MAX 90 OR ABOVE:  24    0.10 INCH OR MORE:   3
MIN 32 OR BELOW:   0    0.50 INCH OR MORE:   1
MIN  0 OR BELOW:   0    1.00 INCH OR MORE:   1

[HDD (BASE 65) ]
TOTAL THIS MO.     0    CLEAR  (SCALE 0-3)  27
DPTR FM NORMAL     0    PTCLDY (SCALE 4-7)   2
TOTAL FM JUL 1     0    CLOUDY (SCALE 8-10)  0
DPTR FM NORMAL     0

[CDD (BASE 65) ]
TOTAL THIS MO.   492
DPTR FM NORMAL    22    [PRESSURE DATA]
TOTAL FM JAN 1  1846    HIGHEST SLP M ON M
DPTR FM NORMAL    -5    LOWEST  SLP 29.83 ON 24

[REMARKS]
