000
CXUS56 KTFX 180919
CF6DLN
PRELIMINARY LOCAL CLIMATOLOGICAL DATA (WS FORM: F-6)

                                          STATION:   DILLON AIRPORT MT
                                          MONTH:     OCTOBER
                                          YEAR:      2017
                                          LATITUDE:   45 15 N
                                          LONGITUDE: 112 33 W

  TEMPERATURE IN F:       :PCPN:    SNOW:  WIND      :SUNSHINE: SKY     :PK WND
================================================================================
1   2   3   4   5  6A  6B    7    8   9   10  11  12  13   14  15   16   17  18
                                     12Z  AVG MX 2MIN
DY MAX MIN AVG DEP HDD CDD  WTR  SNW DPTH SPD SPD DIR MIN PSBL S-S WX    SPD DR
================================================================================

 1  51  34  43  -6  22   0 0.01    M    0  6.3 22 330   M    M   6        28 320
 2  46  26  36 -12  29   0 0.01    M    0 10.3 25  50   M    M  10 1      29  50
 3  42  24  33 -15  32   0 0.01    M    T  8.3 26  30   M    M   5 18     32  40
 4  38  20  29 -19  36   0 0.04    M    0  2.2  8 210   M    M   6 1       9 220
 5  55  33  44  -3  21   0 0.00    M    0  4.4 10 190   M    M   9        13 220
 6  62  34  48   1  17   0 0.00    M    0 12.1 24 220   M    M   1        30 210
 7  63  38  51   5  14   0    T    M    0 14.4 32 260   M    M   6        40 250
 8  48  27  38  -8  27   0 0.08    M    0  6.2 23  20   M    M   6 18     27  20
 9  53  25  39  -7  26   0 0.00    M    0  9.9 17 210   M    M   2        23 220
10  60  28  44  -2  21   0 0.00    M    0  7.9 22 150   M    M   0        27 150
11  59  31  45   0  20   0    T    M    0  5.0 29 210   M    M   4        38 210
12  48  24  36  -9  29   0 0.00    M    0  9.5 15 210   M    M   4        22 250
13  45  30  38  -6  27   0    T    M    0  9.8 28 220   M    M   6        35 260
14  47  23  35  -9  30   0    T    M    0 11.5 26 240   M    M   3        33 250
15  60  29  45   1  20   0 0.00    M    0 10.0 20 210   M    M   0        23 220
16  66  35  51   7  14   0 0.00    M    0 11.1 20 210   M    M   0        23 210
17  69  34  52   9  13   0 0.00    M    0 14.2 28 210   M    M   0        37 210
================================================================================
SM  912  495       398   0  0.15    M    153.1          M       68
================================================================================
AV 53.7 29.1                               9.0 FASTST   M    M   4    MAX(MPH)
                                 MISC ---->  # 32 260               # 40  250
================================================================================
NOTES:
# LAST OF SEVERAL OCCURRENCES

COLUMN 17 PEAK WIND IN M.P.H.

PRELIMINARY LOCAL CLIMATOLOGICAL DATA (WS FORM: F-6) , PAGE 2

                                          STATION:  DILLON AIRPORT MT
                                          MONTH:    OCTOBER
                                          YEAR:     2017
                                          LATITUDE:   45 15 N
                                          LONGITUDE: 112 33 W

[TEMPERATURE DATA]      [PRECIPITATION DATA]       SYMBOLS USED IN COLUMN 16

AVERAGE MONTHLY: 41.4   TOTAL FOR MONTH:   0.15    1 = FOG OR MIST
DPTR FM NORMAL:  -4.5   DPTR FM NORMAL:   -0.31    2 = FOG REDUCING VISIBILITY
HIGHEST:    69 ON 17    GRTST 24HR  0.09 ON 30- 1      TO 1/4 MILE OR LESS
LOWEST:     20 ON  4                               3 = THUNDER
                        SNOW, ICE PELLETS, HAIL    4 = ICE PELLETS
                        TOTAL MONTH:    M          5 = HAIL
                        GRTST 24HR    M  ON   M    6 = FREEZING RAIN OR DRIZZLE
                        GRTST DEPTH:   T           7 = DUSTSTORM OR SANDSTORM:
                                                       VSBY 1/2 MILE OR LESS
                                                   8 = SMOKE OR HAZE
[NO. OF DAYS WITH]      [WEATHER - DAYS WITH]      9 = BLOWING SNOW
                                                   X = TORNADO
MAX 32 OR BELOW:   0    0.01 INCH OR MORE:   5
MAX 90 OR ABOVE:   0    0.10 INCH OR MORE:   0
MIN 32 OR BELOW:  11    0.50 INCH OR MORE:   0
MIN  0 OR BELOW:   0    1.00 INCH OR MORE:   0

[HDD (BASE 65) ]
TOTAL THIS MO.   398    CLEAR  (SCALE 0-3)   7
DPTR FM NORMAL    75    PTCLDY (SCALE 4-7)   8
TOTAL FM JUL 1   777    CLOUDY (SCALE 8-10)  2
DPTR FM NORMAL     5

[CDD (BASE 65) ]
TOTAL THIS MO.     0
DPTR FM NORMAL     0    [PRESSURE DATA]
TOTAL FM JAN 1   290    HIGHEST SLP M ON M
DPTR FM NORMAL   134    LOWEST  SLP 29.51 ON  7

[REMARKS]
