000
CXUS51 KLWX 240620
CF6DMH
PRELIMINARY LOCAL CLIMATOLOGICAL DATA (WS FORM: F-6)

                                          STATION:   BALTIMORE INNER HARBOR MD
                                          MONTH:     FEBRUARY
                                          YEAR:      2017
                                          LATITUDE:   39 16 N
                                          LONGITUDE:  76 37 W

  TEMPERATURE IN F:       :PCPN:    SNOW:  WIND      :SUNSHINE: SKY     :PK WND
================================================================================
1   2   3   4   5  6A  6B    7    8   9   10  11  12  13   14  15   16   17  18
                                     12Z  AVG MX 2MIN
DY MAX MIN AVG DEP HDD CDD  WTR  SNW DPTH SPD SPD DIR MIN PSBL S-S WX    SPD DR
================================================================================

 1  51  39  45   9  20   0 0.00    M    M   M   M   M   M    M   M         M  M
 2  49  37  43   6  22   0 0.00    M    M   M   M   M   M    M   M         M  M
 3  38  30  34  -3  31   0 0.00    M    M   M   M   M   M    M   M         M  M
 4  39  25  32  -5  33   0 0.00    M    M   M   M   M   M    M   M         M  M
 5  50  31  41   4  24   0 0.00    M    M   M   M   M   M    M   M         M  M
 6  55  37  46   9  19   0 0.00    M    M   M   M   M   M    M   M         M  M
 7  72  43  58  21   7   0 0.00    M    M   M   M   M   M    M   M         M  M
 8  71  52  62  25   3   0 0.00    M    M   M   M   M   M    M   M         M  M
 9  52  26  39   2  26   0 0.26    M    M   M   M   M   M    M   M         M  M
10  38  24  31  -7  34   0 0.00    M    M   M   M   M   M    M   M         M  M
11  55  36  46   8  19   0 0.00    M    M   M   M   M   M    M   M         M  M
12  50  44  47   9  18   0 0.25    M    M   M   M   M   M    M   M         M  M
13  46  36  41   3  24   0 0.00    M    M   M   M   M   M    M   M         M  M
14  48  32  40   2  25   0 0.00    M    M   M   M   M   M    M   M         M  M
15  54  35  45   7  20   0 0.00    M    M   M   M   M   M    M   M         M  M
16  39  32  36  -3  29   0 0.00    M    M   M   M   M   M    M   M         M  M
17  50  28  39   0  26   0 0.00    M    M   M   M   M   M    M   M         M  M
18  72  35  54  15  11   0 0.00    M    M   M   M   M   M    M   M         M  M
19  71  55  63  24   2   0 0.00    M    M   M   M   M   M    M   M         M  M
20  62  48  55  16  10   0 0.00    M    M   M   M   M   M    M   M         M  M
21  53  40  47   7  18   0 0.00    M    M   M   M   M   M    M   M         M  M
22  58  45  52  12  13   0 0.00    M    M   M   M   M   M    M   M         M  M
23  72  50  61  21   4   0 0.00    M    M   M   M   M   M    M   M         M  M
================================================================================
SM 1245  860       438   0  0.51    M        M          M        M
================================================================================
AV 54.1 37.4                                 M FASTST   M    M   4    MAX(MPH)
                                 MISC ---->     M   M                  M    M
================================================================================
NOTES:
# LAST OF SEVERAL OCCURRENCES

COLUMN 17 PEAK WIND IN M.P.H.

PRELIMINARY LOCAL CLIMATOLOGICAL DATA (WS FORM: F-6) , PAGE 2

                                          STATION:  BALTIMORE INNER HARBOR MD
                                          MONTH:    FEBRUARY
                                          YEAR:     2017
                                          LATITUDE:   39 16 N
                                          LONGITUDE:  76 37 W

[TEMPERATURE DATA]      [PRECIPITATION DATA]       SYMBOLS USED IN COLUMN 16

AVERAGE MONTHLY: 45.8   TOTAL FOR MONTH:   0.51    1 = FOG OR MIST
DPTR FM NORMAL:   7.7   DPTR FM NORMAL:   -1.66    2 = FOG REDUCING VISIBILITY
HIGHEST:    72 ON 23,18 GRTST 24HR  0.26 ON  9- 9      TO 1/4 MILE OR LESS
LOWEST:     24 ON 10                               3 = THUNDER
                        SNOW, ICE PELLETS, HAIL    4 = ICE PELLETS
                        TOTAL MONTH:    M          5 = HAIL
                        GRTST 24HR    M  ON   M    6 = FREEZING RAIN OR DRIZZLE
                        GRTST DEPTH:  M  ON   M    7 = DUSTSTORM OR SANDSTORM:
                                                       VSBY 1/2 MILE OR LESS
                                                   8 = SMOKE OR HAZE
[NO. OF DAYS WITH]      [WEATHER - DAYS WITH]      9 = BLOWING SNOW
                                                   X = TORNADO
MAX 32 OR BELOW:   0    0.01 INCH OR MORE:   2
MAX 90 OR ABOVE:   0    0.10 INCH OR MORE:   2
MIN 32 OR BELOW:   8    0.50 INCH OR MORE:   0
MIN  0 OR BELOW:   0    1.00 INCH OR MORE:   0

[HDD (BASE 65) ]
TOTAL THIS MO.   438    CLEAR  (SCALE 0-3)   0
DPTR FM NORMAL  -182    PTCLDY (SCALE 4-7)   0
TOTAL FM JUL 1  2395    CLOUDY (SCALE 8-10)  0
DPTR FM NORMAL  -573

[CDD (BASE 65) ]
TOTAL THIS MO.     0
DPTR FM NORMAL     0    [PRESSURE DATA]
TOTAL FM JAN 1     0    HIGHEST SLP M ON M
DPTR FM NORMAL     0    LOWEST  SLP 29.44 ON 15

[REMARKS]
