000
CXUS54 KEPZ 011202
CF6DMN
PRELIMINARY LOCAL CLIMATOLOGICAL DATA (WS FORM: F-6)

                                          STATION:   DEMING
                                          MONTH:     FEBRUARY
                                          YEAR:      2015
                                          LATITUDE:   32 15 N
                                          LONGITUDE: 107 42 W

  TEMPERATURE IN F:       :PCPN:    SNOW:  WIND      :SUNSHINE: SKY     :PK WND
================================================================================
1   2   3   4   5  6A  6B    7    8   9   10  11  12  13   14  15   16   17  18
                                     12Z  AVG MX 2MIN
DY MAX MIN AVG DEP HDD CDD  WTR  SNW DPTH SPD SPD DIR MIN PSBL S-S WX    SPD DR
================================================================================

 1  57  35  46   1  19   0 0.00  0.0    0  4.1 10 310   M    M   3 12     12 310
 2  60  34  47   2  18   0 0.00  0.0    0  4.4  9 180   M    M   1 1      13 180
 3  65  32  49   4  16   0 0.00  0.0    0  5.6 16 250   M    M   0        20 250
 4  73  35  54   9  11   0 0.00  0.0    0  7.4 16 270   M    M   0        22 280
 5  69  34  52   7  13   0 0.00  0.0    0  5.9 12 120   M    M   0        15 110
 6  72  31  52   6  13   0 0.00  0.0    0  5.3 10 270   M    M   0        12 240
 7  75  34  55   9  10   0 0.00  0.0    0 11.3 26 280   M    M   0        32 280
 8  76  39  58  12   7   0 0.00  0.0    0  5.3 12 240   M    M   0        13 160
 9  76  37  57  11   8   0 0.00  0.0    0  4.9 13 220   M    M   0        17 210
10  76  34  55   9  10   0 0.00  0.0    0  7.2 21 250   M    M   0        26 260
11  65  32  49   3  16   0 0.00  0.0    0 17.3 35  30   M    M   1        44  40
12  58  34  46   0  19   0 0.00  0.0    0  9.2 20  70   M    M   1        25  70
13  63  28  46  -1  19   0 0.00  0.0    0  4.6 10  90   M    M   0        14 110
14  67  34  51   4  14   0 0.00  0.0    0  5.3 14  60   M    M   0        17  80
15  72  41  57  10   8   0 0.00  0.0    0 11.4 26 280   M    M   1        34 260
16  69  44  57  10   8   0 0.00  0.0    0 14.5 32 270   M    M   0        41 270
17  64  35  50   3  15   0 0.00  0.0    0  8.1 20 260   M    M   2        26 240
18  71  28  50   3  15   0 0.00  0.0    0  5.0 15 230   M    M   0        18 240
19  76  33  55   7  10   0 0.00  0.0    0  6.7 23 270   M    M   0        31 280
20  71  39  55   7  10   0 0.00  0.0    0 15.1 28 280   M    M   0        36 260
21  70  41  56   8   9   0 0.00  0.0    0 14.6 29 290   M    M   0        39 280
22  75  44  60  12   5   0 0.00  0.0    0 10.0 26 250   M    M   4        34 240
23  48  31  40  -8  25   0 0.00  0.0    0 15.7 24  70   M    M   5        31  80
24  60  28  44  -4  21   0    T  0.0    0 12.1 40 320   M    M   4 8      55 320
25  65  30  48   0  17   0 0.00  0.0    0 14.0 26 260   M    M   0        34 250
26  61  32  47  -1  18   0 0.00  0.0    0  7.5 23 110   M    M   3        33  80
27  56  25  41  -8  24   0 0.00  0.0    0 11.1 16 100   M    M   1        21  80
28  70  24  47  -2  18   0 0.00  0.0    0 11.4 30 250   M    M   1        39 260
================================================================================
SM 1880  948       396   0    T      0.0 255.0          M       27
================================================================================
AV 67.1 33.9                               9.1 FASTST   M    M   1    MAX(MPH)
                                 MISC ---->  # 40 320               # 55  320
================================================================================
NOTES:
# LAST OF SEVERAL OCCURRENCES

COLUMN 17 PEAK WIND IN M.P.H.

PRELIMINARY LOCAL CLIMATOLOGICAL DATA (WS FORM: F-6) , PAGE 2

                                          STATION:  DEMING
                                          MONTH:    FEBRUARY
                                          YEAR:     2015
                                          LATITUDE:   32 15 N
                                          LONGITUDE: 107 42 W

[TEMPERATURE DATA]      [PRECIPITATION DATA]       SYMBOLS USED IN COLUMN 16

AVERAGE MONTHLY: 50.5   TOTAL FOR MONTH:      T    1 = FOG OR MIST
DPTR FM NORMAL:   3.7   DPTR FM NORMAL:   -0.59    2 = FOG REDUCING VISIBILITY
HIGHEST:    76 ON 19,10 GRTST 24HR  0.21 ON 31- 1      TO 1/4 MILE OR LESS
LOWEST:     24 ON 28                               3 = THUNDER
                        SNOW, ICE PELLETS, HAIL    4 = ICE PELLETS
                        TOTAL MONTH:   0.0 INCH    5 = HAIL
                        GRTST 24HR     0.0         6 = FREEZING RAIN OR DRIZZLE
                        GRTST DEPTH:   0           7 = DUSTSTORM OR SANDSTORM:
                                                       VSBY 1/2 MILE OR LESS
                                                   8 = SMOKE OR HAZE
[NO. OF DAYS WITH]      [WEATHER - DAYS WITH]      9 = BLOWING SNOW
                                                   X = TORNADO
MAX 32 OR BELOW:   0    0.01 INCH OR MORE:   0
MAX 90 OR ABOVE:   0    0.10 INCH OR MORE:   0
MIN 32 OR BELOW:  11    0.50 INCH OR MORE:   0
MIN  0 OR BELOW:   0    1.00 INCH OR MORE:   0

[HDD (BASE 65) ]
TOTAL THIS MO.   396    CLEAR  (SCALE 0-3)  25
DPTR FM NORMAL  -112    PTCLDY (SCALE 4-7)   3
TOTAL FM JUL 1  2252    CLOUDY (SCALE 8-10)  0
DPTR FM NORMAL  -297

[CDD (BASE 65) ]
TOTAL THIS MO.     0
DPTR FM NORMAL     0    [PRESSURE DATA]
TOTAL FM JAN 1     0    HIGHEST SLP 30.37 ON 12
DPTR FM NORMAL     0    LOWEST  SLP 29.58 ON 16

[REMARKS]
#FINAL-02-15#
