000
CXUS55 KCAE 301400
CF6DNL
PRELIMINARY LOCAL CLIMATOLOGICAL DATA (WS FORM: F-6)

                                          STATION:   AUGUSTA DANIEL FIELD GA
                                          MONTH:     APRIL
                                          YEAR:      2016
                                          LATITUDE:   33 28 N
                                          LONGITUDE:  82  2 W

  TEMPERATURE IN F:       :PCPN:    SNOW:  WIND      :SUNSHINE: SKY     :PK WND
================================================================================
1   2   3   4   5  6A  6B    7    8   9   10  11  12  13   14  15   16   17  18
                                     12Z  AVG MX 2MIN
DY MAX MIN AVG DEP HDD CDD  WTR  SNW DPTH SPD SPD DIR MIN PSBL S-S WX    SPD DR
================================================================================

 1  75  65  70   9   0   5 2.79    M    M  7.0 21 130   M    M   8 1      32 200
 2  73  58  66   5   0   1 0.07    M    M  8.4 21 290   M    M   5 1      33 280
 3  74  53  64   2   1   0 0.00    M    M  7.6 18 300   M    M   0        29 290
 4  79  50  65   3   0   0 0.00    M    M  5.2 14 290   M    M   0        23 290
 5  73  53  63   1   2   0 0.00    M    M  9.2 18 360   M    M   0        23  10
 6  69  45  57  -5   8   0 0.02    M    M  8.4 18 160   M    M   2        26 150
 7  74  53  64   2   1   0    M    M    M  8.2 23 280   M    M   4 1      40 280
 8  68  55  62   0   3   0    T    M    M  7.6 22 310   M    M   4        30 310
 9  67  48  58  -5   7   0 0.00    M    M  9.9 24 310   M    M   0        33 270
10  64  42  53 -10  12   0 0.00    M    M  7.9 15 110   M    M   0        19  90
11  79  50  65   2   0   0    T    M    M  7.9 16 160   M    M   4        21 170
12  76  62  69   6   0   4 0.19    M    M  5.2 14 170   M    M   7 1      18 170
13  70  57  64   0   1   0    T    M    M  8.2 18  60   M    M   5        26  40
14  71  57  64   0   1   0    T    M    M  9.2 17  70   M    M   6        23 110
15  68  55  62  -2   3   0 0.01    M    M 10.1 20  50   M    M   9        24  50
16  75  56  66   2   0   1 0.00    M    M  9.4 17  60   M    M   3        21  60
17  77  50  64   0   1   0 0.00    M    M  6.5 17  80   M    M   0        23  80
18  84  51  68   3   0   3 0.00    M    M  2.1  9 170   M    M   0        14 100
19  87  55  71   6   0   6 0.00    M    M  2.2 10 200   M    M   0        16 320
20  86  64  75  10   0  10 0.00    M    M  4.9 12 160   M    M   0        16 190
21  81  58  70   4   0   5 0.00    M    M  7.9 16 160   M    M   2        23 200
22  79  65  72   6   0   7 0.09    M    M  4.5 14 210   M    M   6 1      19 200
23  81  63  72   6   0   7 0.00    M    M  5.4 15 340   M    M   4 12     19 310
24  83  59  71   5   0   6 0.00    M    M  5.3 10 170   M    M   0        16  50
25  85  60  73   6   0   8 0.00    M    M  6.6 13 150   M    M   2 12     18 160
26  86  61  74   7   0   9 0.00    M    M  5.7 14 210   M    M   1        18 200
27  90  66  78  11   0  13 0.00    M    M  7.4 20 210   M    M   1        27 200
28  88  68  78  10   0  13    T    M    M  5.5 14 200   M    M   4        19 200
29  93  69  81  13   0  16 0.00    M    M  4.7 13  10   M    M   0        18  40
================================================================================
SM 2255 1648        40 114  3.17    M    198.1          M       77
================================================================================
AV 77.8 56.8                               6.8 FASTST   M    M   3    MAX(MPH)
                                 MISC ---->  # 24 310               # 40  280
================================================================================
NOTES:
# LAST OF SEVERAL OCCURRENCES

COLUMN 17 PEAK WIND IN M.P.H.

PRELIMINARY LOCAL CLIMATOLOGICAL DATA (WS FORM: F-6) , PAGE 2

                                          STATION:  AUGUSTA DANIEL FIELD GA
                                          MONTH:    APRIL
                                          YEAR:     2016
                                          LATITUDE:   33 28 N
                                          LONGITUDE:  82  2 W

[TEMPERATURE DATA]      [PRECIPITATION DATA]       SYMBOLS USED IN COLUMN 16

AVERAGE MONTHLY: 67.3   TOTAL FOR MONTH:   3.17    1 = FOG OR MIST
DPTR FM NORMAL:   3.1   DPTR FM NORMAL:    0.27    2 = FOG REDUCING VISIBILITY
HIGHEST:    93 ON 29    GRTST 24HR  2.82 ON  1- 2      TO 1/4 MILE OR LESS
LOWEST:     42 ON 10                               3 = THUNDER
                        SNOW, ICE PELLETS, HAIL    4 = ICE PELLETS
                        TOTAL MONTH:    M          5 = HAIL
                        GRTST 24HR    M  ON   M    6 = FREEZING RAIN OR DRIZZLE
                        GRTST DEPTH:  M  ON   M    7 = DUSTSTORM OR SANDSTORM:
                                                       VSBY 1/2 MILE OR LESS
                                                   8 = SMOKE OR HAZE
[NO. OF DAYS WITH]      [WEATHER - DAYS WITH]      9 = BLOWING SNOW
                                                   X = TORNADO
MAX 32 OR BELOW:   0    0.01 INCH OR MORE:   6
MAX 90 OR ABOVE:   2    0.10 INCH OR MORE:   2
MIN 32 OR BELOW:   0    0.50 INCH OR MORE:   1
MIN  0 OR BELOW:   0    1.00 INCH OR MORE:   1

[HDD (BASE 65) ]
TOTAL THIS MO.    40    CLEAR  (SCALE 0-3)  17
DPTR FM NORMAL   -55    PTCLDY (SCALE 4-7)  11
TOTAL FM JUL 1  1456    CLOUDY (SCALE 8-10)  1
DPTR FM NORMAL  -702

[CDD (BASE 65) ]
TOTAL THIS MO.   114
DPTR FM NORMAL    44    [PRESSURE DATA]
TOTAL FM JAN 1   219    HIGHEST SLP M ON M
DPTR FM NORMAL   123    LOWEST  SLP 29.65 ON  2

[REMARKS]
