000
CXUS55 KGJT 291000
CF6DRO
PRELIMINARY LOCAL CLIMATOLOGICAL DATA (WS FORM: F-6)

                                          STATION:   DURANGO AIRPORT CO
                                          MONTH:     APRIL
                                          YEAR:      2017
                                          LATITUDE:   37  9 N
                                          LONGITUDE: 107 45 W

  TEMPERATURE IN F:       :PCPN:    SNOW:  WIND      :SUNSHINE: SKY     :PK WND
================================================================================
1   2   3   4   5  6A  6B    7    8   9   10  11  12  13   14  15   16   17  18
                                     12Z  AVG MX 2MIN
DY MAX MIN AVG DEP HDD CDD  WTR  SNW DPTH SPD SPD DIR MIN PSBL S-S WX    SPD DR
================================================================================

 1  48  26  37  -5  28   0 0.08    M    M  4.6 26 170   M    M   7 13     36 160
 2  53  31  42   0  23   0 0.00    M    M  5.5 22 260   M    M   8 12     26 250
 3  42  30  36  -6  29   0 0.10    M    M  4.3 14 190   M    M   8 12     17 190
 4  48  30  39  -3  26   0    T    M    M 10.7 31 310   M    M   4 12     39 280
 5  52  20  36  -6  29   0 0.00    M    M  3.6 14 210   M    M   0        18 210
 6  62  25  44   1  21   0 0.00    M    M  3.5 14  10   M    M   0        16 210
 7  67  28  48   5  17   0 0.00    M    M  4.8 21 250   M    M   0        25 250
 8  64  32  48   5  17   0 0.00    M    M  9.3 28 250   M    M   3        34 250
 9  53  29  41  -2  24   0 0.00    M    M 13.6 30 260   M    M   1        38 270
10  57  17  37  -7  28   0 0.00    M    M  5.7 16 250   M    M   0        20 250
11  64  20  42  -2  23   0 0.00    M    M  4.5 15 160   M    M   0        22 130
12  70  33  52   8  13   0 0.00    M    M  4.6 15 260   M    M   0        20 250
13  72  30  51   7  14   0 0.00    M    M  6.9 25 210   M    M   0        32 190
14  69  27  48   4  17   0 0.00    M    M  7.3 23 250   M    M   0        27 250
15  67  26  47   3  18   0 0.00    M    M  6.6 21 250   M    M   0        28 220
16  70  26  48   3  17   0 0.00    M    M  5.5 18 230   M    M   0        26 210
17  71  27  49   4  16   0 0.00    M    M  6.0 21 230   M    M   0        26 230
18  72  32  52   7  13   0 0.00    M    M  7.3 26 250   M    M   0        36 250
19  69  33  51   5  14   0 0.00    M    M 10.5 26 250   M    M   1        33 250
20  70  26  48   2  17   0 0.00    M    M  8.6 30 270   M    M   2        42 270
21  61  32  47   1  18   0 0.00    M    M 16.3 30 260   M    M   1        39 260
22  63  20  42  -4  23   0 0.00    M    M  5.4 13 230   M    M   0        17 250
23  70  26  48   2  17   0 0.00    M    M  6.0 15 240   M    M   0        23 240
24  63  33  48   1  17   0 0.00    M    M  9.0 35 240   M    M   4        47 250
25  56  36  46  -1  19   0    T    M    M 12.9 36 310   M    M   6        49 300
26  56  22  39  -8  26   0 0.00    M    M 12.4 30 270   M    M   3        39 290
27  53  37  45  -3  20   0 0.29    M    M 11.6 33 320   M    M   7 1      47 330
28  44  27  36 -12  29   0 0.02    M    M 10.0 22 290   M    M   5 8      26 290
================================================================================
SM 1706  781       573   0  0.49    M    217.0          M       60
================================================================================
AV 60.9 27.9                               7.8 FASTST   M    M   2    MAX(MPH)
                                 MISC ---->  # 36 310               # 49  300
================================================================================
NOTES:
# LAST OF SEVERAL OCCURRENCES

COLUMN 17 PEAK WIND IN M.P.H.

PRELIMINARY LOCAL CLIMATOLOGICAL DATA (WS FORM: F-6) , PAGE 2

                                          STATION:  DURANGO AIRPORT CO
                                          MONTH:    APRIL
                                          YEAR:     2017
                                          LATITUDE:   37  9 N
                                          LONGITUDE: 107 45 W

[TEMPERATURE DATA]      [PRECIPITATION DATA]       SYMBOLS USED IN COLUMN 16

AVERAGE MONTHLY: 44.4   TOTAL FOR MONTH:   0.49    1 = FOG OR MIST
DPTR FM NORMAL:  -0.2   DPTR FM NORMAL:   -0.56    2 = FOG REDUCING VISIBILITY
HIGHEST:    72 ON 18,13 GRTST 24HR  0.29 ON 27-27      TO 1/4 MILE OR LESS
LOWEST:     17 ON 10                               3 = THUNDER
                        SNOW, ICE PELLETS, HAIL    4 = ICE PELLETS
                        TOTAL MONTH:    M          5 = HAIL
                        GRTST 24HR    M  ON   M    6 = FREEZING RAIN OR DRIZZLE
                        GRTST DEPTH:  M  ON   M    7 = DUSTSTORM OR SANDSTORM:
                                                       VSBY 1/2 MILE OR LESS
                                                   8 = SMOKE OR HAZE
[NO. OF DAYS WITH]      [WEATHER - DAYS WITH]      9 = BLOWING SNOW
                                                   X = TORNADO
MAX 32 OR BELOW:   0    0.01 INCH OR MORE:   4
MAX 90 OR ABOVE:   0    0.10 INCH OR MORE:   2
MIN 32 OR BELOW:  23    0.50 INCH OR MORE:   0
MIN  0 OR BELOW:   0    1.00 INCH OR MORE:   0

[HDD (BASE 65) ]
TOTAL THIS MO.   573    CLEAR  (SCALE 0-3)  20
DPTR FM NORMAL    -1    PTCLDY (SCALE 4-7)   8
TOTAL FM JUL 1  5902    CLOUDY (SCALE 8-10)  0
DPTR FM NORMAL  -701

[CDD (BASE 65) ]
TOTAL THIS MO.     0
DPTR FM NORMAL     0    [PRESSURE DATA]
TOTAL FM JAN 1     0    HIGHEST SLP M ON M
DPTR FM NORMAL     0    LOWEST  SLP 29.41 ON 24

[REMARKS]
