000
CXUS53 KDTX 010800
CF6DTW
PRELIMINARY LOCAL CLIMATOLOGICAL DATA (WS FORM: F-6)

                                          STATION:   DETROIT MI
                                          MONTH:     FEBRUARY
                                          YEAR:      2015
                                          LATITUDE:   42 13 N
                                          LONGITUDE:  83 20 W

  TEMPERATURE IN F:       :PCPN:    SNOW:  WIND      :SUNSHINE: SKY     :PK WND
================================================================================
1   2   3   4   5  6A  6B    7    8   9   10  11  12  13   14  15   16   17  18
                                     12Z  AVG MX 2MIN
DY MAX MIN AVG DEP HDD CDD  WTR  SNW DPTH SPD SPD DIR MIN PSBL S-S WX    SPD DR
================================================================================

 1  32  17  25  -1  40   0 0.70 13.7    4 11.6 23  10   M    M  10 129    31  10
 2  19   5  12 -14  53   0 0.16  3.0   18 12.6 24 360   M    M   6 19     35 360
 3  26   2  14 -12  51   0 0.05  0.8   17  9.6 17 200   M    M   8 1      22 210
 4  32  15  24  -2  41   0 0.12  1.5   16  9.6 21 320   M    M  10 18     25 320
 5  18   3  11 -15  54   0 0.00  0.0   16  9.2 17 210   M    M   3        22 200
 6  29   7  18  -8  47   0 0.00  0.0   16 11.6 17 210   M    M   9        22 220
 7  39  22  31   5  34   0 0.00  0.0   15  5.2 12 180   M    M   9 8      15 180
 8  43  24  34   7  31   0 0.04  0.4   13  5.4 18 360   M    M  10 168    23  10
 9  27  17  22  -5  43   0    T    T   10 10.0 17 360   M    M   8 8      21 350
10  28  14  21  -6  44   0    T  0.1   10  5.2  9 130   M    M   8 18     22 140
11  34  19  27   0  38   0 0.06  0.8   10 10.0 22 110   M    M  10 18     31 320
12  29   5  17 -10  48   0    T  0.2   11 11.9 22 320   M    M   6 8      31 310
13  23  -1  11 -17  54   0 0.01  0.6   11 11.4 24 190   M    M   6        28 210
14  25   1  13 -15  52   0 0.09  2.8   13 17.3 31 310   M    M   9 19     40 310
15   7  -9  -1 -29  66   0 0.00  0.0   13 10.1 21 320   M    M   3        28 310
16   8  -9   0 -28  65   0 0.00  0.0   12  2.6 10 120   M    M   9        13 110
17  21  -2  10 -18  55   0    T  0.3   12  8.5 20 200   M    M  10 18     23 200
18  18   4  11 -18  54   0 0.03  0.6   12 11.3 25 250   M    M   9 18     33 270
19   7  -5   1 -28  64   0 0.00  0.0   12 10.1 21 280   M    M   5        29 290
20  14 -13   1 -28  64   0    T    T   12  9.2 20 160   M    M   5        26 140
21  24  14  19 -10  46   0 0.06  1.0   12  3.1 15 170   M    M   7 18     20 160
22  30   8  19 -11  46   0    T    T   13  9.2 20 300   M    M   9 18     26 300
23  12  -5   4 -26  61   0 0.00  0.0   12  8.4 18 180   M    M   1        23 330
24  23  -2  11 -19  54   0    T    T   12 17.4 30 190   M    M   9 8      37 200
25  24   9  17 -13  48   0    T  0.1   11  6.3 20 220   M    M   7        31 190
26  17   6  12 -19  53   0 0.03  0.5   11  7.9 13 320   M    M  10 18     20 330
27  20  -4   8 -23  57   0 0.00  0.0   11  4.8 14 230   M    M   2        17 230
28  21  -2  10 -21  55   0    T    T   11  5.6 14 200   M    M   3        16 190
================================================================================
SM  650  140      1418   0  1.35    26.4 255.1          M      201
================================================================================
AV 23.2  5.0                               9.1 FASTST   M    M   7    MAX(MPH)
                                 MISC ---->  # 31 310               # 40  310
================================================================================
NOTES:
# LAST OF SEVERAL OCCURRENCES

COLUMN 17 PEAK WIND IN M.P.H.

PRELIMINARY LOCAL CLIMATOLOGICAL DATA (WS FORM: F-6) , PAGE 2

                                          STATION:  DETROIT MI
                                          MONTH:    FEBRUARY
                                          YEAR:     2015
                                          LATITUDE:   42 13 N
                                          LONGITUDE:  83 20 W

[TEMPERATURE DATA]      [PRECIPITATION DATA]       SYMBOLS USED IN COLUMN 16

AVERAGE MONTHLY: 14.1   TOTAL FOR MONTH:   1.35    1 = FOG OR MIST
DPTR FM NORMAL: -14.0   DPTR FM NORMAL:   -0.67    2 = FOG REDUCING VISIBILITY
HIGHEST:    43 ON  8    GRTST 24HR  0.73 ON  1- 2      TO 1/4 MILE OR LESS
LOWEST:    -13 ON 20                               3 = THUNDER
                        SNOW, ICE PELLETS, HAIL    4 = ICE PELLETS
                        TOTAL MONTH:  26.4 INCHES  5 = HAIL
                        GRTST 24HR  13.7 ON   M    6 = FREEZING RAIN OR DRIZZLE
                        GRTST DEPTH:  18 ON  2     7 = DUSTSTORM OR SANDSTORM:
                                                       VSBY 1/2 MILE OR LESS
                                                   8 = SMOKE OR HAZE
[NO. OF DAYS WITH]      [WEATHER - DAYS WITH]      9 = BLOWING SNOW
                                                   X = TORNADO
MAX 32 OR BELOW:  25    0.01 INCH OR MORE:  11
MAX 90 OR ABOVE:   0    0.10 INCH OR MORE:   3
MIN 32 OR BELOW:  28    0.50 INCH OR MORE:   1
MIN  0 OR BELOW:  10    1.00 INCH OR MORE:   0

[HDD (BASE 65) ]
TOTAL THIS MO.  1418    CLEAR  (SCALE 0-3)   4
DPTR FM NORMAL   385    PTCLDY (SCALE 4-7)  11
TOTAL FM JUL 1  5111    CLOUDY (SCALE 8-10) 13
DPTR FM NORMAL   558

[CDD (BASE 65) ]
TOTAL THIS MO.     0
DPTR FM NORMAL     0    [PRESSURE DATA]
TOTAL FM JAN 1     0    HIGHEST SLP 30.83 ON 28
DPTR FM NORMAL     0    LOWEST  SLP 29.64 ON 14

[REMARKS]
#FINAL-02-15#
