000
CXUS51 KPBZ 230804
CF6DUJ
PRELIMINARY LOCAL CLIMATOLOGICAL DATA (WS FORM: F-6)

                                          STATION:   DUBOIS
                                          MONTH:     APRIL
                                          YEAR:      2017
                                          LATITUDE:   41 10 N
                                          LONGITUDE:  78 54 W

  TEMPERATURE IN F:       :PCPN:    SNOW:  WIND      :SUNSHINE: SKY     :PK WND
================================================================================
1   2   3   4   5  6A  6B    7    8   9   10  11  12  13   14  15   16   17  18
                                     12Z  AVG MX 2MIN
DY MAX MIN AVG DEP HDD CDD  WTR  SNW DPTH SPD SPD DIR MIN PSBL S-S WX    SPD DR
================================================================================

 1  41  34  38  -3  27   0 0.00  0.0    0 10.4 16 310   M    M  10 1      21 310
 2  58  31  45   4  20   0 0.00    M    M  6.8 15 310   M    M   6 12     26 260
 3  66  41  54  12  11   0 0.20    M    M 10.5 20 120   M    M   5 18     27 120
 4  62  44  53  11  12   0 0.19    M    M 15.0 32 250   M    M   9 18     41 250
 5  65  40  53  10  12   0 0.00    M    M 10.0 21 270   M    M   5        29 300
 6  56  34  45   2  20   0 0.87    M    0 12.6 29 260   M    M  10 18     39 250
 7  34  28  31 -12  34   0 0.05    M    0 13.8 22 290   M    M  10 128    32 290
 8  53  25  39  -5  26   0 0.00  0.0    0 10.0 18 320   M    M   0        25 280
 9  69  29  49   5  16   0 0.00  0.0    0  6.4 16 260   M    M   0        20 250
10  76  53  65  20   0   0 0.00  0.0    0 10.9 25 240   M    M   0        33 240
11  68  53  61  16   4   0 0.07  0.0    0  8.3 25 270   M    M   3 18     34 270
12  60  40  50   5  15   0 0.00  0.0    0  9.2 18 270   M    M   4        24 270
13  56  35  46   0  19   0 0.00  0.0    0  4.7 14  30   M    M   5        17 350
14  68  41  55   9  10   0 0.00  0.0    0  5.8 12 280   M    M   5        16  80
15  76  49  63  16   2   0 0.03    M    0  7.9 22 270   M    M   2 8      29 250
16  76  57  67  20   0   2 0.11  0.0    0 13.6 30 220   M    M   7 13     40 240
17  64  46  55   8  10   0 0.00    M    M  9.4 20 310   M    M   1        26  10
18  67  41  54   6  11   0 0.00  0.0    0  4.2 12 130   M    M   2        18 120
19  64  48  56   8   9   0 0.16    M    M  8.3 16 130   M    M  10 18     25 130
20  73  56  65  17   0   0 0.06  0.0    0  8.0 15 260   M    M   7 13     23 250
21  66  46  56   7   9   0 0.36    M    0  9.7 23 240   M    M   6 18     32 250
22  54  38  46  -3  19   0 0.01    M    0  7.7 17 340   M    M   5        21 330
================================================================================
SM 1372  909       286   2  2.11     0.0 203.2          M      112
================================================================================
AV 62.4 41.3                               9.2 FASTST   M    M   5    MAX(MPH)
                                 MISC ---->  # 32 250               # 41  250
================================================================================
NOTES:
# LAST OF SEVERAL OCCURRENCES

COLUMN 17 PEAK WIND IN M.P.H.

PRELIMINARY LOCAL CLIMATOLOGICAL DATA (WS FORM: F-6) , PAGE 2

                                          STATION:  DUBOIS
                                          MONTH:    APRIL
                                          YEAR:     2017
                                          LATITUDE:   41 10 N
                                          LONGITUDE:  78 54 W

[TEMPERATURE DATA]      [PRECIPITATION DATA]       SYMBOLS USED IN COLUMN 16

AVERAGE MONTHLY: 51.8   TOTAL FOR MONTH:   2.11    1 = FOG OR MIST
DPTR FM NORMAL:   6.7   DPTR FM NORMAL:   -0.43    2 = FOG REDUCING VISIBILITY
HIGHEST:    76 ON 16,15 GRTST 24HR  1.12 ON 31- 1      TO 1/4 MILE OR LESS
LOWEST:     25 ON  8                               3 = THUNDER
                        SNOW, ICE PELLETS, HAIL    4 = ICE PELLETS
                        TOTAL MONTH:   0.0 INCH    5 = HAIL
                        GRTST 24HR     0.0         6 = FREEZING RAIN OR DRIZZLE
                        GRTST DEPTH:   0           7 = DUSTSTORM OR SANDSTORM:
                                                       VSBY 1/2 MILE OR LESS
                                                   8 = SMOKE OR HAZE
[NO. OF DAYS WITH]      [WEATHER - DAYS WITH]      9 = BLOWING SNOW
                                                   X = TORNADO
MAX 32 OR BELOW:   0    0.01 INCH OR MORE:  11
MAX 90 OR ABOVE:   0    0.10 INCH OR MORE:   6
MIN 32 OR BELOW:   4    0.50 INCH OR MORE:   1
MIN  0 OR BELOW:   0    1.00 INCH OR MORE:   0

[HDD (BASE 65) ]
TOTAL THIS MO.   286    CLEAR  (SCALE 0-3)   7
DPTR FM NORMAL  -151    PTCLDY (SCALE 4-7)  10
TOTAL FM JUL 1  5322    CLOUDY (SCALE 8-10)  5
DPTR FM NORMAL -1073

[CDD (BASE 65) ]
TOTAL THIS MO.     2
DPTR FM NORMAL     2    [PRESSURE DATA]
TOTAL FM JAN 1     2    HIGHEST SLP M ON M
DPTR FM NORMAL     2    LOWEST  SLP 29.28 ON  6

[REMARKS]
