000
CXUS54 KMAF 271100
CF6E38
PRELIMINARY LOCAL CLIMATOLOGICAL DATA (WS FORM: F-6)

                                          STATION:   Alpine-Casparis Municipal
                                          MONTH:     APRIL
                                          YEAR:      2017
                                          LATITUDE:   30 23 N
                                          LONGITUDE: 103 41 W

  TEMPERATURE IN F:       :PCPN:    SNOW:  WIND      :SUNSHINE: SKY     :PK WND
================================================================================
1   2   3   4   5  6A  6B    7    8   9   10  11  12  13   14  15   16   17  18
                                     12Z  AVG MX 2MIN
DY MAX MIN AVG DEP HDD CDD  WTR  SNW DPTH SPD SPD DIR MIN PSBL S-S WX    SPD DR
================================================================================

 1  73  45  59   M   6   0 0.00  0.0    0  8.4 17  40   M    M   6        24  40
 2  59  40  50   M  15   0 0.45    M    0 11.9 23 270   M    M   7 3      29 270
 3  75  48  62   M   3   0 0.00  0.0    0 11.2 18 250   M    M   0        23 250
 4  77  49  63   M   2   0 0.00  0.0    0 18.9 33 280   M    M   0        44 260
 5  64  36  50   M  15   0 0.00  0.0    0  6.7 14  30   M    M   0        18  20
 6  76  38  57   M   8   0 0.00  0.0    0  6.5 13 170   M    M   0        18 170
 7  85  43  64   M   1   0 0.00  0.0    0  7.5 14 190   M    M   0        21 250
 8  89  54  72   M   0   7 0.00  0.0    0  9.5 16 220   M    M   0        23 220
 9  88  55  72   M   0   7 0.00  0.0    0  8.0 16 260   M    M   0        28 250
10  82  48  65   M   0   0 0.00  0.0    0  6.8 13  30   M    M   0        17  50
11  80  56  68   M   0   3 0.00  0.0    0  8.0 14  80   M    M   5        22  80
12  83  58  71   M   0   6 0.22  0.0    0 10.8 23 130   M    M   3 3      31 130
13  78  55  67   M   0   2 0.22  0.0    0  8.5 16 170   M    M   4 3      23 170
14  83  57  70   M   0   5 0.00  0.0    0  8.3 17 200   M    M   0        23 160
15  85  59  72   M   0   7 0.00  0.0    0  5.1 10 240   M    M   0         M  M
16  84  55  70   M   0   5 0.01  0.0    0  8.2 28 110   M    M   2 3      33 110
17  82  47  65   M   0   0 0.00  0.0    0  7.2 27 260   M    M   1        41 260
18  88  55  72   M   0   7 0.00  0.0    0  8.0 17 140   M    M   0        23 140
19  91  58  75   M   0  10 0.00  0.0    0  8.0 13 270   M    M   0        22 300
20  87  54  71   M   0   6 0.00  0.0    0  8.0 16  80   M    M   0        24  80
21  91  58  75   M   0  10 0.00  0.0    0 10.5 17 270   M    M   0        23 270
22  64  47  56   M   9   0 0.00  0.0    0 11.2 20  20   M    M   4        29  20
23  76  36  56   M   9   0 0.00  0.0    0  6.2 12 170   M    M   0         M  M
24  91  55  73   M   0   8 0.00  0.0    0 10.8 18 250   M    M   0        28 250
25  91  67  79   M   0  14 0.00  0.0    0 15.2 25 250   M    M   0        33 230
26  78  51  65   M   0   0 0.00  0.0    0 12.7 24 320   M    M   3        32 320
================================================================================
SM 2100 1324        68  97  0.90     0.0 242.1          M       35
================================================================================
AV 80.8 50.9                               9.3 FASTST   M    M   1    MAX(MPH)
                                 MISC ---->  # 33 280               # 44  260
================================================================================
NOTES:
# LAST OF SEVERAL OCCURRENCES

COLUMN 17 PEAK WIND IN M.P.H.

PRELIMINARY LOCAL CLIMATOLOGICAL DATA (WS FORM: F-6) , PAGE 2

                                          STATION:  Alpine-Casparis Municipal
                                          MONTH:    APRIL
                                          YEAR:     2017
                                          LATITUDE:   30 23 N
                                          LONGITUDE: 103 41 W

[TEMPERATURE DATA]      [PRECIPITATION DATA]       SYMBOLS USED IN COLUMN 16

AVERAGE MONTHLY: 65.9   TOTAL FOR MONTH:   0.90    1 = FOG OR MIST
DPTR FM NORMAL:     M   DPTR FM NORMAL:       M    2 = FOG REDUCING VISIBILITY
HIGHEST:    91 ON 25,24 GRTST 24HR  0.45 ON  2- 2      TO 1/4 MILE OR LESS
LOWEST:     36 ON 23, 5                            3 = THUNDER
                        SNOW, ICE PELLETS, HAIL    4 = ICE PELLETS
                        TOTAL MONTH:   0.0 INCH    5 = HAIL
                        GRTST 24HR     0.0         6 = FREEZING RAIN OR DRIZZLE
                        GRTST DEPTH:   0           7 = DUSTSTORM OR SANDSTORM:
                                                       VSBY 1/2 MILE OR LESS
                                                   8 = SMOKE OR HAZE
[NO. OF DAYS WITH]      [WEATHER - DAYS WITH]      9 = BLOWING SNOW
                                                   X = TORNADO
MAX 32 OR BELOW:   0    0.01 INCH OR MORE:   4
MAX 90 OR ABOVE:   4    0.10 INCH OR MORE:   3
MIN 32 OR BELOW:   0    0.50 INCH OR MORE:   0
MIN  0 OR BELOW:   0    1.00 INCH OR MORE:   0

[HDD (BASE 65) ]
TOTAL THIS MO.    68    CLEAR  (SCALE 0-3)  20
DPTR FM NORMAL     M    PTCLDY (SCALE 4-7)   6
TOTAL FM JUL 1  1743    CLOUDY (SCALE 8-10)  0
DPTR FM NORMAL     M

[CDD (BASE 65) ]
TOTAL THIS MO.    97
DPTR FM NORMAL     M    [PRESSURE DATA]
TOTAL FM JAN 1   179    HIGHEST SLP M ON M
DPTR FM NORMAL     M    LOWEST  SLP M ON M

[REMARKS]
