000
CXUS56 KOTX 011500
CF6EAT
PRELIMINARY LOCAL CLIMATOLOGICAL DATA (WS FORM: F-6)

                                          STATION:   WENATCHEE WA PANGBORN FIELD
                                          MONTH:     SEPTEMBER
                                          YEAR:      2016
                                          LATITUDE:   47 23 N
                                          LONGITUDE: 120 12 W

  TEMPERATURE IN F:       :PCPN:    SNOW:  WIND      :SUNSHINE: SKY     :PK WND
================================================================================
1   2   3   4   5  6A  6B    7    8   9   10  11  12  13   14  15   16   17  18
                                     12Z  AVG MX 2MIN
DY MAX MIN AVG DEP HDD CDD  WTR  SNW DPTH SPD SPD DIR MIN PSBL S-S WX    SPD DR
================================================================================

 1  73  52  63  -6   2   0    T    M    M  7.6 21 320   M    M   3        26 320
 2  70  46  58 -11   7   0    T    M    M  6.2 21 250   M    M   2 3      28 250
 3  72  48  60  -9   5   0 0.00    M    M  7.6 12 340   M    M   1        16 280
 4  75  50  63  -5   2   0 0.00    M    M  9.4 17 330   M    M   2        21 320
 5  74  49  62  -6   3   0 0.00    M    M  6.6 16 300   M    M   1        20 320
 6  73  53  63  -5   2   0 0.04    M    M  7.3 16 130   M    M   4        20 330
 7  77  50  64  -4   1   0 0.00    M    M  7.2 22 300   M    M   1        26 310
 8  77  51  64  -3   1   0 0.00    M    M 12.2 38 300   M    M   0        46 310
 9  77  47  62  -5   3   0 0.00    M    M  7.7 14 290   M    M   0        17 140
10  87  50  69   3   0   4 0.00    M    M  7.9 22 250   M    M   0        27 270
11  76  57  67   1   0   2 0.00    M    M 13.6 28  30   M    M   1        37  30
12  73  50  62  -4   3   0 0.00    M    M  6.0 18  80   M    M   1        25  20
13  75  44  60  -6   5   0 0.00    M    M  5.7 15 240   M    M   0        19 250
14  82  50  66   1   0   1 0.00    M    M  7.8 14 320   M    M   0        17 330
15  82  57  70   5   0   5 0.00    M    M  7.3 15 120   M    M   0        20 340
16  81  55  68   4   0   3 0.00    M    M  6.7 14 290   M    M   0        18 290
17  74  59  67   3   0   2    T    M    M 10.7 28 270   M    M   1        34 270
18  75  55  65   1   0   0 0.00    M    M  7.2 18 270   M    M   2        22 290
19  71  48  60  -3   5   0 0.00    M    M 10.4 26 250   M    M   2        33 290
20  69  43  56  -7   9   0 0.00    M    M  7.3 14 320   M    M   0        20 230
21  72  45  59  -3   6   0 0.00    M    M  8.7 15 260   M    M   3 3      23 280
22  74  49  62   0   3   0 0.00    M    M  7.7 16 310   M    M   1        20 310
23  64  52  58  -4   7   0 0.01    M    M  5.5 14 310   M    M   4        18 320
24  72  49  61   0   4   0 0.00    M    M  7.1 16 280   M    M   2        19 330
25  79  57  68   7   0   3 0.00    M    M  6.7 14 310   M    M   2        17 300
26  82  52  67   7   0   2 0.00    M    M  4.4 13 320   M    M   0 8      15 320
27  81  59  70  10   0   5 0.00    M    M  9.2 21 310   M    M   0        26 280
28  79  53  66   6   0   1 0.00    M    M  5.8 12 270   M    M   0        13 280
29  79  51  65   6   0   0 0.00    M    M  6.5 16 340   M    M   0 8      20 340
30  71  56  64   5   1   0    T    M    M  9.8 18 320   M    M   2        22 330
================================================================================
SM 2266 1537        69  28  0.05    M    233.8          M       35
================================================================================
AV 75.5 51.2                               7.8 FASTST   M    M   1    MAX(MPH)
                                 MISC ---->  # 38 300               # 46  310
================================================================================
NOTES:
# LAST OF SEVERAL OCCURRENCES

COLUMN 17 PEAK WIND IN M.P.H.

PRELIMINARY LOCAL CLIMATOLOGICAL DATA (WS FORM: F-6) , PAGE 2

                                          STATION:  WENATCHEE WA PANGBORN FIELD
                                          MONTH:    SEPTEMBER
                                          YEAR:     2016
                                          LATITUDE:   47 23 N
                                          LONGITUDE: 120 12 W

[TEMPERATURE DATA]      [PRECIPITATION DATA]       SYMBOLS USED IN COLUMN 16

AVERAGE MONTHLY: 63.4   TOTAL FOR MONTH:   0.05    1 = FOG OR MIST
DPTR FM NORMAL:  -1.0   DPTR FM NORMAL:   -0.29    2 = FOG REDUCING VISIBILITY
HIGHEST:    87 ON 10    GRTST 24HR  0.04 ON  6- 6      TO 1/4 MILE OR LESS
LOWEST:     43 ON 20                               3 = THUNDER
                        SNOW, ICE PELLETS, HAIL    4 = ICE PELLETS
                        TOTAL MONTH:    M          5 = HAIL
                        GRTST 24HR    M  ON   M    6 = FREEZING RAIN OR DRIZZLE
                        GRTST DEPTH:  M  ON   M    7 = DUSTSTORM OR SANDSTORM:
                                                       VSBY 1/2 MILE OR LESS
                                                   8 = SMOKE OR HAZE
[NO. OF DAYS WITH]      [WEATHER - DAYS WITH]      9 = BLOWING SNOW
                                                   X = TORNADO
MAX 32 OR BELOW:   0    0.01 INCH OR MORE:   2
MAX 90 OR ABOVE:   0    0.10 INCH OR MORE:   0
MIN 32 OR BELOW:   0    0.50 INCH OR MORE:   0
MIN  0 OR BELOW:   0    1.00 INCH OR MORE:   0

[HDD (BASE 65) ]
TOTAL THIS MO.    69    CLEAR  (SCALE 0-3)  27
DPTR FM NORMAL   -29    PTCLDY (SCALE 4-7)   3
TOTAL FM JUL 1    73    CLOUDY (SCALE 8-10)  0
DPTR FM NORMAL   -39

[CDD (BASE 65) ]
TOTAL THIS MO.    28
DPTR FM NORMAL    26    [PRESSURE DATA]
TOTAL FM JAN 1   801    HIGHEST SLP 30.37 ON 25
DPTR FM NORMAL    11    LOWEST  SLP 29.76 ON 17

[REMARKS]
#FINAL-09-16#
