000
CXUS53 KMPX 281000
CF6EAU
PRELIMINARY LOCAL CLIMATOLOGICAL DATA (WS FORM: F-6)

                                          STATION:   EAU CLAIRE WI
                                          MONTH:     MAY
                                          YEAR:      2016
                                          LATITUDE:   44 52 N
                                          LONGITUDE:  91 29 W

  TEMPERATURE IN F:       :PCPN:    SNOW:  WIND      :SUNSHINE: SKY     :PK WND
================================================================================
1   2   3   4   5  6A  6B    7    8   9   10  11  12  13   14  15   16   17  18
                                     12Z  AVG MX 2MIN
DY MAX MIN AVG DEP HDD CDD  WTR  SNW DPTH SPD SPD DIR MIN PSBL S-S WX    SPD DR
================================================================================

 1  65  42  54   1  11   0 0.00  0.0    0  8.4 17  70   M    M   5        24  60
 2  66  35  51  -2  14   0 0.00  0.0    0  3.3 10 240   M    M   3        13 230
 3  70  41  56   2   9   0 0.15  0.0    0 10.1 26 360   M    M   3 3      36 360
 4  64  39  52  -2  13   0 0.00  0.0    0 11.3 22 340   M    M   0        31 360
 5  70  30  50  -4  15   0 0.00  0.0    0  4.5 14 210   M    M   1        18 220
 6  90  46  68  13   0   3 0.11  0.0    0  8.0 23 340   M    M   1 3      35 340
 7  70  43  57   2   8   0 0.00  0.0    0  9.2 18 350   M    M   1 8      26  20
 8  72  40  56   1   9   0 0.00  0.0    0  3.2 15  20   M    M   0        22 360
 9  71  47  59   3   6   0 0.00  0.0    0 14.1 28 120   M    M   5        34 120
10  57  47  52  -4  13   0 0.27  0.0    0 10.8 20 100   M    M  10 1      27 110
11  57  48  53  -3  12   0 0.30  0.0    0  5.6 12 150   M    M  10 1      15 160
12  64  49  57   1   8   0 0.00  0.0    0  9.5 21 280   M    M   9 1      27 270
13  51  39  45 -12  20   0 0.14  0.0    0 11.7 18 290   M    M   8        32 300
14  48  30  39 -18  26   0 0.00  0.0    0 10.8 21 310   M    M   7        28 330
15  62  27  45 -12  20   0 0.00  0.0    0 10.6 21 320   M    M   2        27 310
16  63  43  53  -5  12   0 0.00  0.0    0  6.8 15 360   M    M   4        20  10
17  64  35  50  -8  15   0 0.00  0.0    0  6.5 17  60   M    M   3        24  60
18  69  31  50  -8  15   0 0.00  0.0    0  2.8 13  80   M    M   0        17  30
19  74  36  55  -3  10   0 0.00  0.0    0  4.8 17 180   M    M   1 1      23 170
20  76  40  58  -1   7   0 0.00  0.0    0  3.7 15 160   M    M   2        20 190
21  81  44  63   4   2   0 0.00  0.0    0  3.0 10  50   M    M   0 1      20 270
22  84  45  65   6   0   0 0.00  0.0    0  5.3 18 190   M    M   0 1      24 220
23  85  58  72  12   0   7 0.14  0.0    0 11.6 28 180   M    M   2 13     36 190
24  84  57  71  11   0   6 0.02  0.0    0  5.5 15 240   M    M   4 3      20 270
25  79  55  67   7   0   2 1.27  0.0    0  5.0 26 190   M    M   3 123    36 190
26  81  56  69   8   0   4 0.14  0.0    0  6.3 20 210   M    M   4 12     25 200
27  73  57  65   4   0   0 0.28  0.0    0  4.7 17 160   M    M   7 1      20 150
================================================================================
SM 1890 1160       245  22  2.82     0.0 197.1          M       95
================================================================================
AV 70.0 43.0                               7.3 FASTST   M    M   4    MAX(MPH)
                                 MISC ---->  # 28 120               # 36  360
================================================================================
NOTES:
# LAST OF SEVERAL OCCURRENCES

COLUMN 17 PEAK WIND IN M.P.H.

PRELIMINARY LOCAL CLIMATOLOGICAL DATA (WS FORM: F-6) , PAGE 2

                                          STATION:  EAU CLAIRE WI
                                          MONTH:    MAY
                                          YEAR:     2016
                                          LATITUDE:   44 52 N
                                          LONGITUDE:  91 29 W

[TEMPERATURE DATA]      [PRECIPITATION DATA]       SYMBOLS USED IN COLUMN 16

AVERAGE MONTHLY: 56.5   TOTAL FOR MONTH:   2.82    1 = FOG OR MIST
DPTR FM NORMAL:  -0.5   DPTR FM NORMAL:   -0.16    2 = FOG REDUCING VISIBILITY
HIGHEST:    90 ON  6    GRTST 24HR  1.41 ON 25-26      TO 1/4 MILE OR LESS
LOWEST:     27 ON 15                               3 = THUNDER
                        SNOW, ICE PELLETS, HAIL    4 = ICE PELLETS
                        TOTAL MONTH:   0.0 INCH    5 = HAIL
                        GRTST 24HR     0.0         6 = FREEZING RAIN OR DRIZZLE
                        GRTST DEPTH:   0           7 = DUSTSTORM OR SANDSTORM:
                                                       VSBY 1/2 MILE OR LESS
                                                   8 = SMOKE OR HAZE
[NO. OF DAYS WITH]      [WEATHER - DAYS WITH]      9 = BLOWING SNOW
                                                   X = TORNADO
MAX 32 OR BELOW:   0    0.01 INCH OR MORE:  10
MAX 90 OR ABOVE:   1    0.10 INCH OR MORE:   9
MIN 32 OR BELOW:   4    0.50 INCH OR MORE:   1
MIN  0 OR BELOW:   0    1.00 INCH OR MORE:   1

[HDD (BASE 65) ]
TOTAL THIS MO.   245    CLEAR  (SCALE 0-3)  15
DPTR FM NORMAL     8    PTCLDY (SCALE 4-7)   8
TOTAL FM JUL 1  6811    CLOUDY (SCALE 8-10)  4
DPTR FM NORMAL -1066

[CDD (BASE 65) ]
TOTAL THIS MO.    22
DPTR FM NORMAL     1    [PRESSURE DATA]
TOTAL FM JAN 1    26    HIGHEST SLP M ON M
DPTR FM NORMAL     1    LOWEST  SLP 29.68 ON  6

[REMARKS]
